{"id":124,"date":"2019-06-19T08:59:36","date_gmt":"2019-06-19T05:59:36","guid":{"rendered":"https:\/\/esamksupport.samk.fi\/ohje\/?page_id=124"},"modified":"2024-10-22T12:38:43","modified_gmt":"2024-10-22T09:38:43","slug":"moodle-opettaja-kurssin-kopiointi","status":"publish","type":"page","link":"https:\/\/esamksupport.samk.fi\/ohje\/moodle-opettaja-kurssin-kopiointi\/","title":{"rendered":"Moodle &gt; Opettaja &gt; Kurssin kopiointi"},"content":{"rendered":"\n<p>Kun haluat tehd\u00e4 kurssikopion aiemmasta kurssista, tilaa ensin uusi kurssialue <strong><a href=\"https:\/\/esamksupport.samk.fi\/ohje\/moodle-opettaja-kurssipohjatilaus\/\" target=\"_blank\" rel=\"noreferrer noopener\">Kurssipohjatilaus<\/a><\/strong>-ohjeen<strong> <\/strong>mukaisesti. Kun uusi kurssipohja on hyv\u00e4ksytty ja perustettu, voidaan kurssille kopioida sis\u00e4lt\u00f6\u00e4 <strong>Tuo<\/strong>-toiminnolla tai varmuuskopioida <strong>Palauta<\/strong>-toiminnon kautta.<\/p>\n\n\n\n<p><strong>PALAUTA VARMUUSKOPIO VAIN TYHJ\u00c4LLE KURSSIPOHJALLE YHTEENSOPIVUUDEN VUOKSI<\/strong>.<\/p>\n\n\n\n<h3 class=\"wp-block-heading\">TUO-TOIMINTO UUDESSA MOODLESSA<\/h3>\n\n\n\n<p>Voit helposti&nbsp;tuoda&nbsp;sis\u00e4lt\u00f6\u00e4 uudelle kurssipohjalle&nbsp;uuden Moodle4:sen sis\u00e4ll\u00e4&nbsp;k\u00e4ytt\u00e4m\u00e4ll\u00e4 toimintoa <strong>Tuo<\/strong>. K\u00e4yt\u00e4 kuitenkin&nbsp;<strong>palauta<\/strong>-metodia&nbsp;tuodessasi vanhasta Moodlesta kurssikopioita.<\/p>\n\n\n\n<p><strong>JOTTA VOIT K\u00c4YTT\u00c4\u00c4 TUO TOIMINTOA:<\/strong><\/p>\n\n\n\n<p><strong>1. TILAA ENSIN UUSI KURSSIPOHJA<\/strong><\/p>\n\n\n\n<p><strong>2. MENE UUDELLE KURSSIPOHJALLE<\/strong><\/p>\n\n\n\n<p><strong>3. TUO VANHASTA KURSSIPOHJASTA KURSSI<\/strong><\/p>\n\n\n\n<p>Voit tyhj\u00e4ll\u00e4 kurssipohjalla ollessassi tuoda toisilta&nbsp;<strong>omilta<\/strong>&nbsp;kursseiltasi sis\u00e4lt\u00f6\u00e4 tyhj\u00e4lle kurssipohjalle. Valitse <strong>Lis\u00e4\u00e4 &gt; Kurssin uudelleenk\u00e4ytt\u00f6<\/strong>.<\/p>\n\n\n<div class=\"wp-block-image\">\n<figure class=\"aligncenter size-full is-resized\"><img loading=\"lazy\" decoding=\"async\" width=\"1084\" height=\"808\" src=\"https:\/\/esamksupport.samk.fi\/ohje\/wp-content\/uploads\/sites\/3\/2024\/07\/uudelleenkaytto-1.png\" alt=\"\" class=\"wp-image-3855\" style=\"width:792px;height:auto\" srcset=\"https:\/\/esamksupport.samk.fi\/ohje\/wp-content\/uploads\/sites\/3\/2024\/07\/uudelleenkaytto-1.png 1084w, https:\/\/esamksupport.samk.fi\/ohje\/wp-content\/uploads\/sites\/3\/2024\/07\/uudelleenkaytto-1-768x572.png 768w\" sizes=\"auto, (max-width: 1084px) 100vw, 1084px\" \/><\/figure>\n<\/div>\n\n\n<p><\/p>\n\n\n\n<p>Seuraavassa kohdassa valitse <strong>Tuo<\/strong>. T\u00e4m\u00e4n j\u00e4lkeen voit hakea sek\u00e4 valita oman kurssin, jolta haluat tuoda sis\u00e4lt\u00f6\u00e4 kurssipohjalle.<\/p>\n\n\n\n<figure class=\"wp-block-image size-full is-resized\"><img loading=\"lazy\" decoding=\"async\" width=\"957\" height=\"727\" src=\"https:\/\/esamksupport.samk.fi\/ohje\/wp-content\/uploads\/sites\/3\/2024\/07\/uudelleenkaytto-2.png\" alt=\"\" class=\"wp-image-3856\" style=\"width:742px;height:auto\" srcset=\"https:\/\/esamksupport.samk.fi\/ohje\/wp-content\/uploads\/sites\/3\/2024\/07\/uudelleenkaytto-2.png 957w, https:\/\/esamksupport.samk.fi\/ohje\/wp-content\/uploads\/sites\/3\/2024\/07\/uudelleenkaytto-2-768x583.png 768w\" sizes=\"auto, (max-width: 957px) 100vw, 957px\" \/><\/figure>\n\n\n\n<p>Seuraavissa kohdissa voit valita erikseen mit\u00e4 haluat tuoda kurssilta uudelle kurssipohjalle. Voit my\u00f6s suoraan hyp\u00e4t\u00e4 viimeiseen vaiheeseen ja suorittaa tuonnin loppuun.<\/p>\n\n\n\n<p>Oletuksena kaikki tuodaan kurssille. Kurssilta on helpompi valita ja p\u00e4\u00e4tt\u00e4\u00e4, mit\u00e4 pit\u00e4\u00e4 ja mit\u00e4 ei. Kun Moodle ilmoittaa onnistuneesta tuonnista, paina <strong>Jatka<\/strong>. P\u00e4\u00e4dyt uudelle kurssipohjalle, johon sis\u00e4lt\u00f6 on nyt tuotu.<\/p>\n\n\n\n<h2 class=\"wp-block-heading\">VARMUUSKOPIOINTI<\/h2>\n\n\n\n<p>Kurssi voidaan my\u00f6s varmuuskopioida eri syist\u00e4. Esimerkiksi ennen suurta muutoksen tekemist\u00e4 kurssille tai eri versioiden tallentamiseksi. Varmuuskopion pystyy ottamaan kurssista kuten kurssia tilatessa. Valitse kurssilla <strong>Lis\u00e4\u00e4 &gt; Kurssin uudelleenk\u00e4ytt\u00f6 &gt; Varmuuskopiointi<\/strong>.<\/p>\n\n\n\n<p><strong>Varmuuskopion ottaminen:<\/strong><\/p>\n\n\n\n<figure class=\"wp-block-image size-full is-resized\"><img loading=\"lazy\" decoding=\"async\" width=\"1240\" height=\"997\" src=\"https:\/\/esamksupport.samk.fi\/ohje\/wp-content\/uploads\/sites\/3\/2024\/07\/uudelleenkaytto-3.png\" alt=\"\" class=\"wp-image-3857\" style=\"width:886px;height:auto\" srcset=\"https:\/\/esamksupport.samk.fi\/ohje\/wp-content\/uploads\/sites\/3\/2024\/07\/uudelleenkaytto-3.png 1240w, https:\/\/esamksupport.samk.fi\/ohje\/wp-content\/uploads\/sites\/3\/2024\/07\/uudelleenkaytto-3-768x617.png 768w\" sizes=\"auto, (max-width: 1240px) 100vw, 1240px\" \/><\/figure>\n\n\n\n<p>Valitse haluatko varmuuskopioida koko kurssin vai vain tietyt asiat. Siirry viimeiseen vaiheeseen joko <strong>Seuraava <\/strong>-napilla jokaisen vaiheen kautta tai hypp\u00e4\u00e4 sinne suoraan napista <strong>Hypp\u00e4\u00e4 suoraan viimeiseen vaiheeseen<\/strong>.<\/p>\n\n\n\n<p><strong>Ota huomioon<\/strong>&nbsp;varmuuskopioida tehdess\u00e4si, ett\u00e4 uuden Moodlen tiedostokoko on rajoitettu varmuuskopioiden osalta&nbsp;<strong>300MB<\/strong>, joten jos opintojaksollasi on videoita, n\u00e4m\u00e4 pit\u00e4\u00e4 j\u00e4tt\u00e4\u00e4 pois varmuuskopiosta.<\/p>\n\n\n\n<p>Kurssin varmuuskopio l\u00f6ytyy t\u00e4m\u00e4n j\u00e4lkeen&nbsp;k\u00e4ytt\u00e4j\u00e4n yksityiselt\u00e4 varmuuskopioalueelta&nbsp;Moodlesta, joka l\u00f6ytyy&nbsp;kohdasta&nbsp;<strong>Lis\u00e4\u00e4 &gt; Kurssin uudelleenk\u00e4ytt\u00f6 &gt; Palauta<\/strong>:<\/p>\n\n\n\n<figure class=\"wp-block-image size-full is-resized\"><img loading=\"lazy\" decoding=\"async\" width=\"905\" height=\"170\" src=\"https:\/\/esamksupport.samk.fi\/ohje\/wp-content\/uploads\/sites\/3\/2024\/08\/uudelleenkaytto-8-1.png\" alt=\"\" class=\"wp-image-3961\" style=\"width:631px;height:auto\" srcset=\"https:\/\/esamksupport.samk.fi\/ohje\/wp-content\/uploads\/sites\/3\/2024\/08\/uudelleenkaytto-8-1.png 905w, https:\/\/esamksupport.samk.fi\/ohje\/wp-content\/uploads\/sites\/3\/2024\/08\/uudelleenkaytto-8-1-768x144.png 768w\" sizes=\"auto, (max-width: 905px) 100vw, 905px\" \/><\/figure>\n\n\n\n<p>Voit ladata varmuuskopion tietokoneellesi kohdasta <strong>Lataa<\/strong>, tai s\u00e4ilytt\u00e4\u00e4 t\u00e4t\u00e4 Moodlessa.<\/p>\n\n\n\n<p><\/p>\n\n\n\n<h4 class=\"wp-block-heading\">VARMUUSKOPIOI POHJA VANHASTA MOODLESTA<\/h4>\n\n\n\n<p>Kurssin kopioit<strong> <\/strong>vanhasta Moodlesta (Moodle 3), tekem\u00e4ll\u00e4 varmuuskopion.<\/p>\n\n\n\n<p>Mene <strong>kurssisivulla <\/strong>kohtaan <strong>Asetukset &gt; Varmuuskopiointi:<\/strong><\/p>\n\n\n\n<figure class=\"wp-block-image size-full is-resized\"><img loading=\"lazy\" decoding=\"async\" width=\"1225\" height=\"1048\" src=\"https:\/\/esamksupport.samk.fi\/ohje\/wp-content\/uploads\/sites\/3\/2024\/08\/uudelleenkaytto-7.png\" alt=\"\" class=\"wp-image-3962\" style=\"width:742px;height:auto\" srcset=\"https:\/\/esamksupport.samk.fi\/ohje\/wp-content\/uploads\/sites\/3\/2024\/08\/uudelleenkaytto-7.png 1225w, https:\/\/esamksupport.samk.fi\/ohje\/wp-content\/uploads\/sites\/3\/2024\/08\/uudelleenkaytto-7-768x657.png 768w\" sizes=\"auto, (max-width: 1225px) 100vw, 1225px\" \/><\/figure>\n\n\n\n<p><strong>Osallistujatietoja ei koskaan kopioida pohjasta toiseen!<\/strong><\/p>\n\n\n\n<p>T\u00e4m\u00e4n j\u00e4lkeen valitse alhaalta <strong>Hypp\u00e4\u00e4 suoraan viimeiseen vaiheeseen<\/strong>.<\/p>\n\n\n\n<p><strong><em>Ota huomioon<\/em><\/strong>&nbsp;varmuuskopiota tehdess\u00e4si, ett\u00e4 uuden Moodlen tiedostokoko on rajoitettu varmuuskopioiden osalta <strong>300MB<\/strong>, joten jos opintojaksollasi on videoita, n\u00e4m\u00e4 pit\u00e4\u00e4 j\u00e4tt\u00e4\u00e4 pois varmuuskopiosta. T\u00e4ss\u00e4 tapauksessa&nbsp;<strong>et hypp\u00e4\u00e4 suoraan viimeiseen vaiheeseen<\/strong>, vaan painat&nbsp;<strong>seuraava&nbsp;<\/strong>ja otat&nbsp;valintaruksit&nbsp;<strong>pois<\/strong>&nbsp;videoista yms. raskaista tiedostoista, jotta varmuuskopion tiedostokoko pysyy kurissa. Kun varmuuskopiointi on valmis, paina <strong>Jatka<\/strong>.<\/p>\n\n\n\n<p>Jos kurssisi varmuuskopiotiedoston koko on yli 300MB, opintojaksolta pit\u00e4\u00e4 poistaa muita suuria tiedostoja, kuten videoita. Voit ottaa yhteytt\u00e4 <a href=\"mailto:esamk.support@samk.fi\">esamk.support@samk.fi<\/a> ongelmien esiintyess\u00e4.<\/p>\n\n\n\n<p>Kurssista muodostuu t\u00e4m\u00e4n j\u00e4lkeen varmuuskopiotiedosto Moodleen. Varmuuskopioinnin j\u00e4lkeen Moodle ohjaa sinut kurssin palautukseen, josta p\u00e4\u00e4set lataamaan kurssin tietokoneellesi.<\/p>\n\n\n\n<p>Selaamalla sivua hieman alasp\u00e4in, l\u00f6yd\u00e4t kohdan <strong>K\u00e4ytt\u00e4j\u00e4n yksityinen varmuuskopioalue<\/strong>.<\/p>\n\n\n\n<p>Lataa omalle koneellesi viimeisin, eli ylin varmuuskopiotiedosto <strong>Lataa <\/strong>-painikkeella.<\/p>\n\n\n\n<figure class=\"wp-block-image size-full is-resized\"><img loading=\"lazy\" decoding=\"async\" width=\"905\" height=\"170\" src=\"https:\/\/esamksupport.samk.fi\/ohje\/wp-content\/uploads\/sites\/3\/2024\/08\/uudelleenkaytto-8.png\" alt=\"\" class=\"wp-image-3958\" style=\"width:678px;height:auto\" srcset=\"https:\/\/esamksupport.samk.fi\/ohje\/wp-content\/uploads\/sites\/3\/2024\/08\/uudelleenkaytto-8.png 905w, https:\/\/esamksupport.samk.fi\/ohje\/wp-content\/uploads\/sites\/3\/2024\/08\/uudelleenkaytto-8-768x144.png 768w\" sizes=\"auto, (max-width: 905px) 100vw, 905px\" \/><\/figure>\n\n\n\n<p>T\u00e4m\u00e4n j\u00e4lkeen kurssitiedosto on latautunut koneellesi ja oletussijainti t\u00e4lle on&nbsp;<strong>ladatut tiedostot<\/strong>&nbsp;-kansio (Downloads).<\/p>\n\n\n\n<p>Siirry nyt&nbsp;uuteen Moodleen (Moodle 4)&nbsp;tilaamallesi tyhj\u00e4lle kurssipohjalle, jonne haluat tuoda juuri varmuuskopioimasi tiedostot.&nbsp;Voit&nbsp;tuoda varmuuskopion uudelle kurssille kohdasta <strong>Lis\u00e4\u00e4 &gt; Kurssin uudelleenk\u00e4ytt\u00f6 &gt; Palauta<\/strong>.<\/p>\n\n\n\n<p>Mene Moodle 4:ss\u00e4 kohtaan <strong>Palauta &gt; Tuo varmuuskopiotiedosto &gt; Valitse tiedosto&#8230;<\/strong><\/p>\n\n\n\n<figure class=\"wp-block-image size-full is-resized\"><img loading=\"lazy\" decoding=\"async\" width=\"953\" height=\"569\" src=\"https:\/\/esamksupport.samk.fi\/ohje\/wp-content\/uploads\/sites\/3\/2024\/08\/uudelleenkaytto-5-1.png\" alt=\"\" class=\"wp-image-3963\" style=\"width:712px;height:auto\" srcset=\"https:\/\/esamksupport.samk.fi\/ohje\/wp-content\/uploads\/sites\/3\/2024\/08\/uudelleenkaytto-5-1.png 953w, https:\/\/esamksupport.samk.fi\/ohje\/wp-content\/uploads\/sites\/3\/2024\/08\/uudelleenkaytto-5-1-768x458.png 768w\" sizes=\"auto, (max-width: 953px) 100vw, 953px\" \/><\/figure>\n\n\n\n<p>Navigoi aukeavassa ikkunassa varmuuskopiotiedoston luokse (oletus on This Computer\/Downloads) ja valitse tiedosto. Paina t\u00e4m\u00e4n j\u00e4lkeen <strong>Palauta<\/strong>. Seuraavalla sivulla valitse alhaalta&nbsp;<strong>Jatka<\/strong>.<\/p>\n\n\n\n<p>Seuraavaksi valitse <strong>Yhdist\u00e4 varmuuskopioitu kurssi t\u00e4h\u00e4n kurssiin<\/strong> ja t\u00e4m\u00e4n j\u00e4lkeen taas&nbsp;<strong>Jatka<\/strong>. <\/p>\n\n\n\n<p>Yhdist\u00e4m\u00e4ll\u00e4 varmistat, ett\u00e4 m\u00e4\u00e4ritetty kurssiavain uudella tyhj\u00e4ll\u00e4 pohjalla j\u00e4\u00e4 voimaan, eik\u00e4 varmuuskopioidun pohjan avain yliaja t\u00e4t\u00e4. Uusi kurssipohja t\u00e4ydennet\u00e4\u00e4n siis varmuuskopiolla.<\/p>\n\n\n<div class=\"wp-block-image\">\n<figure class=\"aligncenter size-large is-resized\"><img loading=\"lazy\" decoding=\"async\" width=\"856\" height=\"477\" src=\"https:\/\/esamksupport.samk.fi\/ohje\/wp-content\/uploads\/sites\/3\/2024\/07\/uudelleenkaytto-6-856x477.png\" alt=\"\" class=\"wp-image-3861\" style=\"width:828px;height:auto\" srcset=\"https:\/\/esamksupport.samk.fi\/ohje\/wp-content\/uploads\/sites\/3\/2024\/07\/uudelleenkaytto-6.png 856w, https:\/\/esamksupport.samk.fi\/ohje\/wp-content\/uploads\/sites\/3\/2024\/07\/uudelleenkaytto-6-768x427.png 768w\" sizes=\"auto, (max-width: 856px) 100vw, 856px\" \/><\/figure>\n<\/div>\n\n\n<p>Siirry eteenp\u00e4in painamalla <strong>Seuraava<\/strong>. Varmista sivulla <em>&#8221;3. Asetukset&#8221;<\/em>, ett\u00e4 <strong>Sis\u00e4llyt\u00e4 osallistujien lis\u00e4\u00e4mistavat<\/strong> -vaihtoehto on asetettu <strong>Ei<\/strong>.<\/p>\n\n\n\n<figure class=\"wp-block-image size-large is-resized\"><img loading=\"lazy\" decoding=\"async\" width=\"951\" height=\"701\" src=\"https:\/\/esamksupport.samk.fi\/ohje\/wp-content\/uploads\/sites\/3\/2024\/08\/uudelleenkaytto-9-951x701.png\" alt=\"\" class=\"wp-image-3960\" style=\"width:570px;height:auto\" srcset=\"https:\/\/esamksupport.samk.fi\/ohje\/wp-content\/uploads\/sites\/3\/2024\/08\/uudelleenkaytto-9.png 951w, https:\/\/esamksupport.samk.fi\/ohje\/wp-content\/uploads\/sites\/3\/2024\/08\/uudelleenkaytto-9-768x566.png 768w\" sizes=\"auto, (max-width: 951px) 100vw, 951px\" \/><\/figure>\n\n\n\n<p><\/p>\n\n\n\n<p>Siirry sivuilla eteenp\u00e4in painamalla <strong>Seuraava<\/strong>. Voit siirty\u00e4 seuraavat sivut eteenp\u00e4in muuttamatta asetuksia, ellet halua valita jotain kurssin osia tuotavan ja toisia ei.<\/p>\n\n\n\n<p>Lopuksi valitse sivulla &#8221;5. Esikatsele&#8221; painike&nbsp;<strong>Suorita palautus<\/strong>.<\/p>\n\n\n\n<p>Nyt olet onnistuneesti palauttanut kurssin vanhasta Moodlesta uuteen, siirry eteenp\u00e4in painamalla&nbsp;<strong>jatka&nbsp;<\/strong>ja p\u00e4\u00e4dyt palautetulle kurssille. Tarkista, ett\u00e4 kurssi toimii oikein uudessa ymp\u00e4rist\u00f6ss\u00e4.<\/p>\n","protected":false},"excerpt":{"rendered":"<p>Kun haluat tehd\u00e4 kurssikopion aiemmasta kurssista, tilaa ensin uusi kurssialue Kurssipohjatilaus-ohjeen mukaisesti. Kun uusi kurssipohja on hyv\u00e4ksytty ja perustettu, voidaan kurssille kopioida sis\u00e4lt\u00f6\u00e4 Tuo-toiminnolla tai varmuuskopioida Palauta-toiminnon kautta. PALAUTA VARMUUSKOPIO VAIN TYHJ\u00c4LLE KURSSIPOHJALLE YHTEENSOPIVUUDEN VUOKSI. TUO-TOIMINTO UUDESSA MOODLESSA Voit helposti&nbsp;tuoda&nbsp;sis\u00e4lt\u00f6\u00e4 uudelle kurssipohjalle&nbsp;uuden Moodle4:sen sis\u00e4ll\u00e4&nbsp;k\u00e4ytt\u00e4m\u00e4ll\u00e4 toimintoa Tuo. K\u00e4yt\u00e4 kuitenkin&nbsp;palauta-metodia&nbsp;tuodessasi vanhasta Moodlesta kurssikopioita. JOTTA VOIT K\u00c4YTT\u00c4\u00c4 TUO TOIMINTOA: 1. TILAA ENSIN UUSI KURSSIPOHJA 2. MENE UUDELLE KURSSIPOHJALLE 3. TUO VANHASTA KURSSIPOHJASTA KURSSI Voit tyhj\u00e4ll\u00e4 kurssipohjalla ollessassi tuoda toisilta&nbsp;omilta&nbsp;kursseiltasi sis\u00e4lt\u00f6\u00e4 tyhj\u00e4lle kurssipohjalle. Valitse Lis\u00e4\u00e4 &gt; Kurssin uudelleenk\u00e4ytt\u00f6. Seuraavassa kohdassa valitse Tuo. T\u00e4m\u00e4n j\u00e4lkeen voit hakea sek\u00e4 valita oman kurssin, jolta haluat tuoda sis\u00e4lt\u00f6\u00e4 kurssipohjalle. Seuraavissa kohdissa voit valita erikseen mit\u00e4 haluat tuoda kurssilta uudelle kurssipohjalle. Voit my\u00f6s suoraan hyp\u00e4t\u00e4 viimeiseen vaiheeseen ja suorittaa tuonnin loppuun. Oletuksena kaikki tuodaan kurssille. Kurssilta on helpompi valita ja p\u00e4\u00e4tt\u00e4\u00e4, mit\u00e4 pit\u00e4\u00e4 ja mit\u00e4 ei. Kun Moodle ilmoittaa onnistuneesta tuonnista, paina Jatka. P\u00e4\u00e4dyt uudelle kurssipohjalle, johon sis\u00e4lt\u00f6 on&hellip;<\/p>\n<p> <a class=\"more-link\" href=\"https:\/\/esamksupport.samk.fi\/ohje\/moodle-opettaja-kurssin-kopiointi\/\">Lue Lis\u00e4\u00e4<\/a><\/p>\n","protected":false},"author":2,"featured_media":0,"parent":0,"menu_order":0,"comment_status":"closed","ping_status":"open","template":"","meta":{"footnotes":""},"class_list":["post-124","page","type-page","status-publish"],"_links":{"self":[{"href":"https:\/\/esamksupport.samk.fi\/ohje\/wp-json\/wp\/v2\/pages\/124","targetHints":{"allow":["GET"]}}],"collection":[{"href":"https:\/\/esamksupport.samk.fi\/ohje\/wp-json\/wp\/v2\/pages"}],"about":[{"href":"https:\/\/esamksupport.samk.fi\/ohje\/wp-json\/wp\/v2\/types\/page"}],"author":[{"embeddable":true,"href":"https:\/\/esamksupport.samk.fi\/ohje\/wp-json\/wp\/v2\/users\/2"}],"replies":[{"embeddable":true,"href":"https:\/\/esamksupport.samk.fi\/ohje\/wp-json\/wp\/v2\/comments?post=124"}],"version-history":[{"count":29,"href":"https:\/\/esamksupport.samk.fi\/ohje\/wp-json\/wp\/v2\/pages\/124\/revisions"}],"predecessor-version":[{"id":4106,"href":"https:\/\/esamksupport.samk.fi\/ohje\/wp-json\/wp\/v2\/pages\/124\/revisions\/4106"}],"wp:attachment":[{"href":"https:\/\/esamksupport.samk.fi\/ohje\/wp-json\/wp\/v2\/media?parent=124"}],"curies":[{"name":"wp","href":"https:\/\/api.w.org\/{rel}","templated":true}]}}