{"id":131,"date":"2019-06-19T09:01:06","date_gmt":"2019-06-19T06:01:06","guid":{"rendered":"https:\/\/esamksupport.samk.fi\/ohje\/?page_id=131"},"modified":"2024-08-22T09:05:57","modified_gmt":"2024-08-22T06:05:57","slug":"moodle-opettaja-linkitys","status":"publish","type":"page","link":"https:\/\/esamksupport.samk.fi\/ohje\/moodle-opettaja-linkitys\/","title":{"rendered":"Moodle &gt; Opettaja &gt; Linkitys"},"content":{"rendered":"\n<p>Koska Moodlessa yksitt\u00e4inen tiedostokoko on rajoitettu 300MB,&nbsp;suositellaan suurien tiedostojen linkitt\u00e4mist\u00e4&nbsp;opintojaksoille. Tiedosto siis sijaitsee muualla kuin Moodlessa ja t\u00e4h\u00e4n johtava linkki vain tuodaan Moodle-pohjalle.<\/p>\n\n\n\n<p>K\u00e4ytett\u00e4vi\u00e4 palveluita n\u00e4iden suurien tiedostojen is\u00e4nn\u00f6intiin on monia, mutta suositus on k\u00e4ytt\u00e4\u00e4&nbsp;Microsoftin OneDrive&nbsp;-pilvipalvelua. Edistyneemm\u00e4t k\u00e4ytt\u00e4j\u00e4t voivat itsen\u00e4isesti k\u00e4ytt\u00e4\u00e4 esimerkiksi SAMKin&nbsp;Youtube-kanavaa tai perustaa omansa Youtubeen videoita varten. Vaihtoehtona videoiden is\u00e4nn\u00f6intiin on my\u00f6s mm. Flickr ja Vimeo. N\u00e4iss\u00e4 videonjakopalveluissa, kuten Youtubessa, voidaan m\u00e4\u00e4ritt\u00e4\u00e4 videot yksityisiksi.&nbsp;Videot&nbsp;linkitet\u00e4\u00e4n ensisijaisesti n\u00e4iden suurien tallennustilavaatimuksien vuoksi. Linkitt\u00e4minen OneDriveen onnistuu n\u00e4in:<\/p>\n\n\n\n<p><strong>Vaihe 1.<\/strong>&nbsp;Kirjaudu ensin Office365-portaaliin osoitteessa&nbsp;<a href=\"http:\/\/office365.samk.fi\/\">office365.samk.fi<\/a>.<\/p>\n\n\n\n<p><strong>Vaihe 2.<\/strong>&nbsp;Avaa portaalista&nbsp;<strong>OneDrive<\/strong>:<\/p>\n\n\n\n<figure class=\"wp-block-image size-large is-resized\"><img loading=\"lazy\" decoding=\"async\" width=\"656\" height=\"684\" src=\"https:\/\/esamksupport.samk.fi\/ohje\/wp-content\/uploads\/sites\/3\/2024\/08\/linkit-links-1-1-656x684.png\" alt=\"\" class=\"wp-image-4000\" style=\"width:420px;height:auto\" \/><\/figure>\n\n\n\n<p><\/p>\n\n\n\n<p><strong>Vaihe 3.<\/strong>&nbsp;Kun OneDrive on auki selaimessa, tuo linkitett\u00e4v\u00e4 tiedosto raahaamalla selainikkunaan, jossa OneDrive on auki. <strong>TAI<\/strong> valitse OneDrivess\u00e4 painike <strong>+ Add new<\/strong> <strong>&gt; Files upload<\/strong>, jolloin tiedostoselain aukeaa ja voit valita OneDriveen lis\u00e4tt\u00e4v\u00e4n tiedoston.<\/p>\n\n\n\n<figure class=\"wp-block-image size-large is-resized\"><img loading=\"lazy\" decoding=\"async\" width=\"341\" height=\"671\" src=\"https:\/\/esamksupport.samk.fi\/ohje\/wp-content\/uploads\/sites\/3\/2024\/08\/linkit-links-2-1-341x671.png\" alt=\"\" class=\"wp-image-3998\" style=\"width:292px;height:auto\" \/><\/figure>\n\n\n\n<p><\/p>\n\n\n\n<p><strong>Vaihe 4.<\/strong>&nbsp;Kun tiedosto on ladattu OneDriveen, klikkaa tiedoston oikealla puolella olevia pisteit\u00e4, joka avaa lis\u00e4toiminnot tiedostoa koskien. Valitse valikosta kohta <strong>Share <\/strong>(Jaa):<\/p>\n\n\n\n<figure class=\"wp-block-image size-large is-resized\"><img loading=\"lazy\" decoding=\"async\" width=\"544\" height=\"541\" src=\"https:\/\/esamksupport.samk.fi\/ohje\/wp-content\/uploads\/sites\/3\/2024\/08\/linkit-links-3-544x541.png\" alt=\"\" class=\"wp-image-3992\" style=\"width:429px;height:auto\" srcset=\"https:\/\/esamksupport.samk.fi\/ohje\/wp-content\/uploads\/sites\/3\/2024\/08\/linkit-links-3.png 544w, https:\/\/esamksupport.samk.fi\/ohje\/wp-content\/uploads\/sites\/3\/2024\/08\/linkit-links-3-150x150.png 150w\" sizes=\"auto, (max-width: 544px) 100vw, 544px\" \/><\/figure>\n\n\n\n<p><\/p>\n\n\n\n<p><strong>Vaihe 5. <\/strong>Aukeavassa n\u00e4kym\u00e4ss\u00e4, klikkaa ensin <strong>rattaan kuvaa<\/strong>, jolloin asetukset -ikkuna aukeaa. T\u00e4st\u00e4 valitaan ensimm\u00e4iseksi kenelle tiedosto n\u00e4kyy jaettuna. Valitse asetukseksi <strong>Anyone <\/strong>(kuka tahansa), jolloin kaikki, joilla on linkki, p\u00e4\u00e4sev\u00e4t tarkastelemaan tiedostoa.<\/p>\n\n\n\n<p>Kun olet valinnut asetukset, klikkaa <strong>Apply <\/strong>(k\u00e4yt\u00e4).<\/p>\n\n\n\n<p><\/p>\n\n\n\n<figure class=\"wp-block-image size-large is-resized\"><img loading=\"lazy\" decoding=\"async\" width=\"603\" height=\"396\" src=\"https:\/\/esamksupport.samk.fi\/ohje\/wp-content\/uploads\/sites\/3\/2024\/08\/linkit-links-4-4-603x396.png\" alt=\"\" class=\"wp-image-4043\" style=\"width:467px;height:auto\" \/><\/figure>\n\n\n\n<figure class=\"wp-block-image size-large is-resized\"><img loading=\"lazy\" decoding=\"async\" width=\"599\" height=\"727\" src=\"https:\/\/esamksupport.samk.fi\/ohje\/wp-content\/uploads\/sites\/3\/2024\/08\/linkit-links-5-8-599x727.png\" alt=\"\" class=\"wp-image-4044\" style=\"width:449px;height:auto\" \/><\/figure>\n\n\n\n<p><\/p>\n\n\n\n<p><strong>Vaihe 6.<\/strong> Kun olet klikannut <strong>Apply<\/strong> -painiketta, saat linkin OneDrivess\u00e4 olevaan tiedostoon. Painamalla <strong>Copy link <\/strong>(kopioi linkki), saat linkin leikep\u00f6yd\u00e4lle, jonka voit sitten liitt\u00e4\u00e4 Moodlessa&nbsp;liit\u00e4 -toiminnolla aktiviteettiin.<\/p>\n\n\n\n<figure class=\"wp-block-image size-large is-resized\"><img loading=\"lazy\" decoding=\"async\" width=\"592\" height=\"452\" src=\"https:\/\/esamksupport.samk.fi\/ohje\/wp-content\/uploads\/sites\/3\/2024\/08\/linkit-links-6-3-592x452.png\" alt=\"\" class=\"wp-image-4036\" style=\"width:390px;height:auto\" \/><\/figure>\n\n\n\n<p><\/p>\n\n\n\n<p>Nyt tiedosto on jaettuna omassa OneDrive-pilvikansiossa. Linkin saat haettua uudelleen menem\u00e4ll\u00e4 tiedoston kohdalle OneDrivess\u00e4 ja valitsemalla <strong>Copy link<\/strong>.<\/p>\n\n\n\n<figure class=\"wp-block-image size-large is-resized\"><img loading=\"lazy\" decoding=\"async\" width=\"973\" height=\"232\" src=\"https:\/\/esamksupport.samk.fi\/ohje\/wp-content\/uploads\/sites\/3\/2024\/08\/link-links-7-2-973x232.png\" alt=\"\" class=\"wp-image-4037\" style=\"width:783px;height:auto\" srcset=\"https:\/\/esamksupport.samk.fi\/ohje\/wp-content\/uploads\/sites\/3\/2024\/08\/link-links-7-2.png 973w, https:\/\/esamksupport.samk.fi\/ohje\/wp-content\/uploads\/sites\/3\/2024\/08\/link-links-7-2-768x183.png 768w\" sizes=\"auto, (max-width: 973px) 100vw, 973px\" \/><\/figure>\n\n\n\n<p><\/p>\n\n\n\n<p>Vaihtoehtoisesti&nbsp;voit siirt\u00e4\u00e4 tiedoston Windowsin tiedostoselaimessa&nbsp;OneDrive-kansioon&nbsp;ja jakaa t\u00e4\u00e4lt\u00e4 tiedoston samalla tyylill\u00e4. Alhaalla n\u00e4kyv\u00e4&nbsp;<strong>Share&nbsp;<\/strong>-nappi saattaa my\u00f6s n\u00e4ky\u00e4 suomeksi nimell\u00e4 <strong>Jaa, <\/strong>eri kohdassa valikkoa:<\/p>\n\n\n\n<figure class=\"wp-block-image\"><img decoding=\"async\" src=\"http:\/\/moodle.samk.fi\/wp-content\/uploads\/2018\/04\/linkitys8.jpg\" alt=\"\" \/><\/figure>\n","protected":false},"excerpt":{"rendered":"<p>Koska Moodlessa yksitt\u00e4inen tiedostokoko on rajoitettu 300MB,&nbsp;suositellaan suurien tiedostojen linkitt\u00e4mist\u00e4&nbsp;opintojaksoille. Tiedosto siis sijaitsee muualla kuin Moodlessa ja t\u00e4h\u00e4n johtava linkki vain tuodaan Moodle-pohjalle. K\u00e4ytett\u00e4vi\u00e4 palveluita n\u00e4iden suurien tiedostojen is\u00e4nn\u00f6intiin on monia, mutta suositus on k\u00e4ytt\u00e4\u00e4&nbsp;Microsoftin OneDrive&nbsp;-pilvipalvelua. Edistyneemm\u00e4t k\u00e4ytt\u00e4j\u00e4t voivat itsen\u00e4isesti k\u00e4ytt\u00e4\u00e4 esimerkiksi SAMKin&nbsp;Youtube-kanavaa tai perustaa omansa Youtubeen videoita varten. Vaihtoehtona videoiden is\u00e4nn\u00f6intiin on my\u00f6s mm. Flickr ja Vimeo. N\u00e4iss\u00e4 videonjakopalveluissa, kuten Youtubessa, voidaan m\u00e4\u00e4ritt\u00e4\u00e4 videot yksityisiksi.&nbsp;Videot&nbsp;linkitet\u00e4\u00e4n ensisijaisesti n\u00e4iden suurien tallennustilavaatimuksien vuoksi. Linkitt\u00e4minen OneDriveen onnistuu n\u00e4in: Vaihe 1.&nbsp;Kirjaudu ensin Office365-portaaliin osoitteessa&nbsp;office365.samk.fi. Vaihe 2.&nbsp;Avaa portaalista&nbsp;OneDrive: Vaihe 3.&nbsp;Kun OneDrive on auki selaimessa, tuo linkitett\u00e4v\u00e4 tiedosto raahaamalla selainikkunaan, jossa OneDrive on auki. TAI valitse OneDrivess\u00e4 painike + Add new &gt; Files upload, jolloin tiedostoselain aukeaa ja voit valita OneDriveen lis\u00e4tt\u00e4v\u00e4n tiedoston. Vaihe 4.&nbsp;Kun tiedosto on ladattu OneDriveen, klikkaa tiedoston oikealla puolella olevia pisteit\u00e4, joka avaa lis\u00e4toiminnot tiedostoa koskien. Valitse valikosta kohta Share (Jaa): Vaihe 5. Aukeavassa n\u00e4kym\u00e4ss\u00e4, klikkaa ensin rattaan kuvaa, jolloin asetukset -ikkuna&hellip;<\/p>\n<p> <a class=\"more-link\" href=\"https:\/\/esamksupport.samk.fi\/ohje\/moodle-opettaja-linkitys\/\">Lue Lis\u00e4\u00e4<\/a><\/p>\n","protected":false},"author":2,"featured_media":0,"parent":0,"menu_order":0,"comment_status":"closed","ping_status":"open","template":"","meta":{"footnotes":""},"class_list":["post-131","page","type-page","status-publish"],"_links":{"self":[{"href":"https:\/\/esamksupport.samk.fi\/ohje\/wp-json\/wp\/v2\/pages\/131","targetHints":{"allow":["GET"]}}],"collection":[{"href":"https:\/\/esamksupport.samk.fi\/ohje\/wp-json\/wp\/v2\/pages"}],"about":[{"href":"https:\/\/esamksupport.samk.fi\/ohje\/wp-json\/wp\/v2\/types\/page"}],"author":[{"embeddable":true,"href":"https:\/\/esamksupport.samk.fi\/ohje\/wp-json\/wp\/v2\/users\/2"}],"replies":[{"embeddable":true,"href":"https:\/\/esamksupport.samk.fi\/ohje\/wp-json\/wp\/v2\/comments?post=131"}],"version-history":[{"count":26,"href":"https:\/\/esamksupport.samk.fi\/ohje\/wp-json\/wp\/v2\/pages\/131\/revisions"}],"predecessor-version":[{"id":4046,"href":"https:\/\/esamksupport.samk.fi\/ohje\/wp-json\/wp\/v2\/pages\/131\/revisions\/4046"}],"wp:attachment":[{"href":"https:\/\/esamksupport.samk.fi\/ohje\/wp-json\/wp\/v2\/media?parent=131"}],"curies":[{"name":"wp","href":"https:\/\/api.w.org\/{rel}","templated":true}]}}