{"id":147,"date":"2019-06-19T09:05:20","date_gmt":"2019-06-19T06:05:20","guid":{"rendered":"https:\/\/esamksupport.samk.fi\/ohje\/?page_id=147"},"modified":"2024-07-15T14:11:39","modified_gmt":"2024-07-15T11:11:39","slug":"moodle-opettaja-kurssilla-aktiviteetinlisaaminen","status":"publish","type":"page","link":"https:\/\/esamksupport.samk.fi\/ohje\/moodle-opettaja-kurssilla-aktiviteetinlisaaminen\/","title":{"rendered":"Moodle &gt; Opettaja &gt; Yleist\u00e4 &gt; Aktiviteetin lis\u00e4\u00e4minen"},"content":{"rendered":"\n<p>Moodlepohjaan pystyt lis\u00e4\u00e4m\u00e4\u00e4n lukuisia erilaisia aktiviteetteja sek\u00e4 aineistoja.<\/p>\n\n\n\n<p>Laita <strong>muokkaustila <\/strong>p\u00e4\u00e4lle ja klikkaa <strong>lis\u00e4\u00e4 aktiviteetti tai aineisto<\/strong>.<\/p>\n\n\n\n<figure class=\"wp-block-image size-1536x1536 is-resized\"><img loading=\"lazy\" decoding=\"async\" width=\"1168\" height=\"912\" src=\"https:\/\/esamksupport.samk.fi\/ohje\/wp-content\/uploads\/sites\/3\/2024\/07\/Aktiviteetin_lisaaminen-1168x912.png\" alt=\"\" class=\"wp-image-3758\" style=\"width:738px;height:auto\" srcset=\"https:\/\/esamksupport.samk.fi\/ohje\/wp-content\/uploads\/sites\/3\/2024\/07\/Aktiviteetin_lisaaminen.png 1168w, https:\/\/esamksupport.samk.fi\/ohje\/wp-content\/uploads\/sites\/3\/2024\/07\/Aktiviteetin_lisaaminen-768x599.png 768w\" sizes=\"auto, (max-width: 1168px) 100vw, 1168px\" \/><\/figure>\n","protected":false},"excerpt":{"rendered":"<p>Moodlepohjaan pystyt lis\u00e4\u00e4m\u00e4\u00e4n lukuisia erilaisia aktiviteetteja sek\u00e4 aineistoja. Laita muokkaustila p\u00e4\u00e4lle ja klikkaa lis\u00e4\u00e4 aktiviteetti tai aineisto.<\/p>\n","protected":false},"author":2,"featured_media":0,"parent":0,"menu_order":0,"comment_status":"closed","ping_status":"open","template":"","meta":{"footnotes":""},"class_list":["post-147","page","type-page","status-publish"],"_links":{"self":[{"href":"https:\/\/esamksupport.samk.fi\/ohje\/wp-json\/wp\/v2\/pages\/147","targetHints":{"allow":["GET"]}}],"collection":[{"href":"https:\/\/esamksupport.samk.fi\/ohje\/wp-json\/wp\/v2\/pages"}],"about":[{"href":"https:\/\/esamksupport.samk.fi\/ohje\/wp-json\/wp\/v2\/types\/page"}],"author":[{"embeddable":true,"href":"https:\/\/esamksupport.samk.fi\/ohje\/wp-json\/wp\/v2\/users\/2"}],"replies":[{"embeddable":true,"href":"https:\/\/esamksupport.samk.fi\/ohje\/wp-json\/wp\/v2\/comments?post=147"}],"version-history":[{"count":5,"href":"https:\/\/esamksupport.samk.fi\/ohje\/wp-json\/wp\/v2\/pages\/147\/revisions"}],"predecessor-version":[{"id":3760,"href":"https:\/\/esamksupport.samk.fi\/ohje\/wp-json\/wp\/v2\/pages\/147\/revisions\/3760"}],"wp:attachment":[{"href":"https:\/\/esamksupport.samk.fi\/ohje\/wp-json\/wp\/v2\/media?parent=147"}],"curies":[{"name":"wp","href":"https:\/\/api.w.org\/{rel}","templated":true}]}}