{"id":156,"date":"2019-06-19T09:06:54","date_gmt":"2019-06-19T06:06:54","guid":{"rendered":"https:\/\/esamksupport.samk.fi\/ohje\/?page_id=156"},"modified":"2021-09-02T13:22:52","modified_gmt":"2021-09-02T10:22:52","slug":"moodle-opettaja-kurssilla-tinymceeditori","status":"publish","type":"page","link":"https:\/\/esamksupport.samk.fi\/ohje\/moodle-opettaja-kurssilla-tinymceeditori\/","title":{"rendered":"Moodle &gt; Opettaja &gt; Kurssilla &gt; TinyMCE-editori"},"content":{"rendered":"\n<p>Moodlessa on k\u00e4yt\u00f6ss\u00e4 tekstin- ja sis\u00e4ll\u00f6nmuokkaukseen aiheissa, aktiviteeteissa ja uutisissa editori nimelt\u00e4 TinyMCE. T\u00e4m\u00e4 editori mahdollistaa HTML-pohjaisen sis\u00e4ll\u00f6n lis\u00e4\u00e4misen tekstinmuokkauksessa. Voit esimerkiksi lis\u00e4\u00e4t kuvia, muotoilla vapaasti teksti\u00e4, k\u00e4ytt\u00e4\u00e4 yleisi\u00e4 muotoiluty\u00f6kaluja sek\u00e4 upottaa verkkosivulla tyypillisesti toimivaa materiaalia eri paikkoihin opintojaksolla. TinyMCE-editori toimii my\u00f6s PoodLL-nauhoitusty\u00f6kalun kanssa.<\/p>\n\n\n\n<p>T\u00e4lt\u00e4 TinyMCE n\u00e4ytt\u00e4\u00e4 normaalitilassa kun opintojakson sis\u00e4lt\u00f6\u00e4 muokataan<\/p>\n\n\n\n<figure class=\"wp-block-image size-large\"><img loading=\"lazy\" decoding=\"async\" width=\"764\" height=\"119\" src=\"https:\/\/esamksupport.samk.fi\/ohje\/wp-content\/uploads\/sites\/3\/2021\/09\/moodle_tinymce_normal-764x119.png\" alt=\"\" class=\"wp-image-2831\" \/><\/figure>\n\n\n\n<p>T\u00e4ss\u00e4 tilassa editorista l\u00f6ytyy vasemmalta oikealle lis\u00e4ominaisuusnappi, tyylivalikko, lihavointi, kursivointi, kaksi listanappia, linkitys nappeja kolme sek\u00e4 medianapit sis\u00e4lt\u00e4en kuvan, hymi\u00f6n, videon ja tiedoston lis\u00e4ysnapit. Painamalla lis\u00e4ominaisuudet -nappia, joka on tyylivalikon vasemmalla puolella saadaan k\u00e4ytt\u00f6\u00f6n editorin edistyneet ominaisuudet.<\/p>\n\n\n\n<p>T\u00e4lt\u00e4 TinyMCE n\u00e4ytt\u00e4\u00e4 lis\u00e4toimintotilassa sis\u00e4lt\u00f6\u00e4 lis\u00e4tess\u00e4<\/p>\n\n\n\n<figure class=\"wp-block-image size-large\"><img loading=\"lazy\" decoding=\"async\" width=\"767\" height=\"160\" src=\"https:\/\/esamksupport.samk.fi\/ohje\/wp-content\/uploads\/sites\/3\/2021\/09\/moodle_tinymce_extended-767x160.png\" alt=\"\" class=\"wp-image-2832\" \/><\/figure>\n\n\n\n<p>T\u00e4ss\u00e4 tilassa editorilla pystyt\u00e4\u00e4n tekem\u00e4\u00e4n mm. sisennyksi\u00e4, valitsemaan eri v\u00e4rej\u00e4 ja fontteja tekstille, lis\u00e4\u00e4m\u00e4\u00e4n erikoismerkkej\u00e4, HTML-koodia ja taulukoita. Alimmalla rivill\u00e4 oikealla l\u00f6ytyy my\u00f6s \u00e4\u00e4nennauhoitus ja videon tallennus -painikkeet. N\u00e4m\u00e4 hy\u00f6dynt\u00e4v\u00e4t PoodLL-ty\u00f6kalua. Voit my\u00f6s piirt\u00e4\u00e4 kuvia sis\u00e4lt\u00f6ikkunaan ja ottaa kuvan verkkokamerasta sis\u00e4lt\u00f6\u00f6n.<\/p>\n\n\n\n<p>Voit tuoda editoriin sis\u00e4lt\u00f6\u00e4 toisesta sovelluksesta tai ikkunasta perinteisell\u00e4 drag&#8217;n drop -menetelm\u00e4ll\u00e4. Maalaat vaikka teksti\u00e4 toisessa sovelluksessa ja ved\u00e4t maalatun tekstin editorin sis\u00e4lt\u00f6ikkunaan.<\/p>\n","protected":false},"excerpt":{"rendered":"<p>Moodlessa on k\u00e4yt\u00f6ss\u00e4 tekstin- ja sis\u00e4ll\u00f6nmuokkaukseen aiheissa, aktiviteeteissa ja uutisissa editori nimelt\u00e4 TinyMCE. T\u00e4m\u00e4 editori mahdollistaa HTML-pohjaisen sis\u00e4ll\u00f6n lis\u00e4\u00e4misen tekstinmuokkauksessa. Voit esimerkiksi lis\u00e4\u00e4t kuvia, muotoilla vapaasti teksti\u00e4, k\u00e4ytt\u00e4\u00e4 yleisi\u00e4 muotoiluty\u00f6kaluja sek\u00e4 upottaa verkkosivulla tyypillisesti toimivaa materiaalia eri paikkoihin opintojaksolla. TinyMCE-editori toimii my\u00f6s PoodLL-nauhoitusty\u00f6kalun kanssa. T\u00e4lt\u00e4 TinyMCE n\u00e4ytt\u00e4\u00e4 normaalitilassa kun opintojakson sis\u00e4lt\u00f6\u00e4 muokataan T\u00e4ss\u00e4 tilassa editorista l\u00f6ytyy vasemmalta oikealle lis\u00e4ominaisuusnappi, tyylivalikko, lihavointi, kursivointi, kaksi listanappia, linkitys nappeja kolme sek\u00e4 medianapit sis\u00e4lt\u00e4en kuvan, hymi\u00f6n, videon ja tiedoston lis\u00e4ysnapit. Painamalla lis\u00e4ominaisuudet -nappia, joka on tyylivalikon vasemmalla puolella saadaan k\u00e4ytt\u00f6\u00f6n editorin edistyneet ominaisuudet. T\u00e4lt\u00e4 TinyMCE n\u00e4ytt\u00e4\u00e4 lis\u00e4toimintotilassa sis\u00e4lt\u00f6\u00e4 lis\u00e4tess\u00e4 T\u00e4ss\u00e4 tilassa editorilla pystyt\u00e4\u00e4n tekem\u00e4\u00e4n mm. sisennyksi\u00e4, valitsemaan eri v\u00e4rej\u00e4 ja fontteja tekstille, lis\u00e4\u00e4m\u00e4\u00e4n erikoismerkkej\u00e4, HTML-koodia ja taulukoita. Alimmalla rivill\u00e4 oikealla l\u00f6ytyy my\u00f6s \u00e4\u00e4nennauhoitus ja videon tallennus -painikkeet. N\u00e4m\u00e4 hy\u00f6dynt\u00e4v\u00e4t PoodLL-ty\u00f6kalua. Voit my\u00f6s piirt\u00e4\u00e4 kuvia sis\u00e4lt\u00f6ikkunaan ja ottaa kuvan verkkokamerasta sis\u00e4lt\u00f6\u00f6n. Voit tuoda editoriin sis\u00e4lt\u00f6\u00e4 toisesta sovelluksesta tai ikkunasta perinteisell\u00e4 drag&#8217;n drop -menetelm\u00e4ll\u00e4. Maalaat vaikka&hellip;<\/p>\n<p> <a class=\"more-link\" href=\"https:\/\/esamksupport.samk.fi\/ohje\/moodle-opettaja-kurssilla-tinymceeditori\/\">Lue Lis\u00e4\u00e4<\/a><\/p>\n","protected":false},"author":2,"featured_media":0,"parent":0,"menu_order":0,"comment_status":"closed","ping_status":"open","template":"","meta":{"footnotes":""},"class_list":["post-156","page","type-page","status-publish"],"_links":{"self":[{"href":"https:\/\/esamksupport.samk.fi\/ohje\/wp-json\/wp\/v2\/pages\/156","targetHints":{"allow":["GET"]}}],"collection":[{"href":"https:\/\/esamksupport.samk.fi\/ohje\/wp-json\/wp\/v2\/pages"}],"about":[{"href":"https:\/\/esamksupport.samk.fi\/ohje\/wp-json\/wp\/v2\/types\/page"}],"author":[{"embeddable":true,"href":"https:\/\/esamksupport.samk.fi\/ohje\/wp-json\/wp\/v2\/users\/2"}],"replies":[{"embeddable":true,"href":"https:\/\/esamksupport.samk.fi\/ohje\/wp-json\/wp\/v2\/comments?post=156"}],"version-history":[{"count":2,"href":"https:\/\/esamksupport.samk.fi\/ohje\/wp-json\/wp\/v2\/pages\/156\/revisions"}],"predecessor-version":[{"id":2833,"href":"https:\/\/esamksupport.samk.fi\/ohje\/wp-json\/wp\/v2\/pages\/156\/revisions\/2833"}],"wp:attachment":[{"href":"https:\/\/esamksupport.samk.fi\/ohje\/wp-json\/wp\/v2\/media?parent=156"}],"curies":[{"name":"wp","href":"https:\/\/api.w.org\/{rel}","templated":true}]}}