{"id":181,"date":"2019-06-19T09:12:35","date_gmt":"2019-06-19T06:12:35","guid":{"rendered":"https:\/\/esamksupport.samk.fi\/ohje\/?page_id=181"},"modified":"2024-07-17T08:50:57","modified_gmt":"2024-07-17T05:50:57","slug":"moodle-opettaja-aktiviteetit-hotpotatoes","status":"publish","type":"page","link":"https:\/\/esamksupport.samk.fi\/ohje\/moodle-opettaja-aktiviteetit-hotpotatoes\/","title":{"rendered":"Moodle &gt; Opettaja &gt; Aktiviteetit &gt; Hot Potatoes"},"content":{"rendered":"\n<p>Hot Potatoes on ilmainen interaktiivinen kyselyaktiviteetti, joka kertoo opiskelijalle heti vastauksen j\u00e4lkeen, menik\u00f6 vastaus kuten piti vai ei.<\/p>\n\n\n\n<p>HotPot\u00a0t\u00e4ytyy luoda\u00a0ulkoisella sovelluksella kuten:<\/p>\n\n\n\n<ul class=\"wp-block-list\">\n<li><strong>Hot Potatoes (versio 6)<\/strong><\/li>\n\n\n\n<li><strong>Qedoc<\/strong><\/li>\n\n\n\n<li><strong>Xerte<\/strong><\/li>\n\n\n\n<li><strong>iSpring<\/strong><\/li>\n\n\n\n<li><strong>mik\u00e4 tahansa HTML-editori<\/strong><\/li>\n<\/ul>\n\n\n\n<p>Luodessasi Hot Potatoes -aktiviteettia opintojaksollesi sinulla pit\u00e4\u00e4 olla kysely tehtyn\u00e4 ulkoisella sovelluksella. Liit\u00e4t t\u00e4m\u00e4n esiasetuksissa aktiviteettiin ja m\u00e4\u00e4rit\u00e4t muut asetukset, kuten n\u00e4ytt\u00e4\u00e4k\u00f6 aktiviteetti aloitus- tai poistumissivun ennen kyselyn avaamista ja milt\u00e4 kysely itsess\u00e4\u00e4n n\u00e4ytt\u00e4\u00e4.<\/p>\n\n\n\n<p>Aktiviteetissa vain <strong>Yleiset <\/strong>asetukset\u00a0on pakollista m\u00e4\u00e4ritt\u00e4\u00e4, loput ovat vapaaehtoisia:<\/p>\n\n\n\n<figure class=\"wp-block-image size-1536x1536 is-resized\"><img loading=\"lazy\" decoding=\"async\" width=\"1109\" height=\"878\" src=\"https:\/\/esamksupport.samk.fi\/ohje\/wp-content\/uploads\/sites\/3\/2024\/07\/Hot-potatoes-1109x878.png\" alt=\"\" class=\"wp-image-3790\" style=\"width:897px;height:auto\" srcset=\"https:\/\/esamksupport.samk.fi\/ohje\/wp-content\/uploads\/sites\/3\/2024\/07\/Hot-potatoes.png 1109w, https:\/\/esamksupport.samk.fi\/ohje\/wp-content\/uploads\/sites\/3\/2024\/07\/Hot-potatoes-768x608.png 768w\" sizes=\"auto, (max-width: 1109px) 100vw, 1109px\" \/><\/figure>\n","protected":false},"excerpt":{"rendered":"<p>Hot Potatoes on ilmainen interaktiivinen kyselyaktiviteetti, joka kertoo opiskelijalle heti vastauksen j\u00e4lkeen, menik\u00f6 vastaus kuten piti vai ei. HotPot\u00a0t\u00e4ytyy luoda\u00a0ulkoisella sovelluksella kuten: Luodessasi Hot Potatoes -aktiviteettia opintojaksollesi sinulla pit\u00e4\u00e4 olla kysely tehtyn\u00e4 ulkoisella sovelluksella. Liit\u00e4t t\u00e4m\u00e4n esiasetuksissa aktiviteettiin ja m\u00e4\u00e4rit\u00e4t muut asetukset, kuten n\u00e4ytt\u00e4\u00e4k\u00f6 aktiviteetti aloitus- tai poistumissivun ennen kyselyn avaamista ja milt\u00e4 kysely itsess\u00e4\u00e4n n\u00e4ytt\u00e4\u00e4. Aktiviteetissa vain Yleiset asetukset\u00a0on pakollista m\u00e4\u00e4ritt\u00e4\u00e4, loput ovat vapaaehtoisia:<\/p>\n","protected":false},"author":2,"featured_media":0,"parent":0,"menu_order":0,"comment_status":"closed","ping_status":"open","template":"","meta":{"footnotes":""},"class_list":["post-181","page","type-page","status-publish"],"_links":{"self":[{"href":"https:\/\/esamksupport.samk.fi\/ohje\/wp-json\/wp\/v2\/pages\/181","targetHints":{"allow":["GET"]}}],"collection":[{"href":"https:\/\/esamksupport.samk.fi\/ohje\/wp-json\/wp\/v2\/pages"}],"about":[{"href":"https:\/\/esamksupport.samk.fi\/ohje\/wp-json\/wp\/v2\/types\/page"}],"author":[{"embeddable":true,"href":"https:\/\/esamksupport.samk.fi\/ohje\/wp-json\/wp\/v2\/users\/2"}],"replies":[{"embeddable":true,"href":"https:\/\/esamksupport.samk.fi\/ohje\/wp-json\/wp\/v2\/comments?post=181"}],"version-history":[{"count":4,"href":"https:\/\/esamksupport.samk.fi\/ohje\/wp-json\/wp\/v2\/pages\/181\/revisions"}],"predecessor-version":[{"id":3791,"href":"https:\/\/esamksupport.samk.fi\/ohje\/wp-json\/wp\/v2\/pages\/181\/revisions\/3791"}],"wp:attachment":[{"href":"https:\/\/esamksupport.samk.fi\/ohje\/wp-json\/wp\/v2\/media?parent=181"}],"curies":[{"name":"wp","href":"https:\/\/api.w.org\/{rel}","templated":true}]}}