{"id":1847,"date":"2020-11-23T12:43:08","date_gmt":"2020-11-23T10:43:08","guid":{"rendered":"https:\/\/esamksupport.samk.fi\/ohje\/?page_id=1847"},"modified":"2024-10-22T13:43:56","modified_gmt":"2024-10-22T10:43:56","slug":"solemove","status":"publish","type":"page","link":"https:\/\/esamksupport.samk.fi\/ohje\/solemove\/","title":{"rendered":"SoleMove"},"content":{"rendered":"\n<p><\/p>\n\n\n\n<p>SoleMove on Satakunnan ammattikorkeakoulun liikkuvuuspalvelu. SoleMoven kautta tehd\u00e4\u00e4n hakemukset vaihto-opiskelua ja -harjoittelua varten ja palvelun kautta my\u00f6s raportoidaan vaihtojaksot.<\/p>\n\n\n\n<p>Vaihtoon ja SoleMoven k\u00e4ytt\u00f6\u00f6n liittyv\u00e4t ohjeet l\u00f6yd\u00e4t opiskelijaintra Oivasta <a href=\"https:\/\/oiva.samk.fi\/opiskelu\/kansainvalisty-opinnoissa\/\" target=\"_blank\" rel=\"noreferrer noopener\">https:\/\/oiva.samk.fi\/opiskelu\/kansainvalisty-opinnoissa\/<\/a><\/p>\n\n\n\n<p>SoleMoven osoite on <a href=\"https:\/\/saas.solenovo.fi\/solemove\" target=\"_blank\" rel=\"noreferrer noopener\">https:\/\/saas.solenovo.fi\/solemove<\/a>.<\/p>\n","protected":false},"excerpt":{"rendered":"<p>SoleMove on Satakunnan ammattikorkeakoulun liikkuvuuspalvelu. SoleMoven kautta tehd\u00e4\u00e4n hakemukset vaihto-opiskelua ja -harjoittelua varten ja palvelun kautta my\u00f6s raportoidaan vaihtojaksot. Vaihtoon ja SoleMoven k\u00e4ytt\u00f6\u00f6n liittyv\u00e4t ohjeet l\u00f6yd\u00e4t opiskelijaintra Oivasta https:\/\/oiva.samk.fi\/opiskelu\/kansainvalisty-opinnoissa\/ SoleMoven osoite on https:\/\/saas.solenovo.fi\/solemove.<\/p>\n","protected":false},"author":13,"featured_media":0,"parent":0,"menu_order":0,"comment_status":"closed","ping_status":"open","template":"","meta":{"footnotes":""},"class_list":["post-1847","page","type-page","status-publish"],"_links":{"self":[{"href":"https:\/\/esamksupport.samk.fi\/ohje\/wp-json\/wp\/v2\/pages\/1847","targetHints":{"allow":["GET"]}}],"collection":[{"href":"https:\/\/esamksupport.samk.fi\/ohje\/wp-json\/wp\/v2\/pages"}],"about":[{"href":"https:\/\/esamksupport.samk.fi\/ohje\/wp-json\/wp\/v2\/types\/page"}],"author":[{"embeddable":true,"href":"https:\/\/esamksupport.samk.fi\/ohje\/wp-json\/wp\/v2\/users\/13"}],"replies":[{"embeddable":true,"href":"https:\/\/esamksupport.samk.fi\/ohje\/wp-json\/wp\/v2\/comments?post=1847"}],"version-history":[{"count":7,"href":"https:\/\/esamksupport.samk.fi\/ohje\/wp-json\/wp\/v2\/pages\/1847\/revisions"}],"predecessor-version":[{"id":4108,"href":"https:\/\/esamksupport.samk.fi\/ohje\/wp-json\/wp\/v2\/pages\/1847\/revisions\/4108"}],"wp:attachment":[{"href":"https:\/\/esamksupport.samk.fi\/ohje\/wp-json\/wp\/v2\/media?parent=1847"}],"curies":[{"name":"wp","href":"https:\/\/api.w.org\/{rel}","templated":true}]}}