{"id":1888,"date":"2021-05-28T12:28:44","date_gmt":"2021-05-28T09:28:44","guid":{"rendered":"https:\/\/esamksupport.samk.fi\/ohje\/?page_id=1888"},"modified":"2024-12-09T14:16:16","modified_gmt":"2024-12-09T12:16:16","slug":"wihi-opiskelijan-ohje","status":"publish","type":"page","link":"https:\/\/esamksupport.samk.fi\/ohje\/wihi-opiskelijan-ohje\/","title":{"rendered":"Wihi > Opiskelijan ohje"},"content":{"rendered":"\n\n\t<p><strong>Wihi<\/strong><\/p>\n<ul>\n<li>Wihi on opinn\u00e4ytet\u00f6iden ohjaukseen tehty j\u00e4rjestelm\u00e4.\n<ul>\n<li>Opiskelija ja ohjaajat ty\u00f6skentelev\u00e4t Wihiss\u00e4 koko opinn\u00e4ytety\u00f6prosessin ajan ja voivat l\u00e4hett\u00e4\u00e4 viestej\u00e4 sek\u00e4 lis\u00e4t\u00e4 tiedostoja ja teht\u00e4vi\u00e4 Wihin kautta.<\/li>\n<\/ul>\n<\/li>\n<li>Wihi l\u00f6ytyy osoitteesta\u00a0<strong><a href=\"https:\/\/samk.wihi.fi\" target=\"_blank\" rel=\"noopener\">https:\/\/samk.wihi.fi<\/a><\/strong><\/li>\n<li>Tarkoitettu opiskelijoille joilla opn-opintojen rakenne on 5+5+5 op (AMK) tai 10+10+10 op (YAMK).<\/li>\n<li>Wihiin saa tukea eSAMK:sta <a href=\"mailto:esamk.support@samk.fi\">esamk.support@samk.fi<\/a>\n<ul>\n<li>Wihiss\u00e4 on oikeassa yl\u00e4reunassa kysymysmerkki, josta p\u00e4\u00e4see k\u00e4ytt\u00f6ohjeisiin.<\/li>\n<\/ul>\n<\/li>\n<\/ul>\n<p><strong>Wihin k\u00e4yt\u00f6n aloitus<\/strong><\/p>\n<ul>\n<li>Kun olet sopinut ohjaajasi kanssa opinn\u00e4ytety\u00f6n aloittamisesta, joko olet tehnyt opinn\u00e4ytety\u00f6suunnitelman etuk\u00e4teen tai et ja ohjaaja on aiheesi alustavasti hyv\u00e4ksynyt, kirjaudut Wihiin SAMK-tunnuksillasi ja teet <strong>aihe-ehdotuksen<\/strong> tietojesi perusteella.\n<ul>\n<li>Merkitse aihe-ehdotukseen seuraavat asiat:\n<ul>\n<li><strong>Suuntautumisvaihtoehdoksi<\/strong> kirjoita v\u00e4hint\u00e4\u00e4n ryhm\u00e4si, esimerkiksi <strong>ALT23SH<\/strong> tai esim. <strong>NLT24SP<\/strong>.<\/li>\n<li><strong>Valmiuksiin ohjaajasi nimen, <\/strong>jotta t\u00e4m\u00e4 on koordinaattorin helppo yhdist\u00e4\u00e4 oikeaan ohjaajaan pit\u00e4m\u00e4tt\u00e4 listaa asiasta.<\/li>\n<\/ul>\n<\/li>\n<li>Kun aihe-ehdotus on tehty, ilmoita t\u00e4st\u00e4 ohjaajallesi, jolloin koulutusohjelmasi tiimivastaava hyv\u00e4ksyy ty\u00f6si ja liitt\u00e4\u00e4 ohjaajan ty\u00f6h\u00f6si\n<ul>\n<li>Ty\u00f6tilasi aukeaa Wihiss\u00e4 t\u00e4m\u00e4n j\u00e4lkeen.<\/li>\n<\/ul>\n<\/li>\n<li>Voit muokata opinn\u00e4ytety\u00f6si tietoja vaiheeseen &#8221;Opinn\u00e4ytety\u00f6 3\/3&#8221; asti, joten voit p\u00e4ivitt\u00e4\u00e4 ja korjata tietoja, jos et viel\u00e4 ehdotusta tehdess\u00e4si kaikkea tied\u00e4.<\/li>\n<\/ul>\n<\/li>\n<\/ul>\n<p>&nbsp;<\/p>\n<p><strong>Miten etenen Wihiss\u00e4?<\/strong><\/p>\n<ol>\n<li>Luo aihe-ehdotus.<\/li>\n<li>Kun ty\u00f6tilasi aukeaa ensimm\u00e4iseen vaiheeseen &#8221;Projektisuunnitelma&#8221; m\u00e4\u00e4rit\u00e4t alustavat aikatavoitteet eri vaiheille.<\/li>\n<li>Kun ohjaaja liittyy ty\u00f6tilaasi:\n<ol>\n<li>Tallenna opinn\u00e4ytety\u00f6sopimus ja opinn\u00e4ytety\u00f6suunnitelma Wihiin.<\/li>\n<li>Sovi aloituskeskustelusta ohjaajasi kanssa.<\/li>\n<li>Korjaa tarvittaessa aihe-ehdotuksessa annettuja tietoja jo.<\/li>\n<\/ol>\n<\/li>\n<li>Vaiheissa &#8221;Opinn\u00e4ytety\u00f6 1\/3&#8221; ja &#8221;Opinn\u00e4ytety\u00f6 2\/3&#8221; edist\u00e4t opinn\u00e4ytety\u00f6t\u00e4si ohjatusti ohjaajan tuella. Edetess\u00e4 vaiheesta 1\/3 vaiheeseen 2\/3 ja 2\/3-&gt;3\/3 Lokiin tulee suoritusmerkinn\u00e4t (HYV).\n<ol>\n<li>T\u00e4m\u00e4n lis\u00e4ksi vaiheessa &#8221;Opinn\u00e4ytety\u00f6 2\/3&#8221; sovit v\u00e4likeskustelusta\/-seminaarista ohjaajan kanssa.<\/li>\n<\/ol>\n<\/li>\n<li>P\u00e4\u00e4stess\u00e4si vaiheeseen &#8221;Opinn\u00e4ytety\u00f6 3\/3&#8221; viimeistelet ty\u00f6si, sovit loppukeskustelusta\/-seminaarista ja kypsyysn\u00e4ytteen tekemisest\u00e4 ohjaajan kanssa. Palautat viimeisimm\u00e4n version plagioinnintarkastuksen kautta arvioitavaksi.<\/li>\n<li>Kun ty\u00f6si on arvioitu ja olet edennyt vaiheeseen &#8221;Opinn\u00e4ytety\u00f6n arviointi&#8221; viet arvioidun, viimeisen version ty\u00f6st\u00e4si Theseukseen ja tuot sielt\u00e4 URN-linkin Wihiin.<\/li>\n<li>Kun linkki on tarkistettu ohjaajan toimesta on opinn\u00e4ytety\u00f6prosessi p\u00e4\u00e4ttynyt ja voit nyt ladata arviointilausuntosi Wihist\u00e4.<\/li>\n<\/ol>\n<p><strong>Hyv\u00e4 tiet\u00e4\u00e4<\/strong><\/p>\n<ul>\n<li>Opiskelija saa automaattisesti suoritusmerkinn\u00e4t Lokiin vaiheista edetess\u00e4\u00e4n Wihiss\u00e4 eli opiskelija ei tarvitse eik\u00e4 kuulu ilmoittautua opinn\u00e4ytety\u00f6n toteutuksille Lokissa jos h\u00e4n tekee ty\u00f6ns\u00e4 Wihiss\u00e4, sill\u00e4 Wihi hoitaa automaattisesti merkinn\u00e4t opinn\u00e4ytety\u00f6st\u00e4 Lokiin.<\/li>\n<li>Wihi ei ole arkisto eli ty\u00f6 sopimuksineen yms. liiteineen s\u00e4ilyy Wihiss\u00e4 yhden vuoden ajan.<\/li>\n<\/ul>\n<ul>\n\n<li>Vaikka ohjaus onkin Wihiss\u00e4, varmista ett\u00e4 noudatat opinn\u00e4ytety\u00f6n ohjeistusta: <a href=\"https:\/\/www.samk.fi\/opiskelijalle\/kirjallisten-toiden-ja-opinnaytetyon-ohjeet\/\">https:\/\/www.samk.fi\/opiskelijalle\/kirjallisten-toiden-ja-opinnaytetyon-ohjeet\/<\/a><\/li>\n<li>Wihiss\u00e4 vaiheen ollessa aktiivinen vain viestin tai tiedoston lataaja voi poistaa t\u00e4m\u00e4n.<\/li>\n<li>Kun teet jotain Wihiss\u00e4, palautat tiedoston, kirjoitat viestin tai luot teht\u00e4v\u00e4n, menee n\u00e4ist\u00e4 aina s\u00e4hk\u00f6postiviesti oletuksena ohjaajallesi.<\/li>\n<li><strong>Koordinaattorit n\u00e4kev\u00e4t kaikki opiskelijan ja ohjaajan v\u00e4liset tiedostot ja viestit Wihin ty\u00f6alustalla.<\/strong> Poikkeuksena Luottamukselliset tiedostot -osion tiedostot, n\u00e4m\u00e4 eiv\u00e4t n\u00e4y kuin opiskelijalle ja ohjaajalle.<\/li>\n<li>Opiskelija laittaa vaiheessa &#8221;Opinn\u00e4ytety\u00f6 3\/3&#8221; viimeisimm\u00e4n version ty\u00f6st\u00e4\u00e4n plagioinnintarkistukseen ennen arviointia.<\/li>\n<li>Lopussa kun opinn\u00e4ytety\u00f6si on arvioitu pit\u00e4\u00e4 sinun vied\u00e4 ty\u00f6si pitk\u00e4aikaiss\u00e4ilytykseen, joka tarkoittaa kansallista Theseus-arkistoa.\n<ul>\n<li>Theseuksesta saat pysyv\u00e4n osoitteen (muotoa <a href=\"http:\/\/urn.fi\/URN:NBN:fi\">http:\/\/urn.fi\/URN:NBN:fi<\/a>:..), joka pit\u00e4\u00e4 vied\u00e4 lopuksi Wihiin jotta viimeinen arvosana voidaan antaa. Wihi tarvitsee koko polun eli aina &#8221;http:\/\/&#8221; alkaen!<\/li>\n<\/ul>\n<\/li>\n<li>Tarkemmat ohjeet valmistumiseen l\u00f6ytyy <a href=\"https:\/\/oiva.samk.fi\/opinnaytetyo\/opinnaytetyon-valmistumisvaihe\/\">https:\/\/oiva.samk.fi\/opinnaytetyo\/opinnaytetyon-valmistumisvaihe\/<\/a><\/li>\n<\/ul>\n<p>&nbsp;<\/p>\n\n","protected":false},"excerpt":{"rendered":"<p>Wihi Wihi on opinn\u00e4ytet\u00f6iden ohjaukseen tehty j\u00e4rjestelm\u00e4. Opiskelija ja ohjaajat ty\u00f6skentelev\u00e4t Wihiss\u00e4 koko opinn\u00e4ytety\u00f6prosessin ajan ja voivat l\u00e4hett\u00e4\u00e4 viestej\u00e4 sek\u00e4 lis\u00e4t\u00e4 tiedostoja ja teht\u00e4vi\u00e4 Wihin kautta. Wihi l\u00f6ytyy osoitteesta\u00a0https:\/\/samk.wihi.fi Tarkoitettu opiskelijoille joilla opn-opintojen rakenne on 5+5+5 op (AMK) tai 10+10+10 op (YAMK). Wihiin saa tukea eSAMK:sta esamk.support@samk.fi Wihiss\u00e4 on oikeassa yl\u00e4reunassa kysymysmerkki, josta p\u00e4\u00e4see k\u00e4ytt\u00f6ohjeisiin. Wihin k\u00e4yt\u00f6n aloitus Kun olet sopinut ohjaajasi kanssa opinn\u00e4ytety\u00f6n aloittamisesta, joko olet tehnyt opinn\u00e4ytety\u00f6suunnitelman etuk\u00e4teen tai et ja ohjaaja on aiheesi alustavasti hyv\u00e4ksynyt, kirjaudut Wihiin SAMK-tunnuksillasi ja teet aihe-ehdotuksen tietojesi perusteella. Merkitse aihe-ehdotukseen seuraavat asiat: Suuntautumisvaihtoehdoksi kirjoita v\u00e4hint\u00e4\u00e4n ryhm\u00e4si, esimerkiksi ALT23SH tai esim. NLT24SP. Valmiuksiin ohjaajasi nimen, jotta t\u00e4m\u00e4 on koordinaattorin helppo yhdist\u00e4\u00e4 oikeaan ohjaajaan pit\u00e4m\u00e4tt\u00e4 listaa asiasta. Kun aihe-ehdotus on tehty, ilmoita t\u00e4st\u00e4 ohjaajallesi, jolloin koulutusohjelmasi tiimivastaava hyv\u00e4ksyy ty\u00f6si ja liitt\u00e4\u00e4 ohjaajan ty\u00f6h\u00f6si Ty\u00f6tilasi aukeaa Wihiss\u00e4 t\u00e4m\u00e4n j\u00e4lkeen. Voit muokata opinn\u00e4ytety\u00f6si tietoja vaiheeseen &#8221;Opinn\u00e4ytety\u00f6 3\/3&#8221; asti, joten voit p\u00e4ivitt\u00e4\u00e4 ja korjata tietoja, jos et&hellip;<\/p>\n<p> <a class=\"more-link\" href=\"https:\/\/esamksupport.samk.fi\/ohje\/wihi-opiskelijan-ohje\/\">Lue Lis\u00e4\u00e4<\/a><\/p>\n","protected":false},"author":13,"featured_media":0,"parent":0,"menu_order":0,"comment_status":"closed","ping_status":"open","template":"","meta":{"footnotes":""},"class_list":["post-1888","page","type-page","status-publish"],"_links":{"self":[{"href":"https:\/\/esamksupport.samk.fi\/ohje\/wp-json\/wp\/v2\/pages\/1888","targetHints":{"allow":["GET"]}}],"collection":[{"href":"https:\/\/esamksupport.samk.fi\/ohje\/wp-json\/wp\/v2\/pages"}],"about":[{"href":"https:\/\/esamksupport.samk.fi\/ohje\/wp-json\/wp\/v2\/types\/page"}],"author":[{"embeddable":true,"href":"https:\/\/esamksupport.samk.fi\/ohje\/wp-json\/wp\/v2\/users\/13"}],"replies":[{"embeddable":true,"href":"https:\/\/esamksupport.samk.fi\/ohje\/wp-json\/wp\/v2\/comments?post=1888"}],"version-history":[{"count":14,"href":"https:\/\/esamksupport.samk.fi\/ohje\/wp-json\/wp\/v2\/pages\/1888\/revisions"}],"predecessor-version":[{"id":4139,"href":"https:\/\/esamksupport.samk.fi\/ohje\/wp-json\/wp\/v2\/pages\/1888\/revisions\/4139"}],"wp:attachment":[{"href":"https:\/\/esamksupport.samk.fi\/ohje\/wp-json\/wp\/v2\/media?parent=1888"}],"curies":[{"name":"wp","href":"https:\/\/api.w.org\/{rel}","templated":true}]}}