{"id":217,"date":"2019-06-19T09:40:45","date_gmt":"2019-06-19T06:40:45","guid":{"rendered":"https:\/\/esamksupport.samk.fi\/ohje\/?page_id=217"},"modified":"2024-07-18T13:41:25","modified_gmt":"2024-07-18T10:41:25","slug":"moodle-opettaja-lohkot-blogivalikko","status":"publish","type":"page","link":"https:\/\/esamksupport.samk.fi\/ohje\/moodle-opettaja-lohkot-blogivalikko\/","title":{"rendered":"Moodle &gt; Opettaja &gt; Lohkot &gt; Blogivalikko"},"content":{"rendered":"\n<p><\/p>\n\n\n\n<p>Blogivalikko -lohkolla voit pit\u00e4\u00e4 opintojaksokohtaista blogia, joka on henkil\u00f6kohtainen tai julkinen.<\/p>\n\n\n\n<p>Blogista voidaan hakea tiettyj\u00e4 asioita sis\u00e4\u00e4nrakennetulla hakutoiminnolla, joten t\u00e4t\u00e4 voisi my\u00f6s hy\u00f6dynt\u00e4\u00e4 tiedonkeruualustana. Jokainen opiskelija voi luoda oman bloginsa opintojaksolle tai kirjoittaa julkiseen kurssiblogiin.<\/p>\n\n\n\n<p>Blogivalikko-lohkon saat lis\u00e4tty\u00e4 laittamalla muokkaustilan p\u00e4\u00e4lle ja valitsemalla <strong>Lis\u00e4\u00e4 lohko<\/strong>.<br><\/p>\n\n\n\n<p><strong>Blogivalikko -lohko n\u00e4ytt\u00e4\u00e4 opintojaksolla t\u00e4lt\u00e4:<\/strong><\/p>\n\n\n\n<figure class=\"wp-block-image size-large is-resized\"><img loading=\"lazy\" decoding=\"async\" width=\"270\" height=\"287\" src=\"https:\/\/esamksupport.samk.fi\/ohje\/wp-content\/uploads\/sites\/3\/2024\/07\/Blogivalikko-270x287.png\" alt=\"\" class=\"wp-image-3893\" style=\"width:328px;height:auto\" \/><\/figure>\n","protected":false},"excerpt":{"rendered":"<p>Blogivalikko -lohkolla voit pit\u00e4\u00e4 opintojaksokohtaista blogia, joka on henkil\u00f6kohtainen tai julkinen. Blogista voidaan hakea tiettyj\u00e4 asioita sis\u00e4\u00e4nrakennetulla hakutoiminnolla, joten t\u00e4t\u00e4 voisi my\u00f6s hy\u00f6dynt\u00e4\u00e4 tiedonkeruualustana. Jokainen opiskelija voi luoda oman bloginsa opintojaksolle tai kirjoittaa julkiseen kurssiblogiin. Blogivalikko-lohkon saat lis\u00e4tty\u00e4 laittamalla muokkaustilan p\u00e4\u00e4lle ja valitsemalla Lis\u00e4\u00e4 lohko. Blogivalikko -lohko n\u00e4ytt\u00e4\u00e4 opintojaksolla t\u00e4lt\u00e4:<\/p>\n","protected":false},"author":2,"featured_media":0,"parent":0,"menu_order":0,"comment_status":"closed","ping_status":"open","template":"","meta":{"footnotes":""},"class_list":["post-217","page","type-page","status-publish"],"_links":{"self":[{"href":"https:\/\/esamksupport.samk.fi\/ohje\/wp-json\/wp\/v2\/pages\/217","targetHints":{"allow":["GET"]}}],"collection":[{"href":"https:\/\/esamksupport.samk.fi\/ohje\/wp-json\/wp\/v2\/pages"}],"about":[{"href":"https:\/\/esamksupport.samk.fi\/ohje\/wp-json\/wp\/v2\/types\/page"}],"author":[{"embeddable":true,"href":"https:\/\/esamksupport.samk.fi\/ohje\/wp-json\/wp\/v2\/users\/2"}],"replies":[{"embeddable":true,"href":"https:\/\/esamksupport.samk.fi\/ohje\/wp-json\/wp\/v2\/comments?post=217"}],"version-history":[{"count":5,"href":"https:\/\/esamksupport.samk.fi\/ohje\/wp-json\/wp\/v2\/pages\/217\/revisions"}],"predecessor-version":[{"id":3896,"href":"https:\/\/esamksupport.samk.fi\/ohje\/wp-json\/wp\/v2\/pages\/217\/revisions\/3896"}],"wp:attachment":[{"href":"https:\/\/esamksupport.samk.fi\/ohje\/wp-json\/wp\/v2\/media?parent=217"}],"curies":[{"name":"wp","href":"https:\/\/api.w.org\/{rel}","templated":true}]}}