{"id":220,"date":"2019-06-19T09:41:47","date_gmt":"2019-06-19T06:41:47","guid":{"rendered":"https:\/\/esamksupport.samk.fi\/ohje\/?page_id=220"},"modified":"2024-07-12T10:37:15","modified_gmt":"2024-07-12T07:37:15","slug":"moodle-opettaja-lohkot-kalenteri","status":"publish","type":"page","link":"https:\/\/esamksupport.samk.fi\/ohje\/moodle-opettaja-lohkot-kalenteri\/","title":{"rendered":"Moodle &gt; Opettaja &gt; Lohkot &gt; Kalenteri"},"content":{"rendered":"\n<p>Kalenteri toimii kuten aikaisemmassa Moodlessa. Kalenteri -lohkoon voi merkit\u00e4 kurssitapahtumia, aikarajoja yms. Niin sanotussa suppeassa eli lohkon\u00e4kym\u00e4ss\u00e4 n\u00e4et tapahtumat eri v\u00e4risin\u00e4 riippuen mit\u00e4 asiaa n\u00e4m\u00e4 koskevat. Kalenterin avaamalla laajaan eli sivun\u00e4kym\u00e4\u00e4n voidaan m\u00e4\u00e4rit\u00e4t\u00e4 uusia tapahtumia kalenteriin.<br><\/p>\n\n\n\n<p><strong>Kaikki luodut tentit ja muut ajoitetut teht\u00e4v\u00e4t ilmestyv\u00e4t automaattisesti kalenteriin.<\/strong><\/p>\n\n\n\n<p>Kalenterin suppea, eli lohkon\u00e4kym\u00e4:<\/p>\n\n\n\n<figure class=\"wp-block-image size-large\"><img loading=\"lazy\" decoding=\"async\" width=\"266\" height=\"391\" src=\"https:\/\/esamksupport.samk.fi\/ohje\/wp-content\/uploads\/sites\/3\/2024\/07\/Kalenteri-1-266x391.png\" alt=\"\" class=\"wp-image-3690\" \/><\/figure>\n\n\n\n<p><\/p>\n\n\n\n<p>Klikkaamalla &#8221;t\u00e4ysi kalenteri&#8221; p\u00e4\u00e4set Kalenterin laajaan, eli sivun\u00e4kym\u00e4\u00e4n:<\/p>\n\n\n\n<figure class=\"wp-block-image size-1536x1536 is-resized\"><img loading=\"lazy\" decoding=\"async\" width=\"1090\" height=\"693\" src=\"https:\/\/esamksupport.samk.fi\/ohje\/wp-content\/uploads\/sites\/3\/2024\/07\/Kalenteri-2-1090x693.png\" alt=\"\" class=\"wp-image-3692\" style=\"width:832px;height:auto\" srcset=\"https:\/\/esamksupport.samk.fi\/ohje\/wp-content\/uploads\/sites\/3\/2024\/07\/Kalenteri-2.png 1090w, https:\/\/esamksupport.samk.fi\/ohje\/wp-content\/uploads\/sites\/3\/2024\/07\/Kalenteri-2-768x488.png 768w\" sizes=\"auto, (max-width: 1090px) 100vw, 1090px\" \/><\/figure>\n\n\n\n<p><\/p>\n\n\n\n<p>Uuden tapahtuman luominen tapahtuu painamalla <strong>Uusi tapahtuma<\/strong> -painiketta laajassa n\u00e4kym\u00e4ss\u00e4. Tapahtumalle m\u00e4\u00e4ritet\u00e4\u00e4n otsikko, ajankohta ja kuvaus.<\/p>\n\n\n\n<figure class=\"wp-block-image size-large is-resized\"><img loading=\"lazy\" decoding=\"async\" width=\"637\" height=\"312\" src=\"https:\/\/esamksupport.samk.fi\/ohje\/wp-content\/uploads\/sites\/3\/2024\/07\/Kalenteri-3-637x312.png\" alt=\"\" class=\"wp-image-3693\" style=\"width:601px;height:auto\" \/><\/figure>\n\n\n\n<p>Tapahtumat tulevat kalenterista automaattisesti my\u00f6s <strong>Tulevat tapahtumat<\/strong> -lohkoon.<\/p>\n\n\n\n<figure class=\"wp-block-image size-1536x1536 is-resized\"><img loading=\"lazy\" decoding=\"async\" width=\"236\" height=\"106\" src=\"https:\/\/esamksupport.samk.fi\/ohje\/wp-content\/uploads\/sites\/3\/2024\/07\/Kalenteri-4-236x106.png\" alt=\"\" class=\"wp-image-3694\" style=\"width:342px;height:auto\" \/><\/figure>\n","protected":false},"excerpt":{"rendered":"<p>Kalenteri toimii kuten aikaisemmassa Moodlessa. Kalenteri -lohkoon voi merkit\u00e4 kurssitapahtumia, aikarajoja yms. Niin sanotussa suppeassa eli lohkon\u00e4kym\u00e4ss\u00e4 n\u00e4et tapahtumat eri v\u00e4risin\u00e4 riippuen mit\u00e4 asiaa n\u00e4m\u00e4 koskevat. Kalenterin avaamalla laajaan eli sivun\u00e4kym\u00e4\u00e4n voidaan m\u00e4\u00e4rit\u00e4t\u00e4 uusia tapahtumia kalenteriin. Kaikki luodut tentit ja muut ajoitetut teht\u00e4v\u00e4t ilmestyv\u00e4t automaattisesti kalenteriin. Kalenterin suppea, eli lohkon\u00e4kym\u00e4: Klikkaamalla &#8221;t\u00e4ysi kalenteri&#8221; p\u00e4\u00e4set Kalenterin laajaan, eli sivun\u00e4kym\u00e4\u00e4n: Uuden tapahtuman luominen tapahtuu painamalla Uusi tapahtuma -painiketta laajassa n\u00e4kym\u00e4ss\u00e4. Tapahtumalle m\u00e4\u00e4ritet\u00e4\u00e4n otsikko, ajankohta ja kuvaus. Tapahtumat tulevat kalenterista automaattisesti my\u00f6s Tulevat tapahtumat -lohkoon.<\/p>\n","protected":false},"author":2,"featured_media":0,"parent":0,"menu_order":0,"comment_status":"closed","ping_status":"open","template":"","meta":{"footnotes":"[]"},"class_list":["post-220","page","type-page","status-publish"],"_links":{"self":[{"href":"https:\/\/esamksupport.samk.fi\/ohje\/wp-json\/wp\/v2\/pages\/220","targetHints":{"allow":["GET"]}}],"collection":[{"href":"https:\/\/esamksupport.samk.fi\/ohje\/wp-json\/wp\/v2\/pages"}],"about":[{"href":"https:\/\/esamksupport.samk.fi\/ohje\/wp-json\/wp\/v2\/types\/page"}],"author":[{"embeddable":true,"href":"https:\/\/esamksupport.samk.fi\/ohje\/wp-json\/wp\/v2\/users\/2"}],"replies":[{"embeddable":true,"href":"https:\/\/esamksupport.samk.fi\/ohje\/wp-json\/wp\/v2\/comments?post=220"}],"version-history":[{"count":6,"href":"https:\/\/esamksupport.samk.fi\/ohje\/wp-json\/wp\/v2\/pages\/220\/revisions"}],"predecessor-version":[{"id":3699,"href":"https:\/\/esamksupport.samk.fi\/ohje\/wp-json\/wp\/v2\/pages\/220\/revisions\/3699"}],"wp:attachment":[{"href":"https:\/\/esamksupport.samk.fi\/ohje\/wp-json\/wp\/v2\/media?parent=220"}],"curies":[{"name":"wp","href":"https:\/\/api.w.org\/{rel}","templated":true}]}}