{"id":225,"date":"2019-06-19T09:42:51","date_gmt":"2019-06-19T06:42:51","guid":{"rendered":"https:\/\/esamksupport.samk.fi\/ohje\/?page_id=225"},"modified":"2021-09-02T08:36:40","modified_gmt":"2021-09-02T05:36:40","slug":"moodle-opettaja-lohkot-levelup","status":"publish","type":"page","link":"https:\/\/esamksupport.samk.fi\/ohje\/moodle-opettaja-lohkot-levelup\/","title":{"rendered":"Moodle &gt; Opettaja &gt; Lohkot &gt; Level UP"},"content":{"rendered":"\n<p>Level UP! -lohko on opintojakson pelillist\u00e4v\u00e4 lis\u00e4osa. Opiskelijat saavat kokemuspisteit\u00e4 suoritetuista aktiviteeteista, teht\u00e4vist\u00e4 ja toiminnoista kurssilla, jotka nostavat opiskelijan tasoa kun tarpeeksi pisteit\u00e4 on ansaittu. T\u00e4ll\u00e4 tavalla opiskelijaa voidaan motivoida ker\u00e4\u00e4m\u00e4\u00e4n pisteit\u00e4 suorittamisen kautta ja opettaja voi esimerkiksi m\u00e4\u00e4ritell\u00e4 kurssin suoritetuksi, kun tietty pistem\u00e4\u00e4r\u00e4 \/ taso on saavutettu. Opettaja pystyy itse m\u00e4\u00e4rittelem\u00e4\u00e4n mist\u00e4 asioista ja toiminnoista kurssilla saa pisteit\u00e4 sek\u00e4 kuinka monta tasoa kurssilla on.<\/p>\n\n\n\n<p>Level UP! -lohko n\u00e4ytt\u00e4\u00e4 t\u00e4lt\u00e4 kurssisivulla<\/p>\n\n\n\n<figure class=\"wp-block-image size-large\"><img loading=\"lazy\" decoding=\"async\" width=\"299\" height=\"415\" src=\"https:\/\/esamksupport.samk.fi\/ohje\/wp-content\/uploads\/sites\/3\/2021\/09\/moodle_levelup-299x415.png\" alt=\"\" class=\"wp-image-2757\" \/><\/figure>\n\n\n\n<p>Level UP! -lohkosta p\u00e4\u00e4see sivun\u00e4kym\u00e4\u00e4n sivuille:<\/p>\n\n\n\n<ul class=\"wp-block-list\"><li><strong>Tietoa<\/strong> &#8211; Sivulla m\u00e4\u00e4ritelty tasopistevaatimukset ja kuvaukset<\/li><li><strong>Tulostaulu<\/strong> &#8211; Sivulla l\u00f6ytyy opiskelijoiden nykyiset tasot ja eteneminen<\/li><li><strong>Raportti<\/strong> &#8211; Sivulla voidaan muuttaa pistem\u00e4\u00e4ri\u00e4 ja nollata pisteet osallistujilta<\/li><li><strong>Asetukset<\/strong> &#8211; Vie asetuksien v\u00e4lilehdelle, jossa voidaan m\u00e4\u00e4ritell\u00e4 mm. samojen toimintojen per\u00e4kk\u00e4iset m\u00e4\u00e4r\u00e4t ja aikarajat n\u00e4ille (opiskelija ei voi ns. sp\u00e4mmi\u00e4 pisteit\u00e4 vaikka k\u00e4ym\u00e4ll\u00e4 l\u00e4pi kaikki aktiviteetit)<\/li><\/ul>\n\n\n\n<p>Level UP! sis\u00e4lt\u00e4\u00e4 sivun\u00e4kym\u00e4ss\u00e4 lis\u00e4ksi seuraavat v\u00e4lilehdet: <strong>lokitiedot<\/strong> osallistujien suorittamista pisteiden arvoisista aktiviteeteista, <strong>tasot<\/strong> sis\u00e4lt\u00e4en m\u00e4\u00e4ritykset ja tasorajat, <strong>grafiikka<\/strong> tasokuvia varten sek\u00e4 t\u00e4rkein v\u00e4lilehti <strong>s\u00e4\u00e4nn\u00f6t<\/strong>.<\/p>\n\n\n\n<p><strong>S\u00e4\u00e4nn\u00f6t<\/strong> -v\u00e4lilehdell\u00e4 m\u00e4\u00e4ritell\u00e4\u00e4n mist\u00e4 opintojaksolla voi saada pisteit\u00e4. T\u00e4m\u00e4 tapahtuu ns. ehtolauseilla; kun jotain tehd\u00e4\u00e4n, saadaan pisteit\u00e4. Kun aktiviteetti avataan, saadaan pisteit\u00e4. Kun keskustelualueelle osallistutaan, saadaan pisteit\u00e4. Ja sit\u00e4 rataa. Voidaan my\u00f6s m\u00e4\u00e4ritell\u00e4 usean ehdon vaatimia pistepalkkioita, joissa esimerkiksi opiskelijan pit\u00e4\u00e4 suorittaa kaikki sanakokeet saadakseen bonuspistesaaliin.<\/p>\n\n\n\n<figure class=\"wp-block-image size-large\"><img loading=\"lazy\" decoding=\"async\" width=\"800\" height=\"396\" src=\"https:\/\/esamksupport.samk.fi\/ohje\/wp-content\/uploads\/sites\/3\/2021\/09\/moodle_levelup_rules-800x396.png\" alt=\"\" class=\"wp-image-2758\" srcset=\"https:\/\/esamksupport.samk.fi\/ohje\/wp-content\/uploads\/sites\/3\/2021\/09\/moodle_levelup_rules.png 800w, https:\/\/esamksupport.samk.fi\/ohje\/wp-content\/uploads\/sites\/3\/2021\/09\/moodle_levelup_rules-768x380.png 768w\" sizes=\"auto, (max-width: 800px) 100vw, 800px\" \/><\/figure>\n\n\n\n<p>T\u00e4ss\u00e4 tapauksessa opiskelija saa 15 kokemuspistett\u00e4 tehty\u00e4\u00e4n jonkin seuraavista tapahtumista (esim. palauttanut teht\u00e4v\u00e4n). T\u00e4m\u00e4n pisteen opiskelija voi saada kerran jokaisesta teht\u00e4v\u00e4st\u00e4 ja t\u00e4m\u00e4 ei ole spesifiseen teht\u00e4v\u00e4\u00e4n sidonnainen. Ehtoja voidaan m\u00e4\u00e4ritt\u00e4\u00e4 rajattomasti lis\u00e4osaan ja t\u00e4ll\u00e4 tavoin pelillist\u00e4m\u00e4ll\u00e4 voidaan motivoida opiskelijoita suoriutumaan paremmin!<\/p>\n","protected":false},"excerpt":{"rendered":"<p>Level UP! -lohko on opintojakson pelillist\u00e4v\u00e4 lis\u00e4osa. Opiskelijat saavat kokemuspisteit\u00e4 suoritetuista aktiviteeteista, teht\u00e4vist\u00e4 ja toiminnoista kurssilla, jotka nostavat opiskelijan tasoa kun tarpeeksi pisteit\u00e4 on ansaittu. T\u00e4ll\u00e4 tavalla opiskelijaa voidaan motivoida ker\u00e4\u00e4m\u00e4\u00e4n pisteit\u00e4 suorittamisen kautta ja opettaja voi esimerkiksi m\u00e4\u00e4ritell\u00e4 kurssin suoritetuksi, kun tietty pistem\u00e4\u00e4r\u00e4 \/ taso on saavutettu. Opettaja pystyy itse m\u00e4\u00e4rittelem\u00e4\u00e4n mist\u00e4 asioista ja toiminnoista kurssilla saa pisteit\u00e4 sek\u00e4 kuinka monta tasoa kurssilla on. Level UP! -lohko n\u00e4ytt\u00e4\u00e4 t\u00e4lt\u00e4 kurssisivulla Level UP! -lohkosta p\u00e4\u00e4see sivun\u00e4kym\u00e4\u00e4n sivuille: Tietoa &#8211; Sivulla m\u00e4\u00e4ritelty tasopistevaatimukset ja kuvaukset Tulostaulu &#8211; Sivulla l\u00f6ytyy opiskelijoiden nykyiset tasot ja eteneminen Raportti &#8211; Sivulla voidaan muuttaa pistem\u00e4\u00e4ri\u00e4 ja nollata pisteet osallistujilta Asetukset &#8211; Vie asetuksien v\u00e4lilehdelle, jossa voidaan m\u00e4\u00e4ritell\u00e4 mm. samojen toimintojen per\u00e4kk\u00e4iset m\u00e4\u00e4r\u00e4t ja aikarajat n\u00e4ille (opiskelija ei voi ns. sp\u00e4mmi\u00e4 pisteit\u00e4 vaikka k\u00e4ym\u00e4ll\u00e4 l\u00e4pi kaikki aktiviteetit) Level UP! sis\u00e4lt\u00e4\u00e4 sivun\u00e4kym\u00e4ss\u00e4 lis\u00e4ksi seuraavat v\u00e4lilehdet: lokitiedot osallistujien suorittamista pisteiden arvoisista aktiviteeteista, tasot sis\u00e4lt\u00e4en m\u00e4\u00e4ritykset ja tasorajat, grafiikka tasokuvia&hellip;<\/p>\n<p> <a class=\"more-link\" href=\"https:\/\/esamksupport.samk.fi\/ohje\/moodle-opettaja-lohkot-levelup\/\">Lue Lis\u00e4\u00e4<\/a><\/p>\n","protected":false},"author":2,"featured_media":0,"parent":0,"menu_order":0,"comment_status":"closed","ping_status":"open","template":"","meta":{"footnotes":""},"class_list":["post-225","page","type-page","status-publish"],"_links":{"self":[{"href":"https:\/\/esamksupport.samk.fi\/ohje\/wp-json\/wp\/v2\/pages\/225","targetHints":{"allow":["GET"]}}],"collection":[{"href":"https:\/\/esamksupport.samk.fi\/ohje\/wp-json\/wp\/v2\/pages"}],"about":[{"href":"https:\/\/esamksupport.samk.fi\/ohje\/wp-json\/wp\/v2\/types\/page"}],"author":[{"embeddable":true,"href":"https:\/\/esamksupport.samk.fi\/ohje\/wp-json\/wp\/v2\/users\/2"}],"replies":[{"embeddable":true,"href":"https:\/\/esamksupport.samk.fi\/ohje\/wp-json\/wp\/v2\/comments?post=225"}],"version-history":[{"count":3,"href":"https:\/\/esamksupport.samk.fi\/ohje\/wp-json\/wp\/v2\/pages\/225\/revisions"}],"predecessor-version":[{"id":2761,"href":"https:\/\/esamksupport.samk.fi\/ohje\/wp-json\/wp\/v2\/pages\/225\/revisions\/2761"}],"wp:attachment":[{"href":"https:\/\/esamksupport.samk.fi\/ohje\/wp-json\/wp\/v2\/media?parent=225"}],"curies":[{"name":"wp","href":"https:\/\/api.w.org\/{rel}","templated":true}]}}