{"id":232,"date":"2019-06-19T09:44:30","date_gmt":"2019-06-19T06:44:30","guid":{"rendered":"https:\/\/esamksupport.samk.fi\/ohje\/?page_id=232"},"modified":"2024-07-17T15:16:09","modified_gmt":"2024-07-17T12:16:09","slug":"moodle-opettaja-lohkot-tekstilohko","status":"publish","type":"page","link":"https:\/\/esamksupport.samk.fi\/ohje\/moodle-opettaja-lohkot-tekstilohko\/","title":{"rendered":"Moodle &gt; Opettaja &gt; Lohkot &gt; Tekstilohko"},"content":{"rendered":"\n<p><\/p>\n\n\n\n<p>Tekstilohko on er\u00e4\u00e4nlainen r\u00e4\u00e4t\u00e4l\u00f6ityjen lohkojen tekemist\u00e4 varten oleva &#8221;tyhj\u00e4&#8221; lohko. T\u00e4h\u00e4n voidaan esim. upottaa verkkomateriaalia, sovelluksia ja muita selaimessa py\u00f6rivi\u00e4 toimintoja.<\/p>\n\n\n\n<p>Saat lis\u00e4tty\u00e4 tekstilohkon laittamalla muokkaustilan p\u00e4\u00e4lle ja klikkaamalla <strong>Lis\u00e4\u00e4 lohko<\/strong>. Valitse avautuvasta lohkovalikosta <strong>Tekstilohko<\/strong>.<br><\/p>\n\n\n\n<figure class=\"wp-block-image size-full is-resized\"><img loading=\"lazy\" decoding=\"async\" width=\"1117\" height=\"161\" src=\"https:\/\/esamksupport.samk.fi\/ohje\/wp-content\/uploads\/sites\/3\/2024\/07\/Teksti-1-1.png\" alt=\"\" class=\"wp-image-3843\" style=\"width:842px;height:auto\" srcset=\"https:\/\/esamksupport.samk.fi\/ohje\/wp-content\/uploads\/sites\/3\/2024\/07\/Teksti-1-1.png 1117w, https:\/\/esamksupport.samk.fi\/ohje\/wp-content\/uploads\/sites\/3\/2024\/07\/Teksti-1-1-768x110.png 768w\" sizes=\"auto, (max-width: 1117px) 100vw, 1117px\" \/><\/figure>\n\n\n\n<p><\/p>\n\n\n\n<p><strong>Muokkaamaton tekstilohko n\u00e4ytt\u00e4\u00e4 t\u00e4lt\u00e4<\/strong>:<\/p>\n\n\n\n<figure class=\"wp-block-image size-full is-resized\"><img loading=\"lazy\" decoding=\"async\" width=\"279\" height=\"79\" src=\"https:\/\/esamksupport.samk.fi\/ohje\/wp-content\/uploads\/sites\/3\/2024\/07\/Teksti2.png\" alt=\"\" class=\"wp-image-3844\" style=\"width:328px;height:auto\" \/><\/figure>\n\n\n\n<p><\/p>\n\n\n\n<p>Klikkaamalla rattaan kuvaa lohkossa ja valitsemalla <strong>Muokkaa lohkoa<\/strong>, p\u00e4\u00e4set muokkaamaan lohkon asetuksia ja lis\u00e4\u00e4m\u00e4\u00e4n sis\u00e4lt\u00f6\u00e4.<\/p>\n\n\n\n<figure class=\"wp-block-image size-large is-resized\"><img loading=\"lazy\" decoding=\"async\" width=\"784\" height=\"824\" src=\"https:\/\/esamksupport.samk.fi\/ohje\/wp-content\/uploads\/sites\/3\/2024\/07\/Teksti-3-784x824.png\" alt=\"\" class=\"wp-image-3845\" style=\"width:548px;height:auto\" srcset=\"https:\/\/esamksupport.samk.fi\/ohje\/wp-content\/uploads\/sites\/3\/2024\/07\/Teksti-3.png 784w, https:\/\/esamksupport.samk.fi\/ohje\/wp-content\/uploads\/sites\/3\/2024\/07\/Teksti-3-768x807.png 768w\" sizes=\"auto, (max-width: 784px) 100vw, 784px\" \/><\/figure>\n","protected":false},"excerpt":{"rendered":"<p>Tekstilohko on er\u00e4\u00e4nlainen r\u00e4\u00e4t\u00e4l\u00f6ityjen lohkojen tekemist\u00e4 varten oleva &#8221;tyhj\u00e4&#8221; lohko. T\u00e4h\u00e4n voidaan esim. upottaa verkkomateriaalia, sovelluksia ja muita selaimessa py\u00f6rivi\u00e4 toimintoja. Saat lis\u00e4tty\u00e4 tekstilohkon laittamalla muokkaustilan p\u00e4\u00e4lle ja klikkaamalla Lis\u00e4\u00e4 lohko. Valitse avautuvasta lohkovalikosta Tekstilohko. Muokkaamaton tekstilohko n\u00e4ytt\u00e4\u00e4 t\u00e4lt\u00e4: Klikkaamalla rattaan kuvaa lohkossa ja valitsemalla Muokkaa lohkoa, p\u00e4\u00e4set muokkaamaan lohkon asetuksia ja lis\u00e4\u00e4m\u00e4\u00e4n sis\u00e4lt\u00f6\u00e4.<\/p>\n","protected":false},"author":2,"featured_media":0,"parent":0,"menu_order":0,"comment_status":"closed","ping_status":"open","template":"","meta":{"footnotes":""},"class_list":["post-232","page","type-page","status-publish"],"_links":{"self":[{"href":"https:\/\/esamksupport.samk.fi\/ohje\/wp-json\/wp\/v2\/pages\/232","targetHints":{"allow":["GET"]}}],"collection":[{"href":"https:\/\/esamksupport.samk.fi\/ohje\/wp-json\/wp\/v2\/pages"}],"about":[{"href":"https:\/\/esamksupport.samk.fi\/ohje\/wp-json\/wp\/v2\/types\/page"}],"author":[{"embeddable":true,"href":"https:\/\/esamksupport.samk.fi\/ohje\/wp-json\/wp\/v2\/users\/2"}],"replies":[{"embeddable":true,"href":"https:\/\/esamksupport.samk.fi\/ohje\/wp-json\/wp\/v2\/comments?post=232"}],"version-history":[{"count":3,"href":"https:\/\/esamksupport.samk.fi\/ohje\/wp-json\/wp\/v2\/pages\/232\/revisions"}],"predecessor-version":[{"id":3846,"href":"https:\/\/esamksupport.samk.fi\/ohje\/wp-json\/wp\/v2\/pages\/232\/revisions\/3846"}],"wp:attachment":[{"href":"https:\/\/esamksupport.samk.fi\/ohje\/wp-json\/wp\/v2\/media?parent=232"}],"curies":[{"name":"wp","href":"https:\/\/api.w.org\/{rel}","templated":true}]}}