{"id":243,"date":"2019-06-19T09:46:28","date_gmt":"2019-06-19T06:46:28","guid":{"rendered":"https:\/\/esamksupport.samk.fi\/ohje\/?page_id=243"},"modified":"2024-08-06T15:37:52","modified_gmt":"2024-08-06T12:37:52","slug":"moodle-opettaja-analytiikka-edistymisenseuranta","status":"publish","type":"page","link":"https:\/\/esamksupport.samk.fi\/ohje\/moodle-opettaja-analytiikka-edistymisenseuranta\/","title":{"rendered":"Moodle &gt; Opettaja &gt; Analytiikka &gt; Edistymisen seuranta"},"content":{"rendered":"\n<p><strong>Edistymisen seuranta<\/strong> on lohko, jolla sek\u00e4 opiskelija ett\u00e4 opettaja voivat seurata suorituksia opintojaksolla. Lohko on opintojaksokohtainen ja opiskelija n\u00e4kee ainoastaan omat suorituksensa lohkosta.<\/p>\n\n\n\n<p>Opettaja n\u00e4kee kaikkien opintojaksolla olevien suoritukset. Edistymisen seurantaan pit\u00e4\u00e4 m\u00e4\u00e4ritell\u00e4 mitk\u00e4 aktiviteetit ovat seurannassa mukana. Seurantaan voidaan laittaa kaikki aktiviteetit (tentit, teht\u00e4v\u00e4t, keskustelut ym.) tai vain tietyt, esimerkiksi pelk\u00e4t tentit.<\/p>\n\n\n\n<p>Edistymisen seuranta -lohkoja voi my\u00f6s olla useampia ja niihin voidaan laittaa eri aktiviteetteja. Voit esimerkiksi tehd\u00e4 yhden edistymisen seurannan tenteille ja toisen teht\u00e4ville. Opettaja pystyy edistymisen seurannalla tekem\u00e4\u00e4n yleiskatsauksia opintojakson suorituksiin ja katsoa esimerkiksi milloin kaikki opiskelijat ovat palauttaneet yhden opintojakson teht\u00e4v\u00e4n.<br><\/p>\n\n\n\n<p>Edistymisen seurantaan lis\u00e4tt\u00e4ville aktiviteeteille pit\u00e4\u00e4 m\u00e4\u00e4ritell\u00e4 <strong>suoritusehdot<\/strong>, eli ne arvot, joilla aktiviteetista saadaan suoritusmerkint\u00e4 edistymisen seurantaan. Ehtoja aktiviteetille voi asettaa erilaisia ja useita samanaikaisesti.<\/p>\n\n\n\n<ul class=\"wp-block-list\">\n<li>Yleisin ja yksinkertaisin ehto on arvosanan saaminen aktiviteetista suoritusmerkint\u00e4\u00e4 varten.<\/li>\n\n\n\n<li>Opettaja voi my\u00f6s laittaa aktiviteetin suoritusmerkinn\u00e4ksi pelk\u00e4st\u00e4\u00e4n aktiviteetin avaamisen, joka toimii hyvin esimerkiksi materiaaleissa, jotka avautuvat toiselle verkkosivulle.<\/li>\n\n\n\n<li>Numeraalisesti arvioitavissa aktiviteeteissa voi olla suorituksen ehdoksi merkittyn\u00e4 hyv\u00e4ksymisraja, joka on arviointi -kohdassa merkitty l\u00e4p\u00e4isemisraja aktiviteetille. Esimerkiksi 10 pisteen tentiss\u00e4 l\u00e4p\u00e4isemisraja voi olla 5 pistett\u00e4 ja alle t\u00e4m\u00e4n pisterajan aktiviteetti on automaattisesti hyl\u00e4tty, jolloin suoritusmerkint\u00e4\u00e4 ei my\u00f6sk\u00e4\u00e4n tule.<\/li>\n<\/ul>\n\n\n\n<p><\/p>\n\n\n\n<h4 class=\"wp-block-heading\">Suoritusehtojen m\u00e4\u00e4rittely aktiviteetille:<\/h4>\n\n\n\n<ol class=\"wp-block-list\">\n<li>Laita <strong>muokkaustila <\/strong>p\u00e4\u00e4lle ja valitse aktiviteetti, jolle haluat m\u00e4\u00e4ritell\u00e4 suoritusehdot.<\/li>\n\n\n\n<li>Klikkaa kolmea pistett\u00e4 aktiviteetin kohdalla ja valitse <strong>muokkaa asetuksia<\/strong>.<\/li>\n<\/ol>\n\n\n\n<figure class=\"wp-block-image size-large is-resized\"><img loading=\"lazy\" decoding=\"async\" width=\"1018\" height=\"563\" src=\"https:\/\/esamksupport.samk.fi\/ohje\/wp-content\/uploads\/sites\/3\/2024\/07\/Edistyminen-7-1-1018x563.png\" alt=\"\" class=\"wp-image-3673\" style=\"width:587px;height:auto\" srcset=\"https:\/\/esamksupport.samk.fi\/ohje\/wp-content\/uploads\/sites\/3\/2024\/07\/Edistyminen-7-1.png 1018w, https:\/\/esamksupport.samk.fi\/ohje\/wp-content\/uploads\/sites\/3\/2024\/07\/Edistyminen-7-1-768x424.png 768w\" sizes=\"auto, (max-width: 1018px) 100vw, 1018px\" \/><\/figure>\n\n\n\n<p>3. Aktiviteetin asetusten kohdassa <em>&#8221;Opiskelijoiden edistyminen&#8221;<\/em>, p\u00e4\u00e4set m\u00e4\u00e4rittelem\u00e4\u00e4n suoritusehdot aktiviteetille.<\/p>\n\n\n\n<figure class=\"wp-block-image size-large is-resized\"><img loading=\"lazy\" decoding=\"async\" width=\"815\" height=\"448\" src=\"https:\/\/esamksupport.samk.fi\/ohje\/wp-content\/uploads\/sites\/3\/2024\/07\/Edistyminen-8-1-815x448.png\" alt=\"\" class=\"wp-image-3674\" style=\"width:546px;height:auto\" srcset=\"https:\/\/esamksupport.samk.fi\/ohje\/wp-content\/uploads\/sites\/3\/2024\/07\/Edistyminen-8-1.png 815w, https:\/\/esamksupport.samk.fi\/ohje\/wp-content\/uploads\/sites\/3\/2024\/07\/Edistyminen-8-1-768x422.png 768w\" sizes=\"auto, (max-width: 815px) 100vw, 815px\" \/><\/figure>\n\n\n\n<p><\/p>\n\n\n\n<p><strong>Huom!<\/strong> Edistymisen seurantaa k\u00e4ytt\u00e4v\u00e4\u00e4 opintojaksoa tehdess\u00e4 kannattaa m\u00e4\u00e4ritell\u00e4 ja varmistaa ehdot etuk\u00e4teen jokaiseen aktiviteettiin. Kun opintojakso alkaa ja opiskelijat alkavat suorittamaan aktiviteetteja, menev\u00e4t asetukset edistymisen osilta lukkoon. T\u00e4m\u00e4n lukon poistaminen johtaa arviointisuoritusten menett\u00e4miseen.<\/p>\n\n\n\n<p>Jos edistymisen seuranta ei l\u00f6ydy lohkolistastasi, saattaa kurssin omissa asetuksissa olla <strong>suoritusten seuranta<\/strong> poissa p\u00e4\u00e4lt\u00e4. T\u00e4m\u00e4n p\u00e4\u00e4see tarkistamaan kohdasta asetukset <strong>-&gt;<\/strong> muokkaa kurssiasetuksia <strong>-&gt;<\/strong> suoritusten seuranta. Seurantalohkot eiv\u00e4t toimi opintojaksolla ilman t\u00e4t\u00e4 asetusta.<\/p>\n\n\n\n<p><\/p>\n\n\n\n<p>P\u00e4\u00e4set lis\u00e4\u00e4m\u00e4\u00e4n lohkon opintojaksollesi asettamalla muokkaustilan p\u00e4\u00e4lle ja valitsemalla edistymisen seurannan lohkolistalta. Suoritusten seurannassa olevat aineistot ja aktiviteetit ilmaantuvat automaattisesti <strong>edistymisen seuranta<\/strong> -lohkoon.<\/p>\n\n\n\n<figure class=\"wp-block-image size-1536x1536 is-resized\"><img loading=\"lazy\" decoding=\"async\" width=\"1240\" height=\"279\" src=\"https:\/\/esamksupport.samk.fi\/ohje\/wp-content\/uploads\/sites\/3\/2024\/07\/Edistyminen-7-1240x279.png\" alt=\"\" class=\"wp-image-3667\" style=\"width:816px;height:auto\" srcset=\"https:\/\/esamksupport.samk.fi\/ohje\/wp-content\/uploads\/sites\/3\/2024\/07\/Edistyminen-7.png 1240w, https:\/\/esamksupport.samk.fi\/ohje\/wp-content\/uploads\/sites\/3\/2024\/07\/Edistyminen-7-768x172.png 768w\" sizes=\"auto, (max-width: 1240px) 100vw, 1240px\" \/><\/figure>\n\n\n\n<figure class=\"wp-block-image size-full is-resized\"><img loading=\"lazy\" decoding=\"async\" width=\"1091\" height=\"360\" src=\"https:\/\/esamksupport.samk.fi\/ohje\/wp-content\/uploads\/sites\/3\/2024\/08\/Edistyminen-9.png\" alt=\"\" class=\"wp-image-3921\" style=\"width:816px;height:auto\" srcset=\"https:\/\/esamksupport.samk.fi\/ohje\/wp-content\/uploads\/sites\/3\/2024\/08\/Edistyminen-9.png 1091w, https:\/\/esamksupport.samk.fi\/ohje\/wp-content\/uploads\/sites\/3\/2024\/08\/Edistyminen-9-768x253.png 768w\" sizes=\"auto, (max-width: 1091px) 100vw, 1091px\" \/><\/figure>\n\n\n\n<p><\/p>\n\n\n\n<h4 class=\"wp-block-heading\">Edistymisen seuranta n\u00e4ytt\u00e4\u00e4 kurssialueella t\u00e4lt\u00e4:<\/h4>\n\n\n\n<figure class=\"wp-block-image size-large is-resized\"><img loading=\"lazy\" decoding=\"async\" width=\"372\" height=\"264\" src=\"https:\/\/esamksupport.samk.fi\/ohje\/wp-content\/uploads\/sites\/3\/2024\/07\/Edistyminen-1-372x264.png\" alt=\"\" class=\"wp-image-3663\" style=\"width:391px;height:auto\" \/><\/figure>\n\n\n\n<p>Lohko n\u00e4ytt\u00e4\u00e4 todenn\u00e4k\u00f6isesti pelk\u00e4st\u00e4\u00e4n sinisi\u00e4 palkkeja opettajan n\u00e4kym\u00e4ss\u00e4, sill\u00e4 t\u00e4m\u00e4 ottaa my\u00f6s opettajan suorituksen huomioon. <strong>Sininen v\u00e4ri palkeissa<\/strong> tarkoittaa keskener\u00e4ist\u00e4 tai palauttamatonta aktiviteettia, mutta n\u00e4it\u00e4 ei opettaja palautakaan itse, niin t\u00e4m\u00e4 n\u00e4kym\u00e4 ei viel\u00e4 tarjoa mit\u00e4\u00e4n muuta tietoa opintojaksosta, paitsi sen, ett\u00e4 suoritusten seuranta on aktivoituna.<\/p>\n\n\n\n<p><strong>V\u00e4rikoodaus <\/strong>toimii siten, ett\u00e4 palkki on <strong>keltainen<\/strong>, kun aktiviteetti odottaa arviointia, <strong>punainen<\/strong>, kun aktiviteetin suoritusvaatimukset ovat suorituskertojen j\u00e4lkeen ep\u00e4onnistuneet ja <strong>vihre\u00e4<\/strong>, kun aktiviteetti on ehtojen mukaan suoritettu.<\/p>\n\n\n\n<p>Lohkon hy\u00f6dyllisyys tulee opettajalle parhaiten esiin siirtym\u00e4ll\u00e4 lohkossa kohtaan <strong>yleiskatsaus opiskelijoista<\/strong>. <\/p>\n\n\n\n<p>T\u00e4ss\u00e4 n\u00e4kym\u00e4ss\u00e4 n\u00e4kee helposti:<\/p>\n\n\n\n<ul class=\"wp-block-list\">\n<li>Milloin opiskelija on suorittanut kaikki kurssit ja odottaa arvosanaa.<\/li>\n\n\n\n<li>Milloin opiskelija on palauttanut teht\u00e4vi\u00e4, jotka odottavat arviointia.<\/li>\n\n\n\n<li>Tai milloin kaikki opiskelijat ovat palauttaneet tietyn teht\u00e4v\u00e4n ja voit siirty\u00e4 arvioimaan kaikki kerralla.<\/li>\n<\/ul>\n\n\n\n<h4 class=\"wp-block-heading\">N\u00e4kym\u00e4 on opettajalle t\u00e4llainen:<\/h4>\n\n\n\n<figure class=\"wp-block-image size-1536x1536 is-resized\"><img loading=\"lazy\" decoding=\"async\" width=\"1049\" height=\"631\" src=\"https:\/\/esamksupport.samk.fi\/ohje\/wp-content\/uploads\/sites\/3\/2024\/07\/Edistyminen-2-1-1049x631.png\" alt=\"\" class=\"wp-image-3665\" style=\"width:690px;height:auto\" srcset=\"https:\/\/esamksupport.samk.fi\/ohje\/wp-content\/uploads\/sites\/3\/2024\/07\/Edistyminen-2-1.png 1049w, https:\/\/esamksupport.samk.fi\/ohje\/wp-content\/uploads\/sites\/3\/2024\/07\/Edistyminen-2-1-768x461.png 768w\" sizes=\"auto, (max-width: 1049px) 100vw, 1049px\" \/><\/figure>\n\n\n\n<p><\/p>\n\n\n\n<h3 class=\"wp-block-heading\"><strong>K\u00e4ytt\u00f6\u00f6notto<\/strong>:<\/h3>\n\n\n\n<p>Laita Suoritusten seuranta p\u00e4\u00e4lle kurssin yl\u00e4reunan asetuksista, kohdasta <em>&#8221;Suoritusten seuranta&#8221; <\/em>ja valitse <strong>Kyll\u00e4<\/strong>,<strong> <\/strong>kohdassa <em>&#8221;Ota opiskelijoiden suoritusten seuranta k\u00e4ytt\u00f6\u00f6n&#8221;<\/em>.<\/p>\n\n\n\n<figure class=\"wp-block-image size-1536x1536 is-resized\"><img loading=\"lazy\" decoding=\"async\" width=\"1050\" height=\"712\" src=\"https:\/\/esamksupport.samk.fi\/ohje\/wp-content\/uploads\/sites\/3\/2024\/07\/Edistyminen-3-1050x712.png\" alt=\"\" class=\"wp-image-3666\" style=\"width:721px;height:auto\" srcset=\"https:\/\/esamksupport.samk.fi\/ohje\/wp-content\/uploads\/sites\/3\/2024\/07\/Edistyminen-3.png 1050w, https:\/\/esamksupport.samk.fi\/ohje\/wp-content\/uploads\/sites\/3\/2024\/07\/Edistyminen-3-768x520.png 768w\" sizes=\"auto, (max-width: 1050px) 100vw, 1050px\" \/><\/figure>\n\n\n\n<p><\/p>\n\n\n\n<p>Kun haluat m\u00e4\u00e4ritt\u00e4\u00e4 seurattavat aktiviteetit<strong> <\/strong>edistymisen seurantaan, klikkaa muokkaustilassa lohkossa olevaa hammasrattaan kuvaa ja valitse kohta <strong>muokkaa lohkoa&#8230;<\/strong><\/p>\n\n\n\n<figure class=\"wp-block-image size-large is-resized\"><img loading=\"lazy\" decoding=\"async\" width=\"301\" height=\"288\" src=\"https:\/\/esamksupport.samk.fi\/ohje\/wp-content\/uploads\/sites\/3\/2024\/07\/Edistyminen-8-301x288.png\" alt=\"\" class=\"wp-image-3670\" style=\"width:284px;height:auto\" \/><\/figure>\n\n\n\n<p><\/p>\n\n\n\n<p>Lohkoa muokattaessa saadaan n\u00e4kyviin aktiviteettien valinta klikkamalla kohdasta <strong>n\u00e4yt\u00e4 lis\u00e4\u00e4<\/strong>.<\/p>\n\n\n\n<p><strong>Mukaan luetut aktiviteetit<\/strong> -kohdassa valitaan seuraako lohko automaattisesti kaikkia aktiviteetteja joissa on opiskelijoiden suoritusten seuranta p\u00e4\u00e4ll\u00e4 vai vain tiettyj\u00e4 n\u00e4ist\u00e4.<\/p>\n\n\n\n<ul class=\"wp-block-list\">\n<li>Jos valitaan j\u00e4lkimm\u00e4inen, p\u00e4\u00e4st\u00e4\u00e4n valitsemaan t\u00e4m\u00e4n alapuolelta ne aktiviteetit, joihin halutaan edistymisen seuranta p\u00e4\u00e4lle.<\/li>\n<\/ul>\n\n\n\n<figure class=\"wp-block-image size-large is-resized\"><img loading=\"lazy\" decoding=\"async\" width=\"722\" height=\"570\" src=\"https:\/\/esamksupport.samk.fi\/ohje\/wp-content\/uploads\/sites\/3\/2024\/07\/Edistyminen-6-722x570.png\" alt=\"\" class=\"wp-image-3669\" style=\"width:568px;height:auto\" \/><\/figure>\n\n\n\n<p><\/p>\n\n\n\n<p><\/p>\n","protected":false},"excerpt":{"rendered":"<p>Edistymisen seuranta on lohko, jolla sek\u00e4 opiskelija ett\u00e4 opettaja voivat seurata suorituksia opintojaksolla. Lohko on opintojaksokohtainen ja opiskelija n\u00e4kee ainoastaan omat suorituksensa lohkosta. Opettaja n\u00e4kee kaikkien opintojaksolla olevien suoritukset. Edistymisen seurantaan pit\u00e4\u00e4 m\u00e4\u00e4ritell\u00e4 mitk\u00e4 aktiviteetit ovat seurannassa mukana. Seurantaan voidaan laittaa kaikki aktiviteetit (tentit, teht\u00e4v\u00e4t, keskustelut ym.) tai vain tietyt, esimerkiksi pelk\u00e4t tentit. Edistymisen seuranta -lohkoja voi my\u00f6s olla useampia ja niihin voidaan laittaa eri aktiviteetteja. Voit esimerkiksi tehd\u00e4 yhden edistymisen seurannan tenteille ja toisen teht\u00e4ville. Opettaja pystyy edistymisen seurannalla tekem\u00e4\u00e4n yleiskatsauksia opintojakson suorituksiin ja katsoa esimerkiksi milloin kaikki opiskelijat ovat palauttaneet yhden opintojakson teht\u00e4v\u00e4n. Edistymisen seurantaan lis\u00e4tt\u00e4ville aktiviteeteille pit\u00e4\u00e4 m\u00e4\u00e4ritell\u00e4 suoritusehdot, eli ne arvot, joilla aktiviteetista saadaan suoritusmerkint\u00e4 edistymisen seurantaan. Ehtoja aktiviteetille voi asettaa erilaisia ja useita samanaikaisesti. Suoritusehtojen m\u00e4\u00e4rittely aktiviteetille: 3. Aktiviteetin asetusten kohdassa &#8221;Opiskelijoiden edistyminen&#8221;, p\u00e4\u00e4set m\u00e4\u00e4rittelem\u00e4\u00e4n suoritusehdot aktiviteetille. Huom! Edistymisen seurantaa k\u00e4ytt\u00e4v\u00e4\u00e4 opintojaksoa tehdess\u00e4 kannattaa m\u00e4\u00e4ritell\u00e4 ja varmistaa ehdot etuk\u00e4teen jokaiseen aktiviteettiin. Kun opintojakso alkaa ja&hellip;<\/p>\n<p> <a class=\"more-link\" href=\"https:\/\/esamksupport.samk.fi\/ohje\/moodle-opettaja-analytiikka-edistymisenseuranta\/\">Lue Lis\u00e4\u00e4<\/a><\/p>\n","protected":false},"author":2,"featured_media":0,"parent":0,"menu_order":0,"comment_status":"closed","ping_status":"open","template":"","meta":{"footnotes":""},"class_list":["post-243","page","type-page","status-publish"],"_links":{"self":[{"href":"https:\/\/esamksupport.samk.fi\/ohje\/wp-json\/wp\/v2\/pages\/243","targetHints":{"allow":["GET"]}}],"collection":[{"href":"https:\/\/esamksupport.samk.fi\/ohje\/wp-json\/wp\/v2\/pages"}],"about":[{"href":"https:\/\/esamksupport.samk.fi\/ohje\/wp-json\/wp\/v2\/types\/page"}],"author":[{"embeddable":true,"href":"https:\/\/esamksupport.samk.fi\/ohje\/wp-json\/wp\/v2\/users\/2"}],"replies":[{"embeddable":true,"href":"https:\/\/esamksupport.samk.fi\/ohje\/wp-json\/wp\/v2\/comments?post=243"}],"version-history":[{"count":6,"href":"https:\/\/esamksupport.samk.fi\/ohje\/wp-json\/wp\/v2\/pages\/243\/revisions"}],"predecessor-version":[{"id":3924,"href":"https:\/\/esamksupport.samk.fi\/ohje\/wp-json\/wp\/v2\/pages\/243\/revisions\/3924"}],"wp:attachment":[{"href":"https:\/\/esamksupport.samk.fi\/ohje\/wp-json\/wp\/v2\/media?parent=243"}],"curies":[{"name":"wp","href":"https:\/\/api.w.org\/{rel}","templated":true}]}}