{"id":3014,"date":"2021-11-18T15:04:31","date_gmt":"2021-11-18T13:04:31","guid":{"rendered":"https:\/\/esamksupport.samk.fi\/ohje\/?page_id=3014"},"modified":"2024-07-17T09:47:44","modified_gmt":"2024-07-17T06:47:44","slug":"moodle-opettaja-aktiviteetit-physioplus","status":"publish","type":"page","link":"https:\/\/esamksupport.samk.fi\/ohje\/moodle-opettaja-aktiviteetit-physioplus\/","title":{"rendered":"Moodle &gt; Opettaja &gt; Aktiviteetit &gt; Physioplus"},"content":{"rendered":"\n<p><\/p>\n\n\n\n<p>Physioplus -aktiviteetin k\u00e4ytt\u00f6 poikkeaa hieman muista Moodlen aktiviteeteista. Ensi pit\u00e4\u00e4 asettaa linkki, joka avaa Moodle-k\u00e4ytt\u00e4j\u00e4lle p\u00e4\u00e4syn Physioplus -palveluun ja vasta t\u00e4m\u00e4n j\u00e4lkeen on mahdollista siirty\u00e4 k\u00e4ytt\u00e4m\u00e4\u00e4n palvelun sis\u00e4lt\u00f6j\u00e4.<\/p>\n\n\n\n<p>Lis\u00e4\u00e4 ensin haluamaasi kohtaan kurssiasi <strong>Physioplus -aktiviteetti<\/strong>.<\/p>\n\n\n\n<p>Anna kyseiselle aktiviteetille nimi, esimerkiss\u00e4 nimen\u00e4 on Physioplus &#8211; Get access.<\/p>\n\n\n\n<p>Lis\u00e4\u00e4 Ty\u00f6kalun URL-osoite -kohtaan arvoksi <strong>https:\/\/members.physio-pedia.com\/canvas-lti\/<\/strong><\/p>\n\n\n\n<figure class=\"wp-block-image size-large\"><img loading=\"lazy\" decoding=\"async\" width=\"1023\" height=\"667\" src=\"https:\/\/esamksupport.samk.fi\/ohje\/wp-content\/uploads\/sites\/3\/2024\/07\/Physioplus-1-1023x667.png\" alt=\"\" class=\"wp-image-3794\" srcset=\"https:\/\/esamksupport.samk.fi\/ohje\/wp-content\/uploads\/sites\/3\/2024\/07\/Physioplus-1.png 1023w, https:\/\/esamksupport.samk.fi\/ohje\/wp-content\/uploads\/sites\/3\/2024\/07\/Physioplus-1-768x500.png 768w\" sizes=\"auto, (max-width: 1023px) 100vw, 1023px\" \/><\/figure>\n\n\n\n<p><\/p>\n\n\n\n<p>T\u00e4m\u00e4n j\u00e4lkeen klikkaa kurssilla \u00e4sken luomaasi <strong>Physioplus &#8211; Get access<\/strong> -aktiviteettia.<\/p>\n\n\n\n<p>T\u00e4ll\u00f6in sinun pit\u00e4isi p\u00e4\u00e4ty\u00e4 Physioplus -palveluun kirjatuneena k\u00e4ytt\u00e4j\u00e4n\u00e4.<\/p>\n\n\n\n<figure class=\"wp-block-image size-large\"><img loading=\"lazy\" decoding=\"async\" width=\"800\" height=\"484\" src=\"https:\/\/esamksupport.samk.fi\/ohje\/wp-content\/uploads\/sites\/3\/2021\/12\/moodle_physioplus6-800x484.png\" alt=\"\" class=\"wp-image-3033\" srcset=\"https:\/\/esamksupport.samk.fi\/ohje\/wp-content\/uploads\/sites\/3\/2021\/12\/moodle_physioplus6.png 800w, https:\/\/esamksupport.samk.fi\/ohje\/wp-content\/uploads\/sites\/3\/2021\/12\/moodle_physioplus6-768x464.png 768w\" sizes=\"auto, (max-width: 800px) 100vw, 800px\" \/><\/figure>\n\n\n\n<p><\/p>\n\n\n\n<p>Seuraavaksi etsi palvelusta sis\u00e4lt\u00f6, jonka haluat kurssille linkitt\u00e4\u00e4 ja kopioi sen osoite selaimen osoiterivilt\u00e4.<\/p>\n\n\n\n<figure class=\"wp-block-image size-large\"><img loading=\"lazy\" decoding=\"async\" width=\"800\" height=\"557\" src=\"https:\/\/esamksupport.samk.fi\/ohje\/wp-content\/uploads\/sites\/3\/2021\/12\/moodle_physioplus3-1-800x557.png\" alt=\"\" class=\"wp-image-3030\" srcset=\"https:\/\/esamksupport.samk.fi\/ohje\/wp-content\/uploads\/sites\/3\/2021\/12\/moodle_physioplus3-1.png 800w, https:\/\/esamksupport.samk.fi\/ohje\/wp-content\/uploads\/sites\/3\/2021\/12\/moodle_physioplus3-1-768x534.png 768w\" sizes=\"auto, (max-width: 800px) 100vw, 800px\" \/><\/figure>\n\n\n\n<p><\/p>\n\n\n\n<p>T\u00e4m\u00e4n j\u00e4lkeen luo kurssille <strong>uusi aktiviteetti<\/strong>, aivan kuten Get access -kohdassa, mutta nime\u00e4 se sis\u00e4lt\u00f6\u00e4 kuvaavalla nimell\u00e4 (esimerkiss\u00e4 Physioplus &#8211; Shoe analysis) ja liit\u00e4 Ty\u00f6kalun URL-osoite -kentt\u00e4\u00e4n \u00e4sken selaimesta kopioimasi Physioplus -sis\u00e4ll\u00f6n osoite.<\/p>\n\n\n\n<p>Halutessasi voit my\u00f6s vaihtaa kohdassa <strong>N\u00e4ytt\u00f6tapa<\/strong>, upotetaanko sis\u00e4lt\u00f6 Moodlen sis\u00e4\u00e4n vai ohjataanko k\u00e4ytt\u00e4j\u00e4 uuteen selainikkunaan tai -v\u00e4lilehteen.<\/p>\n\n\n\n<figure class=\"wp-block-image size-1536x1536 is-resized\"><img loading=\"lazy\" decoding=\"async\" width=\"1034\" height=\"863\" src=\"https:\/\/esamksupport.samk.fi\/ohje\/wp-content\/uploads\/sites\/3\/2024\/07\/Physioplus-2-1034x863.png\" alt=\"\" class=\"wp-image-3795\" style=\"width:833px;height:auto\" srcset=\"https:\/\/esamksupport.samk.fi\/ohje\/wp-content\/uploads\/sites\/3\/2024\/07\/Physioplus-2.png 1034w, https:\/\/esamksupport.samk.fi\/ohje\/wp-content\/uploads\/sites\/3\/2024\/07\/Physioplus-2-768x640.png 768w\" sizes=\"auto, (max-width: 1034px) 100vw, 1034px\" \/><\/figure>\n\n\n\n<p><\/p>\n\n\n\n<p>Lopputuloksena kurssillasi pit\u00e4isi n\u00e4ky\u00e4 ainakin kaksi Physioplus -aktiviteettia, joista ensimm\u00e4inen avaa k\u00e4ytt\u00e4j\u00e4lle p\u00e4\u00e4syn palveluun ja j\u00e4lkimm\u00e4inen ohjaa suoraan valitsemaasi sis\u00e4lt\u00f6\u00f6n.<\/p>\n","protected":false},"excerpt":{"rendered":"<p>Physioplus -aktiviteetin k\u00e4ytt\u00f6 poikkeaa hieman muista Moodlen aktiviteeteista. Ensi pit\u00e4\u00e4 asettaa linkki, joka avaa Moodle-k\u00e4ytt\u00e4j\u00e4lle p\u00e4\u00e4syn Physioplus -palveluun ja vasta t\u00e4m\u00e4n j\u00e4lkeen on mahdollista siirty\u00e4 k\u00e4ytt\u00e4m\u00e4\u00e4n palvelun sis\u00e4lt\u00f6j\u00e4. Lis\u00e4\u00e4 ensin haluamaasi kohtaan kurssiasi Physioplus -aktiviteetti. Anna kyseiselle aktiviteetille nimi, esimerkiss\u00e4 nimen\u00e4 on Physioplus &#8211; Get access. Lis\u00e4\u00e4 Ty\u00f6kalun URL-osoite -kohtaan arvoksi https:\/\/members.physio-pedia.com\/canvas-lti\/ T\u00e4m\u00e4n j\u00e4lkeen klikkaa kurssilla \u00e4sken luomaasi Physioplus &#8211; Get access -aktiviteettia. T\u00e4ll\u00f6in sinun pit\u00e4isi p\u00e4\u00e4ty\u00e4 Physioplus -palveluun kirjatuneena k\u00e4ytt\u00e4j\u00e4n\u00e4. Seuraavaksi etsi palvelusta sis\u00e4lt\u00f6, jonka haluat kurssille linkitt\u00e4\u00e4 ja kopioi sen osoite selaimen osoiterivilt\u00e4. T\u00e4m\u00e4n j\u00e4lkeen luo kurssille uusi aktiviteetti, aivan kuten Get access -kohdassa, mutta nime\u00e4 se sis\u00e4lt\u00f6\u00e4 kuvaavalla nimell\u00e4 (esimerkiss\u00e4 Physioplus &#8211; Shoe analysis) ja liit\u00e4 Ty\u00f6kalun URL-osoite -kentt\u00e4\u00e4n \u00e4sken selaimesta kopioimasi Physioplus -sis\u00e4ll\u00f6n osoite. Halutessasi voit my\u00f6s vaihtaa kohdassa N\u00e4ytt\u00f6tapa, upotetaanko sis\u00e4lt\u00f6 Moodlen sis\u00e4\u00e4n vai ohjataanko k\u00e4ytt\u00e4j\u00e4 uuteen selainikkunaan tai -v\u00e4lilehteen. Lopputuloksena kurssillasi pit\u00e4isi n\u00e4ky\u00e4 ainakin kaksi Physioplus -aktiviteettia, joista ensimm\u00e4inen avaa k\u00e4ytt\u00e4j\u00e4lle p\u00e4\u00e4syn palveluun ja&hellip;<\/p>\n<p> <a class=\"more-link\" href=\"https:\/\/esamksupport.samk.fi\/ohje\/moodle-opettaja-aktiviteetit-physioplus\/\">Lue Lis\u00e4\u00e4<\/a><\/p>\n","protected":false},"author":13,"featured_media":0,"parent":0,"menu_order":0,"comment_status":"closed","ping_status":"open","template":"","meta":{"footnotes":""},"class_list":["post-3014","page","type-page","status-publish"],"_links":{"self":[{"href":"https:\/\/esamksupport.samk.fi\/ohje\/wp-json\/wp\/v2\/pages\/3014","targetHints":{"allow":["GET"]}}],"collection":[{"href":"https:\/\/esamksupport.samk.fi\/ohje\/wp-json\/wp\/v2\/pages"}],"about":[{"href":"https:\/\/esamksupport.samk.fi\/ohje\/wp-json\/wp\/v2\/types\/page"}],"author":[{"embeddable":true,"href":"https:\/\/esamksupport.samk.fi\/ohje\/wp-json\/wp\/v2\/users\/13"}],"replies":[{"embeddable":true,"href":"https:\/\/esamksupport.samk.fi\/ohje\/wp-json\/wp\/v2\/comments?post=3014"}],"version-history":[{"count":7,"href":"https:\/\/esamksupport.samk.fi\/ohje\/wp-json\/wp\/v2\/pages\/3014\/revisions"}],"predecessor-version":[{"id":3797,"href":"https:\/\/esamksupport.samk.fi\/ohje\/wp-json\/wp\/v2\/pages\/3014\/revisions\/3797"}],"wp:attachment":[{"href":"https:\/\/esamksupport.samk.fi\/ohje\/wp-json\/wp\/v2\/media?parent=3014"}],"curies":[{"name":"wp","href":"https:\/\/api.w.org\/{rel}","templated":true}]}}