{"id":3156,"date":"2022-01-25T09:34:01","date_gmt":"2022-01-25T07:34:01","guid":{"rendered":"https:\/\/esamksupport.samk.fi\/ohje\/?page_id=3156"},"modified":"2023-01-03T10:25:46","modified_gmt":"2023-01-03T08:25:46","slug":"yhteistyo-moodleen-rekisteroityminen","status":"publish","type":"page","link":"https:\/\/esamksupport.samk.fi\/ohje\/yhteistyo-moodleen-rekisteroityminen\/","title":{"rendered":"Yhteisty\u00f6-Moodleen rekister\u00f6ityminen"},"content":{"rendered":"\n\n\t<h4>Aluksi<\/h4>\n<p>Ole hyv\u00e4 ja huomioi aluksi seuraavat asiat:<\/p>\n<ol type=\"1\">\n<li>Varmista, ett\u00e4 k\u00e4yt\u00e4t k\u00e4ytt\u00e4j\u00e4tunnusta luodessasi s\u00e4hk\u00f6postiosoitetta, johon sinulla on varmasti p\u00e4\u00e4sy koko hankkeen tai kurssin ajan.<\/li>\n<li>Jos sinulla on SAMK-tunnus, voit kirjautua k\u00e4ytt\u00e4en sit\u00e4.<\/li>\n<\/ol>\n<h4>K\u00e4ytt\u00e4j\u00e4tunnuksen luominen<\/h4>\n<p>Mene osoitteeseen <a href=\"https:\/\/samkmoodle.samk.fi\/\">https:\/\/samkmoodle.samk.fi\/<\/a>\u00a0 ja valitse kieli. Aloita k\u00e4ytt\u00e4j\u00e4tunnuksen luominen klikkaamalla &#8221;<strong>Aloita nyt luomalla uusi k\u00e4ytt\u00e4j\u00e4tunnus!<\/strong>&#8221;.<\/p>\n<figure><img decoding=\"async\" src=\"https:\/\/esamksupport.samk.fi\/ohje\/wp-content\/uploads\/sites\/3\/2022\/01\/samk-moodle-rekisteroituminen1-800x374.png\" alt=\"\" \/><\/figure>\n<h4>K\u00e4ytt\u00f6ehdot ja k\u00e4ytt\u00e4j\u00e4tunnuksen luominen<\/h4>\n<p>Tutustu aluksi huolellisesti k\u00e4ytt\u00f6ehtoihin.<\/p>\n<figure><img decoding=\"async\" src=\"https:\/\/esamksupport.samk.fi\/ohje\/wp-content\/uploads\/sites\/3\/2022\/01\/samk-moodle-rekisteroituminen2-800x375.png\" alt=\"\" \/><\/figure>\n<p>Hyv\u00e4ksy esitetyt k\u00e4yt\u00e4nteet.<\/p>\n<figure><img decoding=\"async\" src=\"https:\/\/esamksupport.samk.fi\/ohje\/wp-content\/uploads\/sites\/3\/2022\/01\/samk-moodle-rekisteroituminen3-800x306.png\" alt=\"\" \/><\/figure>\n<p>Kirjoita haluamasi k\u00e4ytt\u00e4j\u00e4tunnus, salasana ja s\u00e4hk\u00f6postiosoitteesi kahdesti sek\u00e4 etunimesi ja sukunimesi. Paina lopuksi <strong>Luo uusi k\u00e4ytt\u00e4j\u00e4tunnus<\/strong>.<\/p>\n<figure><img decoding=\"async\" src=\"https:\/\/esamksupport.samk.fi\/ohje\/wp-content\/uploads\/sites\/3\/2022\/01\/samk-moodle-rekisteroituminen4-800x861.png\" alt=\"\" \/><\/figure>\n<h1>K\u00e4ytt\u00e4j\u00e4tunnuksen vahvistaminen<\/h1>\n<p>Kun olet luonut k\u00e4ytt\u00e4j\u00e4tunnuksen, saat antamaasi s\u00e4hk\u00f6postiosoitteeseen vahvistusviestin. Aktivoi k\u00e4ytt\u00e4j\u00e4tunnuksesi klikkaamalla s\u00e4hk\u00f6postiisi tulleessa viestiss\u00e4 olevaa linkki\u00e4.<\/p>\n<figure><img decoding=\"async\" src=\"https:\/\/esamksupport.samk.fi\/ohje\/wp-content\/uploads\/sites\/3\/2022\/01\/samk-moodle-registration5-1-800x415.png\" alt=\"\" \/><\/figure>\n<p>Mik\u00e4li et saa alla olevan kaltaista s\u00e4hk\u00f6postia viiden minuutin sis\u00e4ll\u00e4 rekister\u00f6itymisest\u00e4 (muista tarkistaa my\u00f6s s\u00e4hk\u00f6postisi roskaposti\/spam -kansio!) l\u00e4het\u00e4 s\u00e4hk\u00f6postia eSAMK tukeen esamk.support@samk.fi siit\u00e4 osoitteesta, jota k\u00e4ytit rekister\u00f6itymiseen.<\/p>\n<figure><img decoding=\"async\" src=\"https:\/\/esamksupport.samk.fi\/ohje\/wp-content\/uploads\/sites\/3\/2022\/01\/samk-moodle-registration7-1-800x500.png\" alt=\"\" \/><\/figure>\n<p>Kun olet klikannut s\u00e4hk\u00f6postissa saamaasi k\u00e4ytt\u00e4j\u00e4tunnuksen vahvistuslinkki\u00e4, selaimesi ohjautuu sivulle, jossa saat ilmoituksen k\u00e4ytt\u00e4j\u00e4tunnuksen rekister\u00f6imisen hyv\u00e4ksymisest\u00e4.<\/p>\n<figure><img decoding=\"async\" src=\"https:\/\/esamksupport.samk.fi\/ohje\/wp-content\/uploads\/sites\/3\/2022\/01\/samk-moodle-registration8-800x355.png\" alt=\"\" \/><\/figure>\n<h1>Kirjautuminen Moodleen ja kurssialueelle<\/h1>\n<p>Vahvistettuasi k\u00e4ytt\u00e4j\u00e4tunnuksen voit kirjautua SAMK:in Yhteisty\u00f6 Moodleen.<\/p>\n<p><img loading=\"lazy\" decoding=\"async\" src=\"https:\/\/esamksupport.samk.fi\/ohje\/wp-content\/uploads\/sites\/3\/2023\/01\/Coll_Moodle_kategoriat-etsi.jpg\" alt=\"\" width=\"800\" height=\"473\" \/><\/p>\n\n<p>Ja liity kurssialueelle saamassasi ohjekirjeess\u00e4 ilmoitetulla <strong>kurssiavaimella<\/strong>.<\/p>\n<figure><img decoding=\"async\" src=\"https:\/\/esamksupport.samk.fi\/ohje\/wp-content\/uploads\/sites\/3\/2022\/01\/samk-moodle-rekisteroituminen9-800x290.png\" alt=\"\" \/><\/figure>\n\n","protected":false},"excerpt":{"rendered":"<p>Aluksi Ole hyv\u00e4 ja huomioi aluksi seuraavat asiat: Varmista, ett\u00e4 k\u00e4yt\u00e4t k\u00e4ytt\u00e4j\u00e4tunnusta luodessasi s\u00e4hk\u00f6postiosoitetta, johon sinulla on varmasti p\u00e4\u00e4sy koko hankkeen tai kurssin ajan. Jos sinulla on SAMK-tunnus, voit kirjautua k\u00e4ytt\u00e4en sit\u00e4. K\u00e4ytt\u00e4j\u00e4tunnuksen luominen Mene osoitteeseen https:\/\/samkmoodle.samk.fi\/\u00a0 ja valitse kieli. Aloita k\u00e4ytt\u00e4j\u00e4tunnuksen luominen klikkaamalla &#8221;Aloita nyt luomalla uusi k\u00e4ytt\u00e4j\u00e4tunnus!&#8221;. K\u00e4ytt\u00f6ehdot ja k\u00e4ytt\u00e4j\u00e4tunnuksen luominen Tutustu aluksi huolellisesti k\u00e4ytt\u00f6ehtoihin. Hyv\u00e4ksy esitetyt k\u00e4yt\u00e4nteet. Kirjoita haluamasi k\u00e4ytt\u00e4j\u00e4tunnus, salasana ja s\u00e4hk\u00f6postiosoitteesi kahdesti sek\u00e4 etunimesi ja sukunimesi. Paina lopuksi Luo uusi k\u00e4ytt\u00e4j\u00e4tunnus. K\u00e4ytt\u00e4j\u00e4tunnuksen vahvistaminen Kun olet luonut k\u00e4ytt\u00e4j\u00e4tunnuksen, saat antamaasi s\u00e4hk\u00f6postiosoitteeseen vahvistusviestin. Aktivoi k\u00e4ytt\u00e4j\u00e4tunnuksesi klikkaamalla s\u00e4hk\u00f6postiisi tulleessa viestiss\u00e4 olevaa linkki\u00e4. Mik\u00e4li et saa alla olevan kaltaista s\u00e4hk\u00f6postia viiden minuutin sis\u00e4ll\u00e4 rekister\u00f6itymisest\u00e4 (muista tarkistaa my\u00f6s s\u00e4hk\u00f6postisi roskaposti\/spam -kansio!) l\u00e4het\u00e4 s\u00e4hk\u00f6postia eSAMK tukeen esamk.support@samk.fi siit\u00e4 osoitteesta, jota k\u00e4ytit rekister\u00f6itymiseen. Kun olet klikannut s\u00e4hk\u00f6postissa saamaasi k\u00e4ytt\u00e4j\u00e4tunnuksen vahvistuslinkki\u00e4, selaimesi ohjautuu sivulle, jossa saat ilmoituksen k\u00e4ytt\u00e4j\u00e4tunnuksen rekister\u00f6imisen hyv\u00e4ksymisest\u00e4. Kirjautuminen Moodleen ja kurssialueelle Vahvistettuasi k\u00e4ytt\u00e4j\u00e4tunnuksen voit kirjautua SAMK:in Yhteisty\u00f6 Moodleen. Ja liity&hellip;<\/p>\n<p> <a class=\"more-link\" href=\"https:\/\/esamksupport.samk.fi\/ohje\/yhteistyo-moodleen-rekisteroityminen\/\">Lue Lis\u00e4\u00e4<\/a><\/p>\n","protected":false},"author":18,"featured_media":0,"parent":0,"menu_order":0,"comment_status":"closed","ping_status":"open","template":"","meta":{"footnotes":""},"class_list":["post-3156","page","type-page","status-publish"],"_links":{"self":[{"href":"https:\/\/esamksupport.samk.fi\/ohje\/wp-json\/wp\/v2\/pages\/3156","targetHints":{"allow":["GET"]}}],"collection":[{"href":"https:\/\/esamksupport.samk.fi\/ohje\/wp-json\/wp\/v2\/pages"}],"about":[{"href":"https:\/\/esamksupport.samk.fi\/ohje\/wp-json\/wp\/v2\/types\/page"}],"author":[{"embeddable":true,"href":"https:\/\/esamksupport.samk.fi\/ohje\/wp-json\/wp\/v2\/users\/18"}],"replies":[{"embeddable":true,"href":"https:\/\/esamksupport.samk.fi\/ohje\/wp-json\/wp\/v2\/comments?post=3156"}],"version-history":[{"count":22,"href":"https:\/\/esamksupport.samk.fi\/ohje\/wp-json\/wp\/v2\/pages\/3156\/revisions"}],"predecessor-version":[{"id":3467,"href":"https:\/\/esamksupport.samk.fi\/ohje\/wp-json\/wp\/v2\/pages\/3156\/revisions\/3467"}],"wp:attachment":[{"href":"https:\/\/esamksupport.samk.fi\/ohje\/wp-json\/wp\/v2\/media?parent=3156"}],"curies":[{"name":"wp","href":"https:\/\/api.w.org\/{rel}","templated":true}]}}