{"id":333,"date":"2019-06-19T10:24:39","date_gmt":"2019-06-19T07:24:39","guid":{"rendered":"https:\/\/esamksupport.samk.fi\/ohje\/?page_id=333"},"modified":"2024-07-02T09:11:41","modified_gmt":"2024-07-02T06:11:41","slug":"exam-opettaja-yleista","status":"publish","type":"page","link":"https:\/\/esamksupport.samk.fi\/ohje\/exam-opettaja-yleista\/","title":{"rendered":"EXAM &gt; Opettaja &gt; Yleist\u00e4"},"content":{"rendered":"\n\n\tTenttiakvaario on tila, jossa suoritetaan tenttej\u00e4 tietokoneella opiskelijalle sopivana, etuk\u00e4teen varattuna aikana. Tentin tekeminen<br \/>\nakvaariossa edellytt\u00e4\u00e4, ett\u00e4 opettaja on luonut tentin akvaarioj\u00e4rjestelm\u00e4\u00e4n etuk\u00e4teen ja mahdollistanut n\u00e4in tenttiakvaariotentin.\n<p>Opiskelija voi ilmoittautua tenttiin milt\u00e4 tahansa koneelta. Tentin tekeminen onnistuu ainoastaan opettajan m\u00e4\u00e4r\u00e4\u00e4m\u00e4n\u00e4 ajankohtana tenttiakvaariossa. Muu ty\u00f6skentely kuin tentin tekeminen EXAM -j\u00e4rjestelm\u00e4ss\u00e4 on kielletty.<\/p>\nTenttiakvaariossa on tallentava kameravalvonta. Kameravalvonnan tallenteita k\u00e4ytet\u00e4\u00e4n tenttij\u00e4n tunnistamiseen sek\u00e4 mahdollisten<br \/>\nvilppiep\u00e4ilyjen selvitt\u00e4miseen. Tenttiluokan verkko on rakennettu niin, ett\u00e4 p\u00e4\u00e4sy\u00e4 internetiin tai kotihakemistoihin ei ole. Vilppitilanteisiin<br \/>\nsovelletaan SAMKin k\u00e4yt\u00e4nteit\u00e4 koskien vilppi\u00e4 opiskelussa.\nTenttiakvaariossa on oltava hiljaa. Kaikenlainen kanssak\u00e4yminen tenttiakvaarion sis\u00e4ll\u00e4 tai ulkopuolella olevien kanssa on kielletty\u00e4.<br \/>\nKoska tentit alkavat ja p\u00e4\u00e4ttyv\u00e4t eri aikoina, tilaan on saavuttava ja sielt\u00e4 on poistuttava mahdollisimman \u00e4\u00e4nett\u00f6m\u00e4sti. Tenttiakvaariosta ei<br \/>\nvoi poistua tentin aikana ja palata takaisin. Tilasta poistuminen tarkoittaa tentin keskeytt\u00e4mist\u00e4. Tenttiakvaarion k\u00e4ytt\u00e4jien yhteinen<br \/>\nvastuu on, ett\u00e4 kaikki tentti\u00e4 tekev\u00e4t saavat parhaat mahdolliset edellytykset onnistua.\nTenttiakvaarioon ei saa vied\u00e4 ruokaa, juomaa, laukkuja, reppuja, kirjoja, vihkoja, kansioita tai mit\u00e4\u00e4n muutakaan materiaalia, eik\u00e4<br \/>\nmy\u00f6sk\u00e4\u00e4n matkapuhelimia tai muita elektronisia laitteita mukaan luettuna \u00e4lykellot. Tilaan ei vied\u00e4 ulkovaatteita, vaan niit\u00e4 varten on<br \/>\nlokerikot tenttiakvaarion viereisell\u00e4 k\u00e4yt\u00e4v\u00e4ll\u00e4. Opiskelijalla on kuitenkin oltava mukanaan kuvallinen henkil\u00f6llisyystodistus, joka on<br \/>\nn\u00e4kyvill\u00e4 oman tenttipisteen tenttikoneen vieress\u00e4. Tenttiakvaariossa on opiskelijoiden k\u00e4ytett\u00e4viss\u00e4 nen\u00e4liinoja ja korvatulppia.\n<p><strong>EXAM-tenttiprosessi<\/strong><\/p>\n<ol>\n<li>Kirjaudu Exam j\u00e4rjestelm\u00e4\u00e4n.<\/li>\n<li>Luo tentti ja kytke se opintojaksoon.<\/li>\n<li>Tee\/lis\u00e4\u00e4 tenttiin kysymykset.<\/li>\n<li>Julkaise tentti opiskelijoille.<\/li>\n<li>Arvioi palautetut vastaukset.<\/li>\n<li>Arvioi tentti.<\/li>\n<li>Vie arvioinnit opintosuoritusrekisteriin<\/li>\n<\/ol>\n<p>Tenttiakvaariok\u00e4ytt\u00f6\u00f6n tarkoitetut lokerikot ovat merkitty EXAM-merkinn\u00e4ll\u00e4.<\/p>\nMik\u00e4li opiskelijan tentin tekeminen keskeytyy syyst\u00e4 tai toisesta (esim. s\u00e4hk\u00f6katko, tietokone menee rikki) tentin jo alettua, ja ongelmat<br \/>\neiv\u00e4t ratkea, voitte ottaa yhteytt\u00e4 eSAMK tukeen:\n<ul>\n<li>eSAMK-tuki <a href=\"mailto:esamk.support@samk.fi\">esamk.support@samk.fi<\/a>, p. +358 2 479 2100 (ma-to klo 8-16, pe klo 8-15)<\/li>\n<\/ul>\n\n","protected":false},"excerpt":{"rendered":"<p>Tenttiakvaario on tila, jossa suoritetaan tenttej\u00e4 tietokoneella opiskelijalle sopivana, etuk\u00e4teen varattuna aikana. Tentin tekeminen akvaariossa edellytt\u00e4\u00e4, ett\u00e4 opettaja on luonut tentin akvaarioj\u00e4rjestelm\u00e4\u00e4n etuk\u00e4teen ja mahdollistanut n\u00e4in tenttiakvaariotentin. Opiskelija voi ilmoittautua tenttiin milt\u00e4 tahansa koneelta. Tentin tekeminen onnistuu ainoastaan opettajan m\u00e4\u00e4r\u00e4\u00e4m\u00e4n\u00e4 ajankohtana tenttiakvaariossa. Muu ty\u00f6skentely kuin tentin tekeminen EXAM -j\u00e4rjestelm\u00e4ss\u00e4 on kielletty. Tenttiakvaariossa on tallentava kameravalvonta. Kameravalvonnan tallenteita k\u00e4ytet\u00e4\u00e4n tenttij\u00e4n tunnistamiseen sek\u00e4 mahdollisten vilppiep\u00e4ilyjen selvitt\u00e4miseen. Tenttiluokan verkko on rakennettu niin, ett\u00e4 p\u00e4\u00e4sy\u00e4 internetiin tai kotihakemistoihin ei ole. Vilppitilanteisiin sovelletaan SAMKin k\u00e4yt\u00e4nteit\u00e4 koskien vilppi\u00e4 opiskelussa. Tenttiakvaariossa on oltava hiljaa. Kaikenlainen kanssak\u00e4yminen tenttiakvaarion sis\u00e4ll\u00e4 tai ulkopuolella olevien kanssa on kielletty\u00e4. Koska tentit alkavat ja p\u00e4\u00e4ttyv\u00e4t eri aikoina, tilaan on saavuttava ja sielt\u00e4 on poistuttava mahdollisimman \u00e4\u00e4nett\u00f6m\u00e4sti. Tenttiakvaariosta ei voi poistua tentin aikana ja palata takaisin. Tilasta poistuminen tarkoittaa tentin keskeytt\u00e4mist\u00e4. Tenttiakvaarion k\u00e4ytt\u00e4jien yhteinen vastuu on, ett\u00e4 kaikki tentti\u00e4 tekev\u00e4t saavat parhaat mahdolliset edellytykset onnistua. Tenttiakvaarioon ei saa vied\u00e4 ruokaa, juomaa, laukkuja, reppuja, kirjoja,&hellip;<\/p>\n<p> <a class=\"more-link\" href=\"https:\/\/esamksupport.samk.fi\/ohje\/exam-opettaja-yleista\/\">Lue Lis\u00e4\u00e4<\/a><\/p>\n","protected":false},"author":2,"featured_media":0,"parent":0,"menu_order":0,"comment_status":"closed","ping_status":"open","template":"","meta":{"footnotes":""},"class_list":["post-333","page","type-page","status-publish"],"_links":{"self":[{"href":"https:\/\/esamksupport.samk.fi\/ohje\/wp-json\/wp\/v2\/pages\/333","targetHints":{"allow":["GET"]}}],"collection":[{"href":"https:\/\/esamksupport.samk.fi\/ohje\/wp-json\/wp\/v2\/pages"}],"about":[{"href":"https:\/\/esamksupport.samk.fi\/ohje\/wp-json\/wp\/v2\/types\/page"}],"author":[{"embeddable":true,"href":"https:\/\/esamksupport.samk.fi\/ohje\/wp-json\/wp\/v2\/users\/2"}],"replies":[{"embeddable":true,"href":"https:\/\/esamksupport.samk.fi\/ohje\/wp-json\/wp\/v2\/comments?post=333"}],"version-history":[{"count":6,"href":"https:\/\/esamksupport.samk.fi\/ohje\/wp-json\/wp\/v2\/pages\/333\/revisions"}],"predecessor-version":[{"id":3660,"href":"https:\/\/esamksupport.samk.fi\/ohje\/wp-json\/wp\/v2\/pages\/333\/revisions\/3660"}],"wp:attachment":[{"href":"https:\/\/esamksupport.samk.fi\/ohje\/wp-json\/wp\/v2\/media?parent=333"}],"curies":[{"name":"wp","href":"https:\/\/api.w.org\/{rel}","templated":true}]}}