{"id":345,"date":"2019-06-19T10:31:24","date_gmt":"2019-06-19T07:31:24","guid":{"rendered":"https:\/\/esamksupport.samk.fi\/ohje\/?page_id=345"},"modified":"2022-01-27T13:56:45","modified_gmt":"2022-01-27T11:56:45","slug":"exam-opettaja-sijainnit","status":"publish","type":"page","link":"https:\/\/esamksupport.samk.fi\/ohje\/exam-opettaja-sijainnit\/","title":{"rendered":"EXAM > Opettaja > Sijainnit"},"content":{"rendered":"\nEXAM-tenttiakvaarioita on Satakunnan ammattikorkeakoulussa viisi (5).<br>\nTenttiakvaariot sijaitsevat Porissa (2), Raumalla, Huittisissa ja Kankaanp\u00e4\u00e4ss\u00e4. Alla kulkuohjeet tenttiakvaarioihin<strong>. <\/strong>\n\n<h3>Porin kampus: tilat B103 ja B110<\/h3>\n<figure><img decoding=\"async\" src=\"https:\/\/esamksupport.samk.fi\/ohje\/wp-content\/uploads\/sites\/3\/2020\/01\/Porin-kampus-tenttiakvaario.png\" alt=\"\"><\/figure>\n<h3><strong>Rauman kampus: tila A242<\/strong><\/h3>\n<strong>Ensimm\u00e4inen kerros<br>\n<\/strong>\n<figure><img decoding=\"async\" src=\"https:\/\/esamksupport.samk.fi\/ohje\/wp-content\/uploads\/sites\/3\/2020\/01\/Rauma-akvaario-pohjakerros.png\" alt=\"\"><\/figure>\n<strong>Toinen kerros<br>\n<\/strong>\n<figure><img decoding=\"async\" src=\"https:\/\/esamksupport.samk.fi\/ohje\/wp-content\/uploads\/sites\/3\/2020\/01\/Rauman-akvaario-2-krs.png\" alt=\"\"><\/figure>\n<h3><strong>Huittisten kampus: 2. krs. K\u00e4ynti A-oven kautta.<\/strong><\/h3>\n<figure><img decoding=\"async\" src=\"https:\/\/esamksupport.samk.fi\/ohje\/wp-content\/uploads\/sites\/3\/2020\/01\/hude1-1024x380-1.png\" alt=\"\"><\/figure>\n<p><strong>Huom!<\/strong>&nbsp;Mik\u00e4li t\u00e4ss\u00e4 ohjeistettu ovi on suljettu, voit k\u00e4ytt\u00e4\u00e4 rakennuksen takana olevaa A-ovea, jolta my\u00f6s opastus tenttiakvaarioon.<\/p>\n<h3><strong>Kankaanp\u00e4\u00e4n kampus: 2. krs<\/strong><\/h3>\n<figure><img decoding=\"async\" src=\"https:\/\/esamksupport.samk.fi\/ohje\/wp-content\/uploads\/sites\/3\/2020\/01\/kkp1-1024x417-1.png\" alt=\"\"><\/figure>\n","protected":false},"excerpt":{"rendered":"<p>EXAM-tenttiakvaarioita on Satakunnan ammattikorkeakoulussa viisi (5). Tenttiakvaariot sijaitsevat Porissa (2), Raumalla, Huittisissa ja Kankaanp\u00e4\u00e4ss\u00e4. Alla kulkuohjeet tenttiakvaarioihin. Porin kampus: tilat B103 ja B110 Rauman kampus: tila A242 Ensimm\u00e4inen kerros Toinen kerros Huittisten kampus: 2. krs. K\u00e4ynti A-oven kautta. Huom!&nbsp;Mik\u00e4li t\u00e4ss\u00e4 ohjeistettu ovi on suljettu, voit k\u00e4ytt\u00e4\u00e4 rakennuksen takana olevaa A-ovea, jolta my\u00f6s opastus tenttiakvaarioon. Kankaanp\u00e4\u00e4n kampus: 2. krs<\/p>\n","protected":false},"author":2,"featured_media":0,"parent":0,"menu_order":0,"comment_status":"closed","ping_status":"open","template":"","meta":{"footnotes":""},"class_list":["post-345","page","type-page","status-publish"],"_links":{"self":[{"href":"https:\/\/esamksupport.samk.fi\/ohje\/wp-json\/wp\/v2\/pages\/345","targetHints":{"allow":["GET"]}}],"collection":[{"href":"https:\/\/esamksupport.samk.fi\/ohje\/wp-json\/wp\/v2\/pages"}],"about":[{"href":"https:\/\/esamksupport.samk.fi\/ohje\/wp-json\/wp\/v2\/types\/page"}],"author":[{"embeddable":true,"href":"https:\/\/esamksupport.samk.fi\/ohje\/wp-json\/wp\/v2\/users\/2"}],"replies":[{"embeddable":true,"href":"https:\/\/esamksupport.samk.fi\/ohje\/wp-json\/wp\/v2\/comments?post=345"}],"version-history":[{"count":4,"href":"https:\/\/esamksupport.samk.fi\/ohje\/wp-json\/wp\/v2\/pages\/345\/revisions"}],"predecessor-version":[{"id":3193,"href":"https:\/\/esamksupport.samk.fi\/ohje\/wp-json\/wp\/v2\/pages\/345\/revisions\/3193"}],"wp:attachment":[{"href":"https:\/\/esamksupport.samk.fi\/ohje\/wp-json\/wp\/v2\/media?parent=345"}],"curies":[{"name":"wp","href":"https:\/\/api.w.org\/{rel}","templated":true}]}}