{"id":348,"date":"2019-06-19T10:32:01","date_gmt":"2019-06-19T07:32:01","guid":{"rendered":"https:\/\/esamksupport.samk.fi\/ohje\/?page_id=348"},"modified":"2024-07-18T13:58:48","modified_gmt":"2024-07-18T10:58:48","slug":"exam-opettaja-tenttikoneet","status":"publish","type":"page","link":"https:\/\/esamksupport.samk.fi\/ohje\/exam-opettaja-tenttikoneet\/","title":{"rendered":"EXAM &gt; Opettaja &gt; Tenttikoneet"},"content":{"rendered":"\n<h2 class=\"wp-block-heading\">Tenttikoneet<\/h2>\n\n\n\n<p>Tenttiakvaariossa on tallentava kuva- ja \u00e4\u00e4nivalvonta ja tietokoneilta ei ole p\u00e4\u00e4sy\u00e4 internetiin tai opiskelijan omiin tiedostoihin.<\/p>\n\n\n\n<p>Tenttiakvaarioiden koneilta l\u00f6ytyv\u00e4t ohjelmat:<\/p>\n\n\n\n<p>Kaikilla koneilla v\u00e4hint\u00e4\u00e4n:<\/p>\n\n\n\n<ul class=\"wp-block-list\">\n<li>Windows laskin<\/li>\n\n\n\n<li>Excel (eng)<\/li>\n\n\n\n<li>Word (eng)<\/li>\n\n\n\n<li>lis\u00e4ksi koneilla saa auki pdf-, mp3 ja mp4-tiedostot.<\/li>\n<\/ul>\n\n\n\n<p>Osassa koneista:<\/p>\n\n\n\n<ul class=\"wp-block-list\">\n<li>AutoCAD<\/li>\n\n\n\n<li>Mathcad<\/li>\n\n\n\n<li>SolidWorks<\/li>\n\n\n\n<li>CADS Planner<\/li>\n\n\n\n<li>kuulokkeet<\/li>\n\n\n\n<li>piirton\u00e4ytt\u00f6<\/li>\n<\/ul>\n\n\n\n<p>Mik\u00e4li opiskelija tarvitsee alemmassa listassa mainittuja ohjelmia tentin suorittamiseen, on ne merkitt\u00e4v\u00e4 EXAM tentin vaatimuksiin tentin perustiedoissa ja kirjoitettava n\u00e4kyviin my\u00f6s opiskelijoille Ilmoittautumisen yhteydess\u00e4 n\u00e4ytett\u00e4v\u00e4t tiedot &#8211; kohtaa.<\/p>\n\n\n\n<h2 class=\"wp-block-heading\">S\u00e4hk\u00f6iset taulukkokirjat<\/h2>\n\n\n\n<p>Lis\u00e4ksi SAMKin akvaarioissa on k\u00e4ytett\u00e4viss\u00e4 s\u00e4hk\u00f6iset taulukkokirjat:<\/p>\n\n\n\n<ul class=\"wp-block-list\">\n<li>Tammertekniikka: Tekniikan kaavasto (18. uudistettu painos 2018)\u00a0 Linkki:\u00a0\u00a0<a href=\"https:\/\/exam.samk.fi\/tammertekniikka\/kaavasto_samk.pdf\" target=\"_blank\" rel=\"noreferrer noopener\">http:\/\/exam.samk.fi\/tammertekniikka\/kaavasto_samk.pdf<\/a><\/li>\n\n\n\n<li>Tammertekniikka: Technical formulas (5th revised edition 2018) Linkki:\u00a0<a href=\"https:\/\/exam.samk.fi\/tammertekniikka\/formulas_samk.pdf\" target=\"_blank\" rel=\"noreferrer noopener\">http:\/\/exam.samk.fi\/tammertekniikka\/formulas_samk.pdf<\/a><\/li>\n<\/ul>\n\n\n\n<p>Opettaja linkitt\u00e4\u00e4 taulukot yll\u00e4 mainittujen linkkien kautta EXAM-tentin perustietoihin kohtaan: Opiskelijalle tentin aikana n\u00e4kyv\u00e4 ohjeistus.<\/p>\n\n\n\n<ul class=\"wp-block-list\">\n<li><strong>HUOM!<\/strong> Linkit eiv\u00e4t toimi SAMKin tenttiakvaarioiden ulkopuolella, eli jos opiskelija suorittaa tentin toisen korkeakoulun akvaariossa, ei h\u00e4n p\u00e4\u00e4se n\u00e4ihin taulukkokirjoihin.<\/li>\n<\/ul>\n","protected":false},"excerpt":{"rendered":"<p>Tenttikoneet Tenttiakvaariossa on tallentava kuva- ja \u00e4\u00e4nivalvonta ja tietokoneilta ei ole p\u00e4\u00e4sy\u00e4 internetiin tai opiskelijan omiin tiedostoihin. Tenttiakvaarioiden koneilta l\u00f6ytyv\u00e4t ohjelmat: Kaikilla koneilla v\u00e4hint\u00e4\u00e4n: Osassa koneista: Mik\u00e4li opiskelija tarvitsee alemmassa listassa mainittuja ohjelmia tentin suorittamiseen, on ne merkitt\u00e4v\u00e4 EXAM tentin vaatimuksiin tentin perustiedoissa ja kirjoitettava n\u00e4kyviin my\u00f6s opiskelijoille Ilmoittautumisen yhteydess\u00e4 n\u00e4ytett\u00e4v\u00e4t tiedot &#8211; kohtaa. S\u00e4hk\u00f6iset taulukkokirjat Lis\u00e4ksi SAMKin akvaarioissa on k\u00e4ytett\u00e4viss\u00e4 s\u00e4hk\u00f6iset taulukkokirjat: Opettaja linkitt\u00e4\u00e4 taulukot yll\u00e4 mainittujen linkkien kautta EXAM-tentin perustietoihin kohtaan: Opiskelijalle tentin aikana n\u00e4kyv\u00e4 ohjeistus.<\/p>\n","protected":false},"author":2,"featured_media":0,"parent":0,"menu_order":0,"comment_status":"closed","ping_status":"open","template":"","meta":{"footnotes":""},"class_list":["post-348","page","type-page","status-publish"],"_links":{"self":[{"href":"https:\/\/esamksupport.samk.fi\/ohje\/wp-json\/wp\/v2\/pages\/348","targetHints":{"allow":["GET"]}}],"collection":[{"href":"https:\/\/esamksupport.samk.fi\/ohje\/wp-json\/wp\/v2\/pages"}],"about":[{"href":"https:\/\/esamksupport.samk.fi\/ohje\/wp-json\/wp\/v2\/types\/page"}],"author":[{"embeddable":true,"href":"https:\/\/esamksupport.samk.fi\/ohje\/wp-json\/wp\/v2\/users\/2"}],"replies":[{"embeddable":true,"href":"https:\/\/esamksupport.samk.fi\/ohje\/wp-json\/wp\/v2\/comments?post=348"}],"version-history":[{"count":6,"href":"https:\/\/esamksupport.samk.fi\/ohje\/wp-json\/wp\/v2\/pages\/348\/revisions"}],"predecessor-version":[{"id":3905,"href":"https:\/\/esamksupport.samk.fi\/ohje\/wp-json\/wp\/v2\/pages\/348\/revisions\/3905"}],"wp:attachment":[{"href":"https:\/\/esamksupport.samk.fi\/ohje\/wp-json\/wp\/v2\/media?parent=348"}],"curies":[{"name":"wp","href":"https:\/\/api.w.org\/{rel}","templated":true}]}}