{"id":3503,"date":"2023-01-16T12:24:46","date_gmt":"2023-01-16T10:24:46","guid":{"rendered":"https:\/\/esamksupport.samk.fi\/ohje\/?page_id=3503"},"modified":"2024-07-17T13:08:10","modified_gmt":"2024-07-17T10:08:10","slug":"tuudo-opettaja-oman-kysymyksen-lisaaminen-opintojaksopalautelomakkeelle","status":"publish","type":"page","link":"https:\/\/esamksupport.samk.fi\/ohje\/tuudo-opettaja-oman-kysymyksen-lisaaminen-opintojaksopalautelomakkeelle\/","title":{"rendered":"Tuudo &gt; Opettaja &gt; Oman kysymyksen lis\u00e4\u00e4minen opintojaksopalautelomakkeelle"},"content":{"rendered":"\n<p><\/p>\n\n\n\n<p>Opettaja voi lis\u00e4t\u00e4 oman kysymyksen liittyen opintojaksopalautteeseen Tuudossa seuraavia vaiheita noudattaen.<\/p>\n\n\n\n<p><strong>HUOM!<\/strong> Kysymys pit\u00e4\u00e4 lis\u00e4t\u00e4 ennen kuin opintojaksopalaute avautuu vastattavaksi. Jos opintojaksolla on useampi opettaja, niin kysymys on yhteinen kaikkien opettajien kesken.<\/p>\n\n\n\n<p>Mene opintojaksopalautesivulle <a href=\"https:\/\/coursefeedback.samk.fi\" target=\"_blank\" rel=\"noreferrer noopener\">coursefeedback.samk.fi<\/a><\/p>\n\n\n\n<p>Valitse k\u00e4ynniss\u00e4 olevista opintojaksoista se opintojakso, jolle haluat luoda kysymyksen.<\/p>\n\n\n\n<figure class=\"wp-block-image size-large\"><img loading=\"lazy\" decoding=\"async\" width=\"1004\" height=\"226\" src=\"https:\/\/esamksupport.samk.fi\/ohje\/wp-content\/uploads\/sites\/3\/2023\/01\/image-1004x226.png\" alt=\"\" class=\"wp-image-3504\" srcset=\"https:\/\/esamksupport.samk.fi\/ohje\/wp-content\/uploads\/sites\/3\/2023\/01\/image.png 1004w, https:\/\/esamksupport.samk.fi\/ohje\/wp-content\/uploads\/sites\/3\/2023\/01\/image-768x172.png 768w\" sizes=\"auto, (max-width: 1004px) 100vw, 1004px\" \/><\/figure>\n\n\n\n<p>Valitse kohta <strong>Loppupalaute<\/strong>. Se n\u00e4kyy korostettuna alla olevassa kuvassa.<\/p>\n\n\n\n<figure class=\"wp-block-image size-large\"><img loading=\"lazy\" decoding=\"async\" width=\"1004\" height=\"313\" src=\"https:\/\/esamksupport.samk.fi\/ohje\/wp-content\/uploads\/sites\/3\/2023\/01\/image-1-1004x313.png\" alt=\"\" class=\"wp-image-3505\" srcset=\"https:\/\/esamksupport.samk.fi\/ohje\/wp-content\/uploads\/sites\/3\/2023\/01\/image-1.png 1004w, https:\/\/esamksupport.samk.fi\/ohje\/wp-content\/uploads\/sites\/3\/2023\/01\/image-1-768x239.png 768w\" sizes=\"auto, (max-width: 1004px) 100vw, 1004px\" \/><\/figure>\n\n\n\n<p>Selaa sivun alalaitaan kohtaan <strong>Opettajan kysymykset<\/strong>. Opettaja voi lis\u00e4t\u00e4 yhden oman kysymyksen koskien opintojaksoa.<\/p>\n\n\n\n<figure class=\"wp-block-image size-large\"><img loading=\"lazy\" decoding=\"async\" width=\"1004\" height=\"195\" src=\"https:\/\/esamksupport.samk.fi\/ohje\/wp-content\/uploads\/sites\/3\/2023\/01\/image-2-1004x195.png\" alt=\"\" class=\"wp-image-3506\" srcset=\"https:\/\/esamksupport.samk.fi\/ohje\/wp-content\/uploads\/sites\/3\/2023\/01\/image-2.png 1004w, https:\/\/esamksupport.samk.fi\/ohje\/wp-content\/uploads\/sites\/3\/2023\/01\/image-2-768x149.png 768w\" sizes=\"auto, (max-width: 1004px) 100vw, 1004px\" \/><\/figure>\n\n\n\n<p>Kirjoita kysymys tai v\u00e4itt\u00e4m\u00e4. Klikkaamalla kohtaan <strong>Tyyppi<\/strong>, voit valita palautemuodon eli vapaan tekstin tai asteikon. Kysymyksen luonnin j\u00e4lkeen klikkaa <strong>OK<\/strong>.<\/p>\n\n\n\n<figure class=\"wp-block-image size-large\"><img loading=\"lazy\" decoding=\"async\" width=\"966\" height=\"481\" src=\"https:\/\/esamksupport.samk.fi\/ohje\/wp-content\/uploads\/sites\/3\/2023\/01\/image-3-966x481.png\" alt=\"\" class=\"wp-image-3507\" srcset=\"https:\/\/esamksupport.samk.fi\/ohje\/wp-content\/uploads\/sites\/3\/2023\/01\/image-3.png 966w, https:\/\/esamksupport.samk.fi\/ohje\/wp-content\/uploads\/sites\/3\/2023\/01\/image-3-768x382.png 768w\" sizes=\"auto, (max-width: 966px) 100vw, 966px\" \/><\/figure>\n\n\n\n<p><strong>Esimerkiksi:<\/strong><\/p>\n\n\n\n<figure class=\"wp-block-image size-large\"><img loading=\"lazy\" decoding=\"async\" width=\"945\" height=\"461\" src=\"https:\/\/esamksupport.samk.fi\/ohje\/wp-content\/uploads\/sites\/3\/2023\/01\/image-4-945x461.png\" alt=\"\" class=\"wp-image-3508\" srcset=\"https:\/\/esamksupport.samk.fi\/ohje\/wp-content\/uploads\/sites\/3\/2023\/01\/image-4.png 945w, https:\/\/esamksupport.samk.fi\/ohje\/wp-content\/uploads\/sites\/3\/2023\/01\/image-4-768x374.png 768w\" sizes=\"auto, (max-width: 945px) 100vw, 945px\" \/><\/figure>\n\n\n\n<p><strong>Muista my\u00f6s tallentaa muutokset!<\/strong><\/p>\n\n\n\n<figure class=\"wp-block-image size-large\"><img loading=\"lazy\" decoding=\"async\" width=\"1004\" height=\"307\" src=\"https:\/\/esamksupport.samk.fi\/ohje\/wp-content\/uploads\/sites\/3\/2023\/01\/image-5-1004x307.png\" alt=\"\" class=\"wp-image-3509\" srcset=\"https:\/\/esamksupport.samk.fi\/ohje\/wp-content\/uploads\/sites\/3\/2023\/01\/image-5.png 1004w, https:\/\/esamksupport.samk.fi\/ohje\/wp-content\/uploads\/sites\/3\/2023\/01\/image-5-768x234.png 768w\" sizes=\"auto, (max-width: 1004px) 100vw, 1004px\" \/><\/figure>\n\n\n\n<p>Kysymys on muokattavissa \/ poistettavissa kunnes opintojaksopalaute aukeaa. Sen j\u00e4lkeen kysymyst\u00e4 ei voi muokata tai poistaa.<\/p>\n","protected":false},"excerpt":{"rendered":"<p>Opettaja voi lis\u00e4t\u00e4 oman kysymyksen liittyen opintojaksopalautteeseen Tuudossa seuraavia vaiheita noudattaen. HUOM! Kysymys pit\u00e4\u00e4 lis\u00e4t\u00e4 ennen kuin opintojaksopalaute avautuu vastattavaksi. Jos opintojaksolla on useampi opettaja, niin kysymys on yhteinen kaikkien opettajien kesken. Mene opintojaksopalautesivulle coursefeedback.samk.fi Valitse k\u00e4ynniss\u00e4 olevista opintojaksoista se opintojakso, jolle haluat luoda kysymyksen. Valitse kohta Loppupalaute. Se n\u00e4kyy korostettuna alla olevassa kuvassa. Selaa sivun alalaitaan kohtaan Opettajan kysymykset. Opettaja voi lis\u00e4t\u00e4 yhden oman kysymyksen koskien opintojaksoa. Kirjoita kysymys tai v\u00e4itt\u00e4m\u00e4. Klikkaamalla kohtaan Tyyppi, voit valita palautemuodon eli vapaan tekstin tai asteikon. Kysymyksen luonnin j\u00e4lkeen klikkaa OK. Esimerkiksi: Muista my\u00f6s tallentaa muutokset! Kysymys on muokattavissa \/ poistettavissa kunnes opintojaksopalaute aukeaa. Sen j\u00e4lkeen kysymyst\u00e4 ei voi muokata tai poistaa.<\/p>\n","protected":false},"author":18,"featured_media":0,"parent":0,"menu_order":0,"comment_status":"closed","ping_status":"open","template":"","meta":{"footnotes":""},"class_list":["post-3503","page","type-page","status-publish"],"_links":{"self":[{"href":"https:\/\/esamksupport.samk.fi\/ohje\/wp-json\/wp\/v2\/pages\/3503","targetHints":{"allow":["GET"]}}],"collection":[{"href":"https:\/\/esamksupport.samk.fi\/ohje\/wp-json\/wp\/v2\/pages"}],"about":[{"href":"https:\/\/esamksupport.samk.fi\/ohje\/wp-json\/wp\/v2\/types\/page"}],"author":[{"embeddable":true,"href":"https:\/\/esamksupport.samk.fi\/ohje\/wp-json\/wp\/v2\/users\/18"}],"replies":[{"embeddable":true,"href":"https:\/\/esamksupport.samk.fi\/ohje\/wp-json\/wp\/v2\/comments?post=3503"}],"version-history":[{"count":6,"href":"https:\/\/esamksupport.samk.fi\/ohje\/wp-json\/wp\/v2\/pages\/3503\/revisions"}],"predecessor-version":[{"id":3839,"href":"https:\/\/esamksupport.samk.fi\/ohje\/wp-json\/wp\/v2\/pages\/3503\/revisions\/3839"}],"wp:attachment":[{"href":"https:\/\/esamksupport.samk.fi\/ohje\/wp-json\/wp\/v2\/media?parent=3503"}],"curies":[{"name":"wp","href":"https:\/\/api.w.org\/{rel}","templated":true}]}}