{"id":3563,"date":"2023-05-30T09:56:01","date_gmt":"2023-05-30T06:56:01","guid":{"rendered":"https:\/\/esamksupport.samk.fi\/ohje\/?page_id=3563"},"modified":"2026-04-20T09:43:57","modified_gmt":"2026-04-20T06:43:57","slug":"turnitin","status":"publish","type":"page","link":"https:\/\/esamksupport.samk.fi\/ohje\/turnitin\/","title":{"rendered":"Turnitin"},"content":{"rendered":"\n\n\t<p><a href=\"#draftcoach\">Hypp\u00e4\u00e4 DraftCoachiin<\/a><\/p>\n<p>Turnitin on SAMKissa k\u00e4yt\u00f6ss\u00e4 oleva plagiaatintunnistusj\u00e4rjestelm\u00e4. Se on integroitu sek\u00e4 Wihiin, jossa tarkastus tapahtuu automaattisesti prosessin lopussa, sek\u00e4 Moodleen, jossa se on k\u00e4ytett\u00e4viss\u00e4 seuraavissa teht\u00e4v\u00e4tyypeiss\u00e4: teht\u00e4v\u00e4, tentti, ty\u00f6paja ja keskustelufoorumi.<\/p>\n<p>Moodlessa jokaisen k\u00e4ytt\u00e4j\u00e4n on hyv\u00e4ksytt\u00e4v\u00e4t k\u00e4ytt\u00f6ehdot (EULA) ensimm\u00e4isen k\u00e4ytt\u00f6kerran yhteydess\u00e4, sek\u00e4 aina k\u00e4ytt\u00f6ehtojen muuttuessa. Ellei <strong>opiskelija<\/strong> paina &#8221;Hyv\u00e4ksyn Turnitin EULA-k\u00e4ytt\u00f6oikeuden&#8221; -nappia tai hylk\u00e4\u00e4 EULAn, h\u00e4nen ty\u00f6ns\u00e4 ei l\u00e4hde Moodlesta Turnitin-tarkistukseen.<\/p>\n<figure><img decoding=\"async\" src=\"https:\/\/esamksupport.samk.fi\/ohje\/wp-content\/uploads\/sites\/3\/2023\/02\/TurnItIn_accept_eula.png\" alt=\"\" \/><\/figure>\n<p>Kun viimeisin k\u00e4ytt\u00f6ehto on hyv\u00e4ksyttyn\u00e4, painikkeet katoavat n\u00e4kym\u00e4st\u00e4 ja tilalla on teksti &#8221;Olet jo hyv\u00e4ksynyt viimeisimm\u00e4n Turnitin EULA-k\u00e4ytt\u00f6oikeuden.<\/p>\n<figure><img decoding=\"async\" src=\"https:\/\/esamksupport.samk.fi\/ohje\/wp-content\/uploads\/sites\/3\/2023\/02\/TurnItIn_accepted_eula.png\" alt=\"\" \/><\/figure>\n<h2>Raportin tulkinta<\/h2>\n<p>Alla olevat kuvat ja ohjeet perustuvat kes\u00e4ll\u00e4 2024 k\u00e4ytt\u00f6\u00f6n tulleeseen samankaltaisuusraporttin\u00e4kym\u00e4\u00e4n ja oheiset kuvat ovat Turnitinin malliraportista. N\u00e4iss\u00e4 on kuvattu raportilla olevien kohteiden tarkoitus ja tulkinta.<\/p>\n<figure><img decoding=\"async\" src=\"https:\/\/esamksupport.samk.fi\/ohje\/wp-content\/uploads\/sites\/3\/2024\/06\/switchtonewview-512x378.png\" alt=\"Switch to the new view\" \/><\/figure>\n<p>Voit vaihtaa uuden raportin k\u00e4ytt\u00f6\u00f6n <mark>Switch to the new view<\/mark> -painikkeesta.<\/p>\n<figure><img decoding=\"async\" src=\"https:\/\/esamksupport.samk.fi\/ohje\/wp-content\/uploads\/sites\/3\/2024\/06\/notcited-901x422.png\" alt=\"Not Cited or Quoted\" \/><\/figure>\n<figure><img decoding=\"async\" src=\"https:\/\/esamksupport.samk.fi\/ohje\/wp-content\/uploads\/sites\/3\/2024\/06\/missingquotes-890x424.png\" alt=\"Missing Quotations\" \/><\/figure>\n<figure><img decoding=\"async\" src=\"https:\/\/esamksupport.samk.fi\/ohje\/wp-content\/uploads\/sites\/3\/2024\/06\/missingcitation-894x447.png\" alt=\"Missing Citation\" \/><\/figure>\n<figure><img decoding=\"async\" src=\"https:\/\/esamksupport.samk.fi\/ohje\/wp-content\/uploads\/sites\/3\/2024\/06\/missingcitationdefinition-929x653.png\" alt=\"Missing Citation explained\" \/><\/figure>\n<figure><img decoding=\"async\" src=\"https:\/\/esamksupport.samk.fi\/ohje\/wp-content\/uploads\/sites\/3\/2024\/06\/filters-525x482.png\" alt=\"Filters\" \/><\/figure>\n<figure><img decoding=\"async\" src=\"https:\/\/esamksupport.samk.fi\/ohje\/wp-content\/uploads\/sites\/3\/2024\/06\/filteravailable-941x573.png\" alt=\"Available Filters\" \/><\/figure>\n<figure><img decoding=\"async\" src=\"https:\/\/esamksupport.samk.fi\/ohje\/wp-content\/uploads\/sites\/3\/2024\/06\/aiwriting-487x319.png\" alt=\"AI Writing\" \/><\/figure>\n<p>Teko\u00e4lytunnistuksen ikoni on muuttanut sivun yl\u00e4palkkiin.<\/p>\n<figure><img decoding=\"async\" src=\"https:\/\/esamksupport.samk.fi\/ohje\/wp-content\/uploads\/sites\/3\/2024\/06\/aiwritingdefinition-919x367.png\" alt=\"AI Writing explained\" \/><\/figure>\n<p>Turnitin tunnistaa teko\u00e4lyn tuottaman tekstin edelleen vain englanninkielisist\u00e4 palautuksista. AI-raportin tarkempaan tulkintaan ja tunnistuksen reunaehtoihin l\u00f6ytyy viimeisin ohje <a href=\"https:\/\/help.turnitin.com\/ai-writing-detection.htm\" target=\"_blank\" rel=\"noreferrer noopener\">Turnitinin omalta sivulta<\/a>.<\/p>\n<figure><img decoding=\"async\" src=\"https:\/\/esamksupport.samk.fi\/ohje\/wp-content\/uploads\/sites\/3\/2024\/06\/flags-456x352.png\" alt=\"Flags\" \/><\/figure>\n<figure><img decoding=\"async\" src=\"https:\/\/esamksupport.samk.fi\/ohje\/wp-content\/uploads\/sites\/3\/2024\/06\/flagforreview-537x247.png\" alt=\"Integrity Flag for Review example\" \/><\/figure>\n<h2 id=\"draftcoach\">Turnitin Draft Coach<\/h2>\n<p>Draft Coach on palvelu, joka linkittyy Microsoft Word Onlineen ja on kaikkien SAMKilaisten, niin opiskelijoiden kuin henkil\u00f6kunnan k\u00e4ytett\u00e4viss\u00e4.<\/p>\n<p>Palvelun avulla kirjoittaja voi milloin vain itsen\u00e4isesti tarkistaa kirjoittamansa tekstin alkuper\u00e4isyyden ja sen viittausten oikeellisuuden.<\/p>\n<figure>\n<iframe loading=\"lazy\" title=\"Turnitin Draft Coach\u2122\ufe0f for Students | Turnitin\" width=\"800\" height=\"450\" src=\"https:\/\/www.youtube.com\/embed\/2HSHlSf059k?list=PL8VCrbt1ecORrSqHk_UFWtIECnxG53hoM\" frameborder=\"0\" allow=\"accelerometer; autoplay; clipboard-write; encrypted-media; gyroscope; picture-in-picture; web-share\" referrerpolicy=\"strict-origin-when-cross-origin\" allowfullscreen><\/iframe>\n<\/figure>\n<h3>Draft Coachin k\u00e4ytt\u00f6<\/h3>\n<p>Mene Word Onlineen, esimerkiksi reitti\u00e4 samk.fi -&gt; Oikopolut -&gt; M365 ja k\u00e4ynnist\u00e4 vasemman reunan ikonipalkista Word.<\/p>\n<figure><img decoding=\"async\" src=\"https:\/\/esamksupport.samk.fi\/ohje\/wp-content\/uploads\/sites\/3\/2024\/02\/draftcoachM365.jpg\" alt=\"M365 ja Word Online\" \/><\/figure>\n<p>Ty\u00f6kalupalkista l\u00f6ytyy valikko <mark>Turnitin<\/mark> ja sen klikkaus avaa vasempaan reunaan <mark>Draft Coach<\/mark> -painikkeen.<\/p>\n<p>Ensimm\u00e4isell\u00e4 k\u00e4ytt\u00f6kerralla tulee hyv\u00e4ksy\u00e4 End-User Licence Agreement, eli EULA. Jos EULAn sis\u00e4lt\u00f6 jostain syyst\u00e4 muuttuu, tulee se uudelleen hyv\u00e4ksytt\u00e4v\u00e4ksi.<\/p>\n<figure><img decoding=\"async\" src=\"https:\/\/esamksupport.samk.fi\/ohje\/wp-content\/uploads\/sites\/3\/2024\/02\/draftcoach01-2.jpg\" alt=\"\" \/><\/figure>\n<p>Hyv\u00e4ksynn\u00e4n j\u00e4lkeen Draft Coachin ty\u00f6kalut ilmestyv\u00e4t n\u00e4kyville. Jokaista yksitt\u00e4ist\u00e4 dokumenttia saa k\u00e4ytt\u00e4\u00e4 kolmasti samankaltaisuustarkistuksessa ja j\u00e4rjestelm\u00e4 <mark>pit\u00e4\u00e4 kirjaa k\u00e4ytetyist\u00e4 kerroista. <\/mark>Valinnalla<mark> Go to Similarity<\/mark> p\u00e4\u00e4set aloittamaan tarkistuksen.<\/p>\n<figure><img decoding=\"async\" src=\"https:\/\/esamksupport.samk.fi\/ohje\/wp-content\/uploads\/sites\/3\/2024\/02\/draftcoach02.jpg\" alt=\"\" \/><\/figure>\n<p>Valitse <mark>Run Similarity Check<\/mark><\/p>\n<figure><img decoding=\"async\" src=\"https:\/\/esamksupport.samk.fi\/ohje\/wp-content\/uploads\/sites\/3\/2024\/02\/draftcoach03.jpg\" alt=\"\" \/><\/figure>\n<p>T\u00e4ss\u00e4 vaiheessa n\u00e4et viel\u00e4, montako tarkistuskertaa k\u00e4sitelt\u00e4v\u00e4ll\u00e4 dokumentilla on j\u00e4ljell\u00e4 ja valitsemalla <mark>Confirm<\/mark>, tekstisi siirtyy tarkistusprosessiin.<\/p>\n<figure><img decoding=\"async\" src=\"https:\/\/esamksupport.samk.fi\/ohje\/wp-content\/uploads\/sites\/3\/2024\/02\/draftcoach04.jpg\" alt=\"\" \/><\/figure>\n<p>Tarkistusprosessin aikana j\u00e4rjestelm\u00e4 <mark>varoittaa muokkaamasta teksti\u00e4<\/mark>.<\/p>\n<figure><img decoding=\"async\" src=\"https:\/\/esamksupport.samk.fi\/ohje\/wp-content\/uploads\/sites\/3\/2024\/02\/draftcoach05.jpg\" alt=\"\" \/><\/figure>\n<p>Analyysin j\u00e4lkeen saat prosenttiluvun, joka kertoo koko dokumentin samankaltaisuuden ja sen alle erittelyn l\u00e4hteitt\u00e4in. Voit my\u00f6s ajaa tarkastuksen uudelleen, mik\u00e4li dokumentillasi on k\u00e4ytt\u00e4m\u00e4tt\u00f6mi\u00e4 tarkastuskertoja ja voit avata tarkemman raportin.<\/p>\n<figure><img decoding=\"async\" src=\"https:\/\/esamksupport.samk.fi\/ohje\/wp-content\/uploads\/sites\/3\/2024\/02\/draftcoach06.jpg\" alt=\"\" \/><\/figure>\n<p>Alla n\u00e4kym\u00e4 tarkemmasta raportista.<\/p>\n<figure><img decoding=\"async\" src=\"https:\/\/esamksupport.samk.fi\/ohje\/wp-content\/uploads\/sites\/3\/2024\/02\/draftcoach07.jpg\" alt=\"\" \/><\/figure>\n<p><a href=\"https:\/\/moodle4x.samk.fi\/course\/view.php?id=870&amp;section=16#tabs-tree-start\" target=\"_blank\" rel=\"noreferrer noopener\">DraftCoach -raportin tulkintaohje. Linkki johtaa SAMK-kirjautumisen vaativaan Kirjasto-Moodleen<\/a><\/p>\n<p><a href=\"https:\/\/hill.webex.com\/recordingservice\/sites\/hill\/recording\/2a1dca0f42a544ab97e2df730660bf45\/playback\">Linkki 23.4.2025 Draft Coach infoon (Webex-tallenne)<\/a><\/p>\n\n","protected":false},"excerpt":{"rendered":"<p>Hypp\u00e4\u00e4 DraftCoachiin Turnitin on SAMKissa k\u00e4yt\u00f6ss\u00e4 oleva plagiaatintunnistusj\u00e4rjestelm\u00e4. Se on integroitu sek\u00e4 Wihiin, jossa tarkastus tapahtuu automaattisesti prosessin lopussa, sek\u00e4 Moodleen, jossa se on k\u00e4ytett\u00e4viss\u00e4 seuraavissa teht\u00e4v\u00e4tyypeiss\u00e4: teht\u00e4v\u00e4, tentti, ty\u00f6paja ja keskustelufoorumi. Moodlessa jokaisen k\u00e4ytt\u00e4j\u00e4n on hyv\u00e4ksytt\u00e4v\u00e4t k\u00e4ytt\u00f6ehdot (EULA) ensimm\u00e4isen k\u00e4ytt\u00f6kerran yhteydess\u00e4, sek\u00e4 aina k\u00e4ytt\u00f6ehtojen muuttuessa. Ellei opiskelija paina &#8221;Hyv\u00e4ksyn Turnitin EULA-k\u00e4ytt\u00f6oikeuden&#8221; -nappia tai hylk\u00e4\u00e4 EULAn, h\u00e4nen ty\u00f6ns\u00e4 ei l\u00e4hde Moodlesta Turnitin-tarkistukseen. Kun viimeisin k\u00e4ytt\u00f6ehto on hyv\u00e4ksyttyn\u00e4, painikkeet katoavat n\u00e4kym\u00e4st\u00e4 ja tilalla on teksti &#8221;Olet jo hyv\u00e4ksynyt viimeisimm\u00e4n Turnitin EULA-k\u00e4ytt\u00f6oikeuden. Raportin tulkinta Alla olevat kuvat ja ohjeet perustuvat kes\u00e4ll\u00e4 2024 k\u00e4ytt\u00f6\u00f6n tulleeseen samankaltaisuusraporttin\u00e4kym\u00e4\u00e4n ja oheiset kuvat ovat Turnitinin malliraportista. N\u00e4iss\u00e4 on kuvattu raportilla olevien kohteiden tarkoitus ja tulkinta. Voit vaihtaa uuden raportin k\u00e4ytt\u00f6\u00f6n Switch to the new view -painikkeesta. Teko\u00e4lytunnistuksen ikoni on muuttanut sivun yl\u00e4palkkiin. Turnitin tunnistaa teko\u00e4lyn tuottaman tekstin edelleen vain englanninkielisist\u00e4 palautuksista. AI-raportin tarkempaan tulkintaan ja tunnistuksen reunaehtoihin l\u00f6ytyy viimeisin ohje Turnitinin omalta sivulta. Turnitin Draft Coach Draft&hellip;<\/p>\n<p> <a class=\"more-link\" href=\"https:\/\/esamksupport.samk.fi\/ohje\/turnitin\/\">Lue Lis\u00e4\u00e4<\/a><\/p>\n","protected":false},"author":18,"featured_media":0,"parent":0,"menu_order":0,"comment_status":"closed","ping_status":"open","template":"","meta":{"footnotes":""},"class_list":["post-3563","page","type-page","status-publish"],"_links":{"self":[{"href":"https:\/\/esamksupport.samk.fi\/ohje\/wp-json\/wp\/v2\/pages\/3563","targetHints":{"allow":["GET"]}}],"collection":[{"href":"https:\/\/esamksupport.samk.fi\/ohje\/wp-json\/wp\/v2\/pages"}],"about":[{"href":"https:\/\/esamksupport.samk.fi\/ohje\/wp-json\/wp\/v2\/types\/page"}],"author":[{"embeddable":true,"href":"https:\/\/esamksupport.samk.fi\/ohje\/wp-json\/wp\/v2\/users\/18"}],"replies":[{"embeddable":true,"href":"https:\/\/esamksupport.samk.fi\/ohje\/wp-json\/wp\/v2\/comments?post=3563"}],"version-history":[{"count":37,"href":"https:\/\/esamksupport.samk.fi\/ohje\/wp-json\/wp\/v2\/pages\/3563\/revisions"}],"predecessor-version":[{"id":4175,"href":"https:\/\/esamksupport.samk.fi\/ohje\/wp-json\/wp\/v2\/pages\/3563\/revisions\/4175"}],"wp:attachment":[{"href":"https:\/\/esamksupport.samk.fi\/ohje\/wp-json\/wp\/v2\/media?parent=3563"}],"curies":[{"name":"wp","href":"https:\/\/api.w.org\/{rel}","templated":true}]}}