{"id":454,"date":"2019-06-19T10:58:53","date_gmt":"2019-06-19T07:58:53","guid":{"rendered":"https:\/\/esamksupport.samk.fi\/ohje\/?page_id=454"},"modified":"2025-09-09T10:02:32","modified_gmt":"2025-09-09T07:02:32","slug":"loki","status":"publish","type":"page","link":"https:\/\/esamksupport.samk.fi\/ohje\/loki\/","title":{"rendered":"Peppi"},"content":{"rendered":"\n<p><\/p>\n\n\n\n<p>Peppi on Satakunnan ammattikorkeakoulun opintotietoj\u00e4rjestelm\u00e4. Pepiss\u00e4 rakennetaan opetussuunnitelmat, toteutukset ja henkil\u00f6kohtaiset opiskelusuunnitelmat. Pepin k\u00e4ytt\u00f6liittym\u00e4 koostuu ty\u00f6p\u00f6ydist\u00e4, jotka toteutetaan eri k\u00e4ytt\u00e4j\u00e4ryhmien roolien mukaan. Jokaisen ty\u00f6p\u00f6yd\u00e4n perusk\u00e4ytt\u00f6oikeudet m\u00e4\u00e4r\u00e4ytyv\u00e4t organisaation k\u00e4ytt\u00e4j\u00e4roolien mukaisesti. Oikeuksia voi tarkentaa ja lis\u00e4t\u00e4 k\u00e4ytt\u00f6oikeushallinnassa.<\/p>\n\n\n\n<p><strong>Opiskelijan ty\u00f6p\u00f6yt\u00e4 (PAKKI)<\/strong> &#8211; Opiskelijat n\u00e4kev\u00e4t t\u00e4\u00e4lt\u00e4 oman opetussuunnitelmansa, opiskelu- ja henkil\u00f6tietonsa, valitsevat opintonsa ja ilmoittautuvat lukuvuodelle ett\u00e4 toteutuksille jaksoittain.<\/p>\n\n\n\n<p><strong>Opettajan ty\u00f6p\u00f6yt\u00e4<\/strong> &#8211; Opettajat luovat toteutuksensa opetussuunnitelman vuosittaisen etenemissuunnitelman mukaisesti t\u00e4\u00e4ll\u00e4. Opettajatutorit voivat my\u00f6s t\u00e4\u00e4ll\u00e4 seurata ryhmiens\u00e4 opintojen etenemist\u00e4.<\/p>\n\n\n\n<p><strong>Suunnittelijan ty\u00f6p\u00f6yt\u00e4<\/strong> &#8211; Opetussuunnitelmat, opintojaksot ja opintokokonaisuudet luodaan, hyv\u00e4ksyt\u00e4\u00e4n ja julkaistaan t\u00e4\u00e4ll\u00e4.<\/p>\n\n\n\n<p><strong>Korkeakoulupalveluiden ty\u00f6p\u00f6yt\u00e4 (KKP)<\/strong> &#8211; P\u00e4\u00e4asiallisesti opiskelijoiden tietojen hallinnointiin tarkoitettu ty\u00f6p\u00f6yt\u00e4, miss\u00e4 voidaan alustaa, luoda ja p\u00e4ivitt\u00e4\u00e4 opiskelijoiden henkil\u00f6- ja opiskelutietoja, esim. valmistaa opiskelija.<\/p>\n\n\n\n<p><strong>P\u00e4\u00e4k\u00e4ytt\u00e4j\u00e4n ty\u00f6p\u00f6yt\u00e4<\/strong> &#8211; Hallinnollinen ty\u00f6p\u00f6yt\u00e4 j\u00e4rjestelm\u00e4n p\u00e4\u00e4k\u00e4ytt\u00e4jille.<\/p>\n\n\n\n<p>Peppi l\u00f6ytyy osoitteesta <a href=\"https:\/\/peppi.samk.fi\">https:\/\/peppi.samk.fi<\/a>.<\/p>\n\n\n\n<p>Opiskelijan Peppi-ohjeet l\u00f6yd\u00e4t SAMKin sivuilta: <a href=\"https:\/\/www.samk.fi\/opiskelijalle\/opiskelussa-kaytettavat-jarjestelmat\/loki-ohjeet\/\" target=\"_blank\" rel=\"noreferrer noopener\">Peppi-ohjeet<\/a><\/p>\n\n\n\n<p><\/p>\n","protected":false},"excerpt":{"rendered":"<p>Peppi on Satakunnan ammattikorkeakoulun opintotietoj\u00e4rjestelm\u00e4. Pepiss\u00e4 rakennetaan opetussuunnitelmat, toteutukset ja henkil\u00f6kohtaiset opiskelusuunnitelmat. Pepin k\u00e4ytt\u00f6liittym\u00e4 koostuu ty\u00f6p\u00f6ydist\u00e4, jotka toteutetaan eri k\u00e4ytt\u00e4j\u00e4ryhmien roolien mukaan. Jokaisen ty\u00f6p\u00f6yd\u00e4n perusk\u00e4ytt\u00f6oikeudet m\u00e4\u00e4r\u00e4ytyv\u00e4t organisaation k\u00e4ytt\u00e4j\u00e4roolien mukaisesti. Oikeuksia voi tarkentaa ja lis\u00e4t\u00e4 k\u00e4ytt\u00f6oikeushallinnassa. Opiskelijan ty\u00f6p\u00f6yt\u00e4 (PAKKI) &#8211; Opiskelijat n\u00e4kev\u00e4t t\u00e4\u00e4lt\u00e4 oman opetussuunnitelmansa, opiskelu- ja henkil\u00f6tietonsa, valitsevat opintonsa ja ilmoittautuvat lukuvuodelle ett\u00e4 toteutuksille jaksoittain. Opettajan ty\u00f6p\u00f6yt\u00e4 &#8211; Opettajat luovat toteutuksensa opetussuunnitelman vuosittaisen etenemissuunnitelman mukaisesti t\u00e4\u00e4ll\u00e4. Opettajatutorit voivat my\u00f6s t\u00e4\u00e4ll\u00e4 seurata ryhmiens\u00e4 opintojen etenemist\u00e4. Suunnittelijan ty\u00f6p\u00f6yt\u00e4 &#8211; Opetussuunnitelmat, opintojaksot ja opintokokonaisuudet luodaan, hyv\u00e4ksyt\u00e4\u00e4n ja julkaistaan t\u00e4\u00e4ll\u00e4. Korkeakoulupalveluiden ty\u00f6p\u00f6yt\u00e4 (KKP) &#8211; P\u00e4\u00e4asiallisesti opiskelijoiden tietojen hallinnointiin tarkoitettu ty\u00f6p\u00f6yt\u00e4, miss\u00e4 voidaan alustaa, luoda ja p\u00e4ivitt\u00e4\u00e4 opiskelijoiden henkil\u00f6- ja opiskelutietoja, esim. valmistaa opiskelija. P\u00e4\u00e4k\u00e4ytt\u00e4j\u00e4n ty\u00f6p\u00f6yt\u00e4 &#8211; Hallinnollinen ty\u00f6p\u00f6yt\u00e4 j\u00e4rjestelm\u00e4n p\u00e4\u00e4k\u00e4ytt\u00e4jille. Peppi l\u00f6ytyy osoitteesta https:\/\/peppi.samk.fi. Opiskelijan Peppi-ohjeet l\u00f6yd\u00e4t SAMKin sivuilta: Peppi-ohjeet<\/p>\n","protected":false},"author":2,"featured_media":0,"parent":0,"menu_order":0,"comment_status":"closed","ping_status":"open","template":"","meta":{"footnotes":""},"class_list":["post-454","page","type-page","status-publish"],"_links":{"self":[{"href":"https:\/\/esamksupport.samk.fi\/ohje\/wp-json\/wp\/v2\/pages\/454","targetHints":{"allow":["GET"]}}],"collection":[{"href":"https:\/\/esamksupport.samk.fi\/ohje\/wp-json\/wp\/v2\/pages"}],"about":[{"href":"https:\/\/esamksupport.samk.fi\/ohje\/wp-json\/wp\/v2\/types\/page"}],"author":[{"embeddable":true,"href":"https:\/\/esamksupport.samk.fi\/ohje\/wp-json\/wp\/v2\/users\/2"}],"replies":[{"embeddable":true,"href":"https:\/\/esamksupport.samk.fi\/ohje\/wp-json\/wp\/v2\/comments?post=454"}],"version-history":[{"count":15,"href":"https:\/\/esamksupport.samk.fi\/ohje\/wp-json\/wp\/v2\/pages\/454\/revisions"}],"predecessor-version":[{"id":4159,"href":"https:\/\/esamksupport.samk.fi\/ohje\/wp-json\/wp\/v2\/pages\/454\/revisions\/4159"}],"wp:attachment":[{"href":"https:\/\/esamksupport.samk.fi\/ohje\/wp-json\/wp\/v2\/media?parent=454"}],"curies":[{"name":"wp","href":"https:\/\/api.w.org\/{rel}","templated":true}]}}