{"id":461,"date":"2019-06-19T12:20:55","date_gmt":"2019-06-19T09:20:55","guid":{"rendered":"https:\/\/esamksupport.samk.fi\/ohje\/?page_id=461"},"modified":"2022-02-18T13:11:05","modified_gmt":"2022-02-18T11:11:05","slug":"hill-opiskelija","status":"publish","type":"page","link":"https:\/\/esamksupport.samk.fi\/ohje\/hill-opiskelija\/","title":{"rendered":"Hill &gt; Opiskelija"},"content":{"rendered":"\n<p>Opiskelijoiden EduHILL l\u00f6ytyy osoitteesta <a href=\"https:\/\/eduhill.webex.com\/\">https:\/\/eduhill.webex.com\/<\/a><\/p>\n\n\n\n<figure class=\"wp-block-image size-full\"><a href=\"https:\/\/eduhill.webex.com\/\" target=\"_blank\" rel=\"noreferrer noopener\"><img loading=\"lazy\" decoding=\"async\" width=\"200\" height=\"70\" src=\"https:\/\/esamksupport.samk.fi\/ohje\/wp-content\/uploads\/sites\/3\/2021\/07\/eduhill_logo_200x70px.png\" alt=\"\" class=\"wp-image-2416\"\/><\/a><figcaption><br><\/figcaption><\/figure>\n\n\n\n<p><a href=\"https:\/\/esamksupport.samk.fi\/ohje\/hill-testisessiot\/\">Testisessiot<\/a><\/p>\n\n\n\n<p><a href=\"https:\/\/esamksupport.samk.fi\/ohje\/hill-opiskelija-omahuone\/\">Ohje oman huoneen k\u00e4ytt\u00f6\u00f6n<\/a><\/p>\n\n\n\n<p><a href=\"https:\/\/esamksupport.samk.fi\/ohje\/hill-opiskelija-nauhoitus\/\">Ohje oman huoneen tallentamiseen<\/a><\/p>\n\n\n\n<p><\/p>\n","protected":false},"excerpt":{"rendered":"<p>Opiskelijoiden EduHILL l\u00f6ytyy osoitteesta https:\/\/eduhill.webex.com\/ Testisessiot Ohje oman huoneen k\u00e4ytt\u00f6\u00f6n Ohje oman huoneen tallentamiseen<\/p>\n","protected":false},"author":2,"featured_media":0,"parent":0,"menu_order":0,"comment_status":"closed","ping_status":"open","template":"","meta":{"footnotes":""},"class_list":["post-461","page","type-page","status-publish"],"_links":{"self":[{"href":"https:\/\/esamksupport.samk.fi\/ohje\/wp-json\/wp\/v2\/pages\/461","targetHints":{"allow":["GET"]}}],"collection":[{"href":"https:\/\/esamksupport.samk.fi\/ohje\/wp-json\/wp\/v2\/pages"}],"about":[{"href":"https:\/\/esamksupport.samk.fi\/ohje\/wp-json\/wp\/v2\/types\/page"}],"author":[{"embeddable":true,"href":"https:\/\/esamksupport.samk.fi\/ohje\/wp-json\/wp\/v2\/users\/2"}],"replies":[{"embeddable":true,"href":"https:\/\/esamksupport.samk.fi\/ohje\/wp-json\/wp\/v2\/comments?post=461"}],"version-history":[{"count":5,"href":"https:\/\/esamksupport.samk.fi\/ohje\/wp-json\/wp\/v2\/pages\/461\/revisions"}],"predecessor-version":[{"id":3231,"href":"https:\/\/esamksupport.samk.fi\/ohje\/wp-json\/wp\/v2\/pages\/461\/revisions\/3231"}],"wp:attachment":[{"href":"https:\/\/esamksupport.samk.fi\/ohje\/wp-json\/wp\/v2\/media?parent=461"}],"curies":[{"name":"wp","href":"https:\/\/api.w.org\/{rel}","templated":true}]}}