{"id":492,"date":"2019-06-19T12:31:54","date_gmt":"2019-06-19T09:31:54","guid":{"rendered":"https:\/\/esamksupport.samk.fi\/ohje\/?page_id=492"},"modified":"2021-08-17T12:30:03","modified_gmt":"2021-08-17T09:30:03","slug":"timeedit-opettaja-kalenterinsiirto","status":"publish","type":"page","link":"https:\/\/esamksupport.samk.fi\/ohje\/timeedit-opettaja-kalenterinsiirto\/","title":{"rendered":"TimeEdit > Opettaja > Kalenterin siirto"},"content":{"rendered":"\n\n\t<p>Kun olet luonut itsellesi ty\u00f6j\u00e4rjestyksen TimeEdit-palvelussa voit t\u00e4m\u00e4n joko tallentaa palveluun tai ladata iCal-tiedostomuodossa kalenteriohjelmaa varten, esim. Outlook. Voit my\u00f6s ladata ty\u00f6j\u00e4rjestyksen taulukkotiedostona tai PDF-asiakirjana, mutta t\u00e4ll\u00f6in n\u00e4ihin ei tietenk\u00e4\u00e4n muutokset p\u00e4ivity. Muista asettaa aikav\u00e4li sill\u00e4 oletuksena TimeEdit n\u00e4ytt\u00e4\u00e4 vain kuluvan viikon ty\u00f6j\u00e4rjestyksen!<\/p>\n\n<p>Siirt\u00e4\u00e4ksesi tekem\u00e4si ty\u00f6j\u00e4rjestyksen (esim. tutoroitavan ryhm\u00e4si) kalenteriisi lataa t\u00e4m\u00e4 iCal-muodossa ja avaa t\u00e4m\u00e4 tiedosto Outlook-sovellukseen.<\/p>\n\n<p>T\u00e4ll\u00f6in ty\u00f6j\u00e4rjestys ilmestyy kalenteriisi muiden kalenterien alle ja voit t\u00e4\u00e4lt\u00e4 seurata ty\u00f6j\u00e4rjestyst\u00e4 tietylle ryhm\u00e4lle, toteutukselle tai n\u00e4iden yhdistelmille.<\/p>\n\n","protected":false},"excerpt":{"rendered":"<p>Kun olet luonut itsellesi ty\u00f6j\u00e4rjestyksen TimeEdit-palvelussa voit t\u00e4m\u00e4n joko tallentaa palveluun tai ladata iCal-tiedostomuodossa kalenteriohjelmaa varten, esim. Outlook. Voit my\u00f6s ladata ty\u00f6j\u00e4rjestyksen taulukkotiedostona tai PDF-asiakirjana, mutta t\u00e4ll\u00f6in n\u00e4ihin ei tietenk\u00e4\u00e4n muutokset p\u00e4ivity. Muista asettaa aikav\u00e4li sill\u00e4 oletuksena TimeEdit n\u00e4ytt\u00e4\u00e4 vain kuluvan viikon ty\u00f6j\u00e4rjestyksen! Siirt\u00e4\u00e4ksesi tekem\u00e4si ty\u00f6j\u00e4rjestyksen (esim. tutoroitavan ryhm\u00e4si) kalenteriisi lataa t\u00e4m\u00e4 iCal-muodossa ja avaa t\u00e4m\u00e4 tiedosto Outlook-sovellukseen. T\u00e4ll\u00f6in ty\u00f6j\u00e4rjestys ilmestyy kalenteriisi muiden kalenterien alle ja voit t\u00e4\u00e4lt\u00e4 seurata ty\u00f6j\u00e4rjestyst\u00e4 tietylle ryhm\u00e4lle, toteutukselle tai n\u00e4iden yhdistelmille.<\/p>\n","protected":false},"author":2,"featured_media":0,"parent":0,"menu_order":0,"comment_status":"closed","ping_status":"open","template":"","meta":{"footnotes":""},"class_list":["post-492","page","type-page","status-publish"],"_links":{"self":[{"href":"https:\/\/esamksupport.samk.fi\/ohje\/wp-json\/wp\/v2\/pages\/492","targetHints":{"allow":["GET"]}}],"collection":[{"href":"https:\/\/esamksupport.samk.fi\/ohje\/wp-json\/wp\/v2\/pages"}],"about":[{"href":"https:\/\/esamksupport.samk.fi\/ohje\/wp-json\/wp\/v2\/types\/page"}],"author":[{"embeddable":true,"href":"https:\/\/esamksupport.samk.fi\/ohje\/wp-json\/wp\/v2\/users\/2"}],"replies":[{"embeddable":true,"href":"https:\/\/esamksupport.samk.fi\/ohje\/wp-json\/wp\/v2\/comments?post=492"}],"version-history":[{"count":2,"href":"https:\/\/esamksupport.samk.fi\/ohje\/wp-json\/wp\/v2\/pages\/492\/revisions"}],"predecessor-version":[{"id":2548,"href":"https:\/\/esamksupport.samk.fi\/ohje\/wp-json\/wp\/v2\/pages\/492\/revisions\/2548"}],"wp:attachment":[{"href":"https:\/\/esamksupport.samk.fi\/ohje\/wp-json\/wp\/v2\/media?parent=492"}],"curies":[{"name":"wp","href":"https:\/\/api.w.org\/{rel}","templated":true}]}}

<p>Kun olet luonut itsellesi työjärjestyksen TimeEdit-palvelussa voit tämän joko tallentaa palveluun tai ladata iCal-tiedostomuodossa kalenteriohjelmaa varten, esim. Outlook. Voit myös ladata työjärjestyksen taulukkotiedostona tai PDF-asiakirjana, mutta tällöin näihin ei tietenkään muutokset päivity. Muista asettaa aikaväli sillä oletuksena TimeEdit näyttää vain kuluvan viikon työjärjestyksen!</p>

<p>Siirtääksesi tekemäsi työjärjestyksen (esim. tutoroitavan ryhmäsi) kalenteriisi lataa tämä iCal-muodossa ja avaa tämä tiedosto Outlook-sovellukseen.</p>

<p>Tällöin työjärjestys ilmestyy kalenteriisi muiden kalenterien alle ja voit täältä seurata työjärjestystä tietylle ryhmälle, toteutukselle tai näiden yhdistelmille.</p>

<p>Kun olet luonut itsellesi työjärjestyksen TimeEdit-palvelussa voit tämän joko tallentaa palveluun tai ladata iCal-tiedostomuodossa kalenteriohjelmaa varten, esim. Outlook. Voit myös ladata työjärjestyksen taulukkotiedostona tai PDF-asiakirjana, mutta tällöin näihin ei tietenkään muutokset päivity. Muista asettaa aikaväli sillä oletuksena TimeEdit näyttää vain kuluvan viikon työjärjestyksen! Siirtääksesi tekemäsi työjärjestyksen (esim. tutoroitavan ryhmäsi) kalenteriisi lataa tämä iCal-muodossa ja avaa tämä tiedosto Outlook-sovellukseen. Tällöin työjärjestys ilmestyy kalenteriisi muiden kalenterien alle ja voit täältä seurata työjärjestystä tietylle ryhmälle, toteutukselle tai näiden yhdistelmille.</p>
