{"id":507,"date":"2019-06-19T12:34:51","date_gmt":"2019-06-19T09:34:51","guid":{"rendered":"https:\/\/esamksupport.samk.fi\/ohje\/?page_id=507"},"modified":"2021-08-17T10:05:19","modified_gmt":"2021-08-17T07:05:19","slug":"timeedit-opiskelija-tilavaraukset","status":"publish","type":"page","link":"https:\/\/esamksupport.samk.fi\/ohje\/timeedit-opiskelija-tilavaraukset\/","title":{"rendered":"TimeEdit > Opiskelija > Tilavaraukset"},"content":{"rendered":"\n\n\t<p>Tilavarauksen kautta voit varata Satakunnan ammattikorkeakoulun eri kampuksilla sijaitsevia tiloja esim. ryhm\u00e4t\u00f6iden tekemiseen ja tapaamisiin. Varataksesi tilan sinun pit\u00e4\u00e4 valita ajankohta, tila ja tilavarauksen aihe:<\/p>\n\n<p>Kaikki tilat mit\u00e4 tilavarauksen haun kautta l\u00f6yd\u00e4t ovat opiskelijoiden varattavia tiloja.<\/p>\n\n","protected":false},"excerpt":{"rendered":"<p>Tilavarauksen kautta voit varata Satakunnan ammattikorkeakoulun eri kampuksilla sijaitsevia tiloja esim. ryhm\u00e4t\u00f6iden tekemiseen ja tapaamisiin. Varataksesi tilan sinun pit\u00e4\u00e4 valita ajankohta, tila ja tilavarauksen aihe: Kaikki tilat mit\u00e4 tilavarauksen haun kautta l\u00f6yd\u00e4t ovat opiskelijoiden varattavia tiloja.<\/p>\n","protected":false},"author":2,"featured_media":0,"parent":0,"menu_order":0,"comment_status":"closed","ping_status":"open","template":"","meta":{"footnotes":""},"class_list":["post-507","page","type-page","status-publish"],"_links":{"self":[{"href":"https:\/\/esamksupport.samk.fi\/ohje\/wp-json\/wp\/v2\/pages\/507","targetHints":{"allow":["GET"]}}],"collection":[{"href":"https:\/\/esamksupport.samk.fi\/ohje\/wp-json\/wp\/v2\/pages"}],"about":[{"href":"https:\/\/esamksupport.samk.fi\/ohje\/wp-json\/wp\/v2\/types\/page"}],"author":[{"embeddable":true,"href":"https:\/\/esamksupport.samk.fi\/ohje\/wp-json\/wp\/v2\/users\/2"}],"replies":[{"embeddable":true,"href":"https:\/\/esamksupport.samk.fi\/ohje\/wp-json\/wp\/v2\/comments?post=507"}],"version-history":[{"count":3,"href":"https:\/\/esamksupport.samk.fi\/ohje\/wp-json\/wp\/v2\/pages\/507\/revisions"}],"predecessor-version":[{"id":2541,"href":"https:\/\/esamksupport.samk.fi\/ohje\/wp-json\/wp\/v2\/pages\/507\/revisions\/2541"}],"wp:attachment":[{"href":"https:\/\/esamksupport.samk.fi\/ohje\/wp-json\/wp\/v2\/media?parent=507"}],"curies":[{"name":"wp","href":"https:\/\/api.w.org\/{rel}","templated":true}]}}