{"id":52,"date":"2019-06-19T08:08:27","date_gmt":"2019-06-19T05:08:27","guid":{"rendered":"https:\/\/esamksupport.samk.fi\/ohje\/?page_id=52"},"modified":"2022-11-15T14:48:09","modified_gmt":"2022-11-15T12:48:09","slug":"moodle-opiskelija-huom","status":"publish","type":"page","link":"https:\/\/esamksupport.samk.fi\/ohje\/moodle-opiskelija-huom\/","title":{"rendered":"Moodle &gt; Opiskelija &gt; Huomioitavaa"},"content":{"rendered":"\n<p>Muista Moodlessa ty\u00f6skennelless\u00e4:<\/p>\n\n\n\n<ul class=\"wp-block-list\"><li>Muista v\u00e4litallennukset 5-10 minuutin v\u00e4lein.<\/li><li>Muista ett\u00e4 Moodle katkaisee istunnon ja kirjaa k\u00e4ytt\u00e4j\u00e4n ulos automaattisesti jos on ollut toimettomana 3 tuntia. T\u00e4m\u00e4n takia on hyv\u00e4 muistaa v\u00e4litallennukset. Erityisesti t\u00e4m\u00e4 tulee ottaa huomioon, jos opiskelija tekee esim. esseet\u00e4 tai tentti\u00e4 suoraan Moodleen.\u00a0T\u00e4m\u00e4 p\u00e4tee my\u00f6s kaikkiin muihin kirjallisiin t\u00f6ihin kuten Wikiin tai teht\u00e4viin.<\/li><li>Jos jokin kohta asetuksissa tms. on ep\u00e4selv\u00e4 paina\u00a0<a href=\"https:\/\/moodle.samk.fi\/wp-content\/uploads\/2018\/02\/ohje-ikoni.png\"><\/a>-ikonia, jolloin saat esille ohjeet kyseist\u00e4 kohtaa koskien.<\/li><li>Kun k\u00e4yt\u00e4t Poodll \u00e4\u00e4nitys- ja nauhoitusty\u00f6kalua, muista sallia mikrofonin ja kameran k\u00e4ytt\u00f6pyynt\u00f6 selaimessa. Varmista my\u00f6s, ett\u00e4 tietokoneesi Internet-selain on ajan tasalla. \u00c4l\u00e4 k\u00e4yt\u00e4 \u00e4lypuhelinta tai tablet-tietokonetta.<\/li><li>Moodlen k\u00e4yt\u00f6ss\u00e4 on oltava selaimen ev\u00e4steet p\u00e4\u00e4ll\u00e4. \u00a0Yleens\u00e4 ev\u00e4steet ovat selaimessa automaattisesti p\u00e4\u00e4ll\u00e4, mutta jos eiv\u00e4t ole, saat ne itse p\u00e4\u00e4lle selaimesi asetuksista.<\/li><li>Muista ett\u00e4 viestit (esim. uutiset) voivat l\u00e4hte\u00e4 viiveell\u00e4 s\u00e4hk\u00f6posteihin (my\u00f6s valittaessa &#8221;L\u00e4het\u00e4 heti&#8221;). Viesti l\u00e4htee t\u00e4ll\u00f6in l\u00e4hetett\u00e4v\u00e4ksi heti.<\/li><li><strong>Tiedoston kokoraja Moodlessa on 250MB<\/strong> (250 megatavua). T\u00e4t\u00e4 suurempia liitteit\u00e4 ei voi liitt\u00e4\u00e4 teht\u00e4viin (videot yms.). Katso asiasta enemm\u00e4n <strong>Muuta<\/strong> -sivun osiossa <strong>tiedostopalautukset<\/strong>.<\/li><li>SAMKin Moodleen HAKA-kirjaudutaan <strong>SAMK-tunnuksilla<\/strong>. Jos selaimesi kirjaa sinut automaattisesti sis\u00e4\u00e4n jonkun toisen korkeakoulun tunnuksilla, k\u00e4yt\u00e4 joko Incognito\/yksityisen selauksen tilaa tai toista selainta.<\/li><\/ul>\n\n\n\n<p><\/p>\n","protected":false},"excerpt":{"rendered":"<p>Muista Moodlessa ty\u00f6skennelless\u00e4: Muista v\u00e4litallennukset 5-10 minuutin v\u00e4lein. Muista ett\u00e4 Moodle katkaisee istunnon ja kirjaa k\u00e4ytt\u00e4j\u00e4n ulos automaattisesti jos on ollut toimettomana 3 tuntia. T\u00e4m\u00e4n takia on hyv\u00e4 muistaa v\u00e4litallennukset. Erityisesti t\u00e4m\u00e4 tulee ottaa huomioon, jos opiskelija tekee esim. esseet\u00e4 tai tentti\u00e4 suoraan Moodleen.\u00a0T\u00e4m\u00e4 p\u00e4tee my\u00f6s kaikkiin muihin kirjallisiin t\u00f6ihin kuten Wikiin tai teht\u00e4viin. Jos jokin kohta asetuksissa tms. on ep\u00e4selv\u00e4 paina\u00a0-ikonia, jolloin saat esille ohjeet kyseist\u00e4 kohtaa koskien. Kun k\u00e4yt\u00e4t Poodll \u00e4\u00e4nitys- ja nauhoitusty\u00f6kalua, muista sallia mikrofonin ja kameran k\u00e4ytt\u00f6pyynt\u00f6 selaimessa. Varmista my\u00f6s, ett\u00e4 tietokoneesi Internet-selain on ajan tasalla. \u00c4l\u00e4 k\u00e4yt\u00e4 \u00e4lypuhelinta tai tablet-tietokonetta. Moodlen k\u00e4yt\u00f6ss\u00e4 on oltava selaimen ev\u00e4steet p\u00e4\u00e4ll\u00e4. \u00a0Yleens\u00e4 ev\u00e4steet ovat selaimessa automaattisesti p\u00e4\u00e4ll\u00e4, mutta jos eiv\u00e4t ole, saat ne itse p\u00e4\u00e4lle selaimesi asetuksista. Muista ett\u00e4 viestit (esim. uutiset) voivat l\u00e4hte\u00e4 viiveell\u00e4 s\u00e4hk\u00f6posteihin (my\u00f6s valittaessa &#8221;L\u00e4het\u00e4 heti&#8221;). Viesti l\u00e4htee t\u00e4ll\u00f6in l\u00e4hetett\u00e4v\u00e4ksi heti. Tiedoston kokoraja Moodlessa on 250MB (250 megatavua). T\u00e4t\u00e4 suurempia liitteit\u00e4 ei voi liitt\u00e4\u00e4 teht\u00e4viin&hellip;<\/p>\n<p> <a class=\"more-link\" href=\"https:\/\/esamksupport.samk.fi\/ohje\/moodle-opiskelija-huom\/\">Lue Lis\u00e4\u00e4<\/a><\/p>\n","protected":false},"author":2,"featured_media":0,"parent":0,"menu_order":0,"comment_status":"closed","ping_status":"open","template":"","meta":{"footnotes":""},"class_list":["post-52","page","type-page","status-publish"],"_links":{"self":[{"href":"https:\/\/esamksupport.samk.fi\/ohje\/wp-json\/wp\/v2\/pages\/52","targetHints":{"allow":["GET"]}}],"collection":[{"href":"https:\/\/esamksupport.samk.fi\/ohje\/wp-json\/wp\/v2\/pages"}],"about":[{"href":"https:\/\/esamksupport.samk.fi\/ohje\/wp-json\/wp\/v2\/types\/page"}],"author":[{"embeddable":true,"href":"https:\/\/esamksupport.samk.fi\/ohje\/wp-json\/wp\/v2\/users\/2"}],"replies":[{"embeddable":true,"href":"https:\/\/esamksupport.samk.fi\/ohje\/wp-json\/wp\/v2\/comments?post=52"}],"version-history":[{"count":8,"href":"https:\/\/esamksupport.samk.fi\/ohje\/wp-json\/wp\/v2\/pages\/52\/revisions"}],"predecessor-version":[{"id":3414,"href":"https:\/\/esamksupport.samk.fi\/ohje\/wp-json\/wp\/v2\/pages\/52\/revisions\/3414"}],"wp:attachment":[{"href":"https:\/\/esamksupport.samk.fi\/ohje\/wp-json\/wp\/v2\/media?parent=52"}],"curies":[{"name":"wp","href":"https:\/\/api.w.org\/{rel}","templated":true}]}}