{"id":54,"date":"2019-06-19T08:09:37","date_gmt":"2019-06-19T05:09:37","guid":{"rendered":"https:\/\/esamksupport.samk.fi\/ohje\/?page_id=54"},"modified":"2021-09-06T16:37:19","modified_gmt":"2021-09-06T13:37:19","slug":"moodle-opiskelija-selain","status":"publish","type":"page","link":"https:\/\/esamksupport.samk.fi\/ohje\/esimerkkisivu\/moodle-opiskelija-selain\/","title":{"rendered":"Moodle &gt; Opiskelija &gt; Selaimet"},"content":{"rendered":"\n<p>Suosittelemme k\u00e4ytt\u00e4m\u00e4\u00e4n aina <strong>uusinta selaimen versiota<\/strong>.<\/p>\n\n\n\n<p>Moodle 3.0 toimii seuraavilla selainten versioilla:<\/p>\n\n\n\n<ul class=\"wp-block-list\"><li><strong>Google Chrome 30.0<\/strong> tai uudempi<\/li><li><strong>Mozilla Firefox 25.0<\/strong> tai uudempi<\/li><li><strong>Internet Explorer 9<\/strong>&nbsp; tai uudempi<\/li><li><strong>Microsoft Edge 38<\/strong> tai uudempi<\/li><li><strong>Safari 6<\/strong> tai uudempi<\/li><\/ul>\n\n\n\n<p>Ohjeet selaimen version tarkistamiseen:<\/p>\n\n\n\n<p><a href=\"http:\/\/goo.gl\/HvrzKy\" target=\"_blank\" rel=\"noreferrer noopener\">Internet Explorer<\/a><\/p>\n\n\n\n<p><a href=\"http:\/\/goo.gl\/V2uRU3\" target=\"_blank\" rel=\"noreferrer noopener\">Google Chrome<\/a><\/p>\n\n\n\n<p><a href=\"http:\/\/goo.gl\/Or9D1N\" target=\"_blank\" rel=\"noreferrer noopener\">Mozilla Firefox<\/a><\/p>\n\n\n\n<p> <\/p>\n","protected":false},"excerpt":{"rendered":"<p>Suosittelemme k\u00e4ytt\u00e4m\u00e4\u00e4n aina uusinta selaimen versiota. Moodle 3.0 toimii seuraavilla selainten versioilla: Google Chrome 30.0 tai uudempi Mozilla Firefox 25.0 tai uudempi Internet Explorer 9&nbsp; tai uudempi Microsoft Edge 38 tai uudempi Safari 6 tai uudempi Ohjeet selaimen version tarkistamiseen: Internet Explorer Google Chrome Mozilla Firefox<\/p>\n","protected":false},"author":2,"featured_media":0,"parent":2,"menu_order":0,"comment_status":"closed","ping_status":"open","template":"","meta":{"footnotes":""},"class_list":["post-54","page","type-page","status-publish"],"_links":{"self":[{"href":"https:\/\/esamksupport.samk.fi\/ohje\/wp-json\/wp\/v2\/pages\/54","targetHints":{"allow":["GET"]}}],"collection":[{"href":"https:\/\/esamksupport.samk.fi\/ohje\/wp-json\/wp\/v2\/pages"}],"about":[{"href":"https:\/\/esamksupport.samk.fi\/ohje\/wp-json\/wp\/v2\/types\/page"}],"author":[{"embeddable":true,"href":"https:\/\/esamksupport.samk.fi\/ohje\/wp-json\/wp\/v2\/users\/2"}],"replies":[{"embeddable":true,"href":"https:\/\/esamksupport.samk.fi\/ohje\/wp-json\/wp\/v2\/comments?post=54"}],"version-history":[{"count":3,"href":"https:\/\/esamksupport.samk.fi\/ohje\/wp-json\/wp\/v2\/pages\/54\/revisions"}],"predecessor-version":[{"id":2096,"href":"https:\/\/esamksupport.samk.fi\/ohje\/wp-json\/wp\/v2\/pages\/54\/revisions\/2096"}],"up":[{"embeddable":true,"href":"https:\/\/esamksupport.samk.fi\/ohje\/wp-json\/wp\/v2\/pages\/2"}],"wp:attachment":[{"href":"https:\/\/esamksupport.samk.fi\/ohje\/wp-json\/wp\/v2\/media?parent=54"}],"curies":[{"name":"wp","href":"https:\/\/api.w.org\/{rel}","templated":true}]}}