{"id":91,"date":"2019-06-19T08:27:31","date_gmt":"2019-06-19T05:27:31","guid":{"rendered":"https:\/\/esamksupport.samk.fi\/ohje\/?page_id=91"},"modified":"2021-07-23T10:26:45","modified_gmt":"2021-07-23T07:26:45","slug":"moodle-opiskelija-poodll","status":"publish","type":"page","link":"https:\/\/esamksupport.samk.fi\/ohje\/moodle-opiskelija-poodll\/","title":{"rendered":"Moodle &gt; Opiskelija &gt; PoodLL"},"content":{"rendered":"\n<h3 class=\"wp-block-heading\">POODLL<\/h3>\n\n\n\n<p>Poodll on ty\u00f6kalu \u00e4\u00e4nen ja videon nauhoittamiseksi Moodleen. Poodll toimii parhaiten <strong>Chrome ja Firefox<\/strong>-selaimilla. Joidenkin vanhempien Mac-koneiden kanssa toiminassa voi olla ongelmia. My\u00f6s silloin kannattaa kokeilla toimintaa toisella selaimella.<br><\/p>\n\n\n\n<p id=\"yui_3_17_2_1_1523007719776_226\"><strong>Huom!<\/strong> Kun aloitat nauhoituksen huomaa sallia (Allow) Poodll lis\u00e4osan k\u00e4ytt\u00e4\u00e4 kameraa ja mikrofonia. Huomaa my\u00f6s valita oikea kamera ja mikrofoni alasvetovalikoista. USB-liit\u00e4nn\u00e4iset kuulokemikrofonit (Headset) ovat paras ratkaisu \u00e4\u00e4nen nauhoittamiseksi.<br><\/p>\n\n\n\n<p>Teht\u00e4v\u00e4ss\u00e4 Poodll on sis\u00e4ll\u00e4 normaalissa teht\u00e4v\u00e4n palautuksessa, eli aloitetaan painamalla <strong>Lis\u00e4\u00e4 palautus.&nbsp;<\/strong><\/p>\n\n\n\n<p>Avautuvasta ikkunasta l\u00f6ytyy Poodll &#8211; tallennin<\/p>\n\n\n\n<figure class=\"wp-block-image size-large\"><img loading=\"lazy\" decoding=\"async\" width=\"681\" height=\"574\" src=\"https:\/\/esamksupport.samk.fi\/ohje\/wp-content\/uploads\/sites\/3\/2021\/07\/Poodll-tehtavassa-681x574.jpg\" alt=\"\" class=\"wp-image-2390\" \/><\/figure>\n\n\n\n<p>Tallennus alkaa painamalla \u2019<span class=\"has-inline-color has-vivid-red-color\">Record<\/span>\u2019 \u2013nappulaa. <strong>Huomioitavaa on<\/strong>, ett\u00e4 nauhoituksen aikana tallennuksen pys\u00e4ytys ja uudelleenjatkaminen (Pause\/Continue) eiv\u00e4t ole t\u00e4ll\u00e4 hetkell\u00e4 k\u00e4yt\u00f6ss\u00e4, eli jos painat \u2019Pause\u2019 \u2013nappulaa, et pysty jatkamaan tallennusta.<\/p>\n\n\n\n<p>Pys\u00e4ytetty\u00e4si tallennuksen \u2019<span class=\"has-inline-color has-vivid-red-color\">Stop<\/span>\u2019 \u2013nappulasta, voit \u2019<span class=\"has-inline-color has-vivid-red-color\">Play<\/span>\u2019 \u2013nappulaa painamalla katsoa tekem\u00e4si tallennuksen. Vaihtoehtoisesti voit \u2019<span class=\"has-inline-color has-vivid-red-color\">Record<\/span>\u2019 \u2013nappulasta tehd\u00e4 uuden tallennuksen, joka <strong>korvaa<\/strong> edellisen tallennuksen. Kun olet tyytyv\u00e4inen tallennukseesi, voit ladata tallenteen palvelimelle painamalla \u2019<span class=\"has-inline-color has-vivid-red-color\">Upload<\/span>\u2019 \u2013nappulaa. Kun tallenne on ladattu palvelimelle, ilmestyy ruudulle \u2019<span class=\"has-inline-color has-vivid-red-color\">Uploaded successfully<\/span>\u2019 \u2013teksti.<\/p>\n\n\n\n<p>Paina lopuksi &#8221;Tallenna muutokset&#8221;. Tallennettuasi muutokset p\u00e4\u00e4set tarkastelemaan palautuksen tilaa. Palautuksen kohdalla n\u00e4kyy todenn\u00e4k\u00f6isesti ao. mukainen kuva. T\u00e4m\u00e4 tarkoittaa sit\u00e4, ett\u00e4 Poodll konvertoi tekem\u00e4\u00e4si palautusta. Konvertoinnin kesto riippuu tallenteen pituudesta.<\/p>\n\n\n\n<figure class=\"wp-block-image size-large\"><img loading=\"lazy\" decoding=\"async\" width=\"367\" height=\"276\" src=\"https:\/\/esamksupport.samk.fi\/ohje\/wp-content\/uploads\/sites\/3\/2021\/07\/poodll4-367x276.jpg\" alt=\"\" class=\"wp-image-2391\" title=\"Konvertointi kesken:\" \/><\/figure>\n\n\n\n<p>P\u00e4ivitt\u00e4m\u00e4ll\u00e4 sivua selaimessa pystyt seuraamaan konvertoinnin tilaa. Kun video on valmis, n\u00e4kyy se palautusikkunassa normaalin videon tavoin (kts. alla).\u00a0 Jos haluat viel\u00e4 tehd\u00e4 muutoksia palautukseesi, paina \u2019Muokkaa palautusta\u2019, ja p\u00e4\u00e4set takaisin nauhoitussivulle.<\/p>\n\n\n\n<figure class=\"wp-block-image size-full\"><img loading=\"lazy\" decoding=\"async\" width=\"1024\" height=\"606\" src=\"https:\/\/esamksupport.samk.fi\/ohje\/wp-content\/uploads\/sites\/3\/2021\/07\/Poodll-palautuksen-tila-1024x606-1.jpg\" alt=\"\" class=\"wp-image-2392\" srcset=\"https:\/\/esamksupport.samk.fi\/ohje\/wp-content\/uploads\/sites\/3\/2021\/07\/Poodll-palautuksen-tila-1024x606-1.jpg 1024w, https:\/\/esamksupport.samk.fi\/ohje\/wp-content\/uploads\/sites\/3\/2021\/07\/Poodll-palautuksen-tila-1024x606-1-768x454.jpg 768w\" sizes=\"auto, (max-width: 1024px) 100vw, 1024px\" \/><\/figure>\n\n\n\n<h3 class=\"wp-block-heading\">POODLL KESKUSTELUALUEELLA<\/h3>\n\n\n\n<p><br><strong>Lis\u00e4\u00e4 uusi keskustelu<\/strong> ao. painikkeesta<\/p>\n\n\n\n<p>Avautuvasta ikkunasta:<\/p>\n\n\n\n<p>Kirjoita <strong>viestillesi aihe<\/strong><\/p>\n\n\n\n<p>kirjoita itse <strong>viesti<\/strong><\/p>\n\n\n\n<p>tallenna \u00e4\u00e4ni- tai videotiedosto painamalla editorissa n\u00e4kyv\u00e4\u00e4 <strong>mikrofonin (\u00e4\u00e4ni) tai videokameran kuvaa<\/strong><\/p>\n\n\n\n<figure class=\"wp-block-image size-full\"><img loading=\"lazy\" decoding=\"async\" width=\"1024\" height=\"179\" src=\"https:\/\/esamksupport.samk.fi\/ohje\/wp-content\/uploads\/sites\/3\/2021\/07\/poodll-editori-1024x179-1.png\" alt=\"\" class=\"wp-image-2393\" srcset=\"https:\/\/esamksupport.samk.fi\/ohje\/wp-content\/uploads\/sites\/3\/2021\/07\/poodll-editori-1024x179-1.png 1024w, https:\/\/esamksupport.samk.fi\/ohje\/wp-content\/uploads\/sites\/3\/2021\/07\/poodll-editori-1024x179-1-768x134.png 768w\" sizes=\"auto, (max-width: 1024px) 100vw, 1024px\" \/><\/figure>\n\n\n\n<p>Salli selaimen k\u00e4ytt\u00e4\u00e4 kameraa ja mikrofonia, jos sellaista kysyt\u00e4\u00e4n<\/p>\n\n\n\n<p>T\u00e4ss\u00e4 esimerkiss\u00e4 tallennan videota: painan <strong>Aloita tallennus<\/strong>-painiketta<\/p>\n\n\n\n<figure class=\"wp-block-image size-full\"><img loading=\"lazy\" decoding=\"async\" width=\"1024\" height=\"159\" src=\"https:\/\/esamksupport.samk.fi\/ohje\/wp-content\/uploads\/sites\/3\/2021\/07\/poodll-tallenna-videota-1024x159-1.png\" alt=\"\" class=\"wp-image-2394\" srcset=\"https:\/\/esamksupport.samk.fi\/ohje\/wp-content\/uploads\/sites\/3\/2021\/07\/poodll-tallenna-videota-1024x159-1.png 1024w, https:\/\/esamksupport.samk.fi\/ohje\/wp-content\/uploads\/sites\/3\/2021\/07\/poodll-tallenna-videota-1024x159-1-768x119.png 768w\" sizes=\"auto, (max-width: 1024px) 100vw, 1024px\" \/><\/figure>\n\n\n\n<p>Avautuu ikkuna, jossa tallennus tapahtuu:<\/p>\n\n\n\n<figure class=\"wp-block-image size-full\"><img loading=\"lazy\" decoding=\"async\" width=\"1024\" height=\"649\" src=\"https:\/\/esamksupport.samk.fi\/ohje\/wp-content\/uploads\/sites\/3\/2021\/07\/poodll-tallenna-videota2-1024x649-1.png\" alt=\"\" class=\"wp-image-2395\" srcset=\"https:\/\/esamksupport.samk.fi\/ohje\/wp-content\/uploads\/sites\/3\/2021\/07\/poodll-tallenna-videota2-1024x649-1.png 1024w, https:\/\/esamksupport.samk.fi\/ohje\/wp-content\/uploads\/sites\/3\/2021\/07\/poodll-tallenna-videota2-1024x649-1-768x486.png 768w\" sizes=\"auto, (max-width: 1024px) 100vw, 1024px\" \/><\/figure>\n\n\n\n<p><strong>Lopeta tallennus<\/strong> &nbsp;kun olet saanut videosi nauhoitettua<\/p>\n\n\n\n<p>Lopetettuasi tallennuksen, voit:<\/p>\n\n\n\n<p><strong>katsoa tallennuksesi<\/strong> tai&nbsp;<strong>tallentaa uudestaan<\/strong> ja lopuksi muista: &nbsp;<strong>Liit\u00e4 tallennus<\/strong> &nbsp;(vasta t\u00e4m\u00e4 liitt\u00e4\u00e4 tallennuksesi keskustelualueelle)<\/p>\n\n\n\n<p>Seuraavaksi palaat keskusteluviestiisi, jossa video n\u00e4kyy.&nbsp;&nbsp;Paina <strong>L\u00e4het\u00e4 viesti<\/strong>-painiketta.<\/p>\n","protected":false},"excerpt":{"rendered":"<p>POODLL Poodll on ty\u00f6kalu \u00e4\u00e4nen ja videon nauhoittamiseksi Moodleen. Poodll toimii parhaiten Chrome ja Firefox-selaimilla. Joidenkin vanhempien Mac-koneiden kanssa toiminassa voi olla ongelmia. My\u00f6s silloin kannattaa kokeilla toimintaa toisella selaimella. Huom! Kun aloitat nauhoituksen huomaa sallia (Allow) Poodll lis\u00e4osan k\u00e4ytt\u00e4\u00e4 kameraa ja mikrofonia. Huomaa my\u00f6s valita oikea kamera ja mikrofoni alasvetovalikoista. USB-liit\u00e4nn\u00e4iset kuulokemikrofonit (Headset) ovat paras ratkaisu \u00e4\u00e4nen nauhoittamiseksi. Teht\u00e4v\u00e4ss\u00e4 Poodll on sis\u00e4ll\u00e4 normaalissa teht\u00e4v\u00e4n palautuksessa, eli aloitetaan painamalla Lis\u00e4\u00e4 palautus.&nbsp; Avautuvasta ikkunasta l\u00f6ytyy Poodll &#8211; tallennin Tallennus alkaa painamalla \u2019Record\u2019 \u2013nappulaa. Huomioitavaa on, ett\u00e4 nauhoituksen aikana tallennuksen pys\u00e4ytys ja uudelleenjatkaminen (Pause\/Continue) eiv\u00e4t ole t\u00e4ll\u00e4 hetkell\u00e4 k\u00e4yt\u00f6ss\u00e4, eli jos painat \u2019Pause\u2019 \u2013nappulaa, et pysty jatkamaan tallennusta. Pys\u00e4ytetty\u00e4si tallennuksen \u2019Stop\u2019 \u2013nappulasta, voit \u2019Play\u2019 \u2013nappulaa painamalla katsoa tekem\u00e4si tallennuksen. Vaihtoehtoisesti voit \u2019Record\u2019 \u2013nappulasta tehd\u00e4 uuden tallennuksen, joka korvaa edellisen tallennuksen. Kun olet tyytyv\u00e4inen tallennukseesi, voit ladata tallenteen palvelimelle painamalla \u2019Upload\u2019 \u2013nappulaa. Kun tallenne on ladattu palvelimelle, ilmestyy ruudulle \u2019Uploaded successfully\u2019 \u2013teksti. Paina&hellip;<\/p>\n<p> <a class=\"more-link\" href=\"https:\/\/esamksupport.samk.fi\/ohje\/moodle-opiskelija-poodll\/\">Lue Lis\u00e4\u00e4<\/a><\/p>\n","protected":false},"author":2,"featured_media":0,"parent":0,"menu_order":0,"comment_status":"closed","ping_status":"open","template":"","meta":{"footnotes":""},"class_list":["post-91","page","type-page","status-publish"],"_links":{"self":[{"href":"https:\/\/esamksupport.samk.fi\/ohje\/wp-json\/wp\/v2\/pages\/91","targetHints":{"allow":["GET"]}}],"collection":[{"href":"https:\/\/esamksupport.samk.fi\/ohje\/wp-json\/wp\/v2\/pages"}],"about":[{"href":"https:\/\/esamksupport.samk.fi\/ohje\/wp-json\/wp\/v2\/types\/page"}],"author":[{"embeddable":true,"href":"https:\/\/esamksupport.samk.fi\/ohje\/wp-json\/wp\/v2\/users\/2"}],"replies":[{"embeddable":true,"href":"https:\/\/esamksupport.samk.fi\/ohje\/wp-json\/wp\/v2\/comments?post=91"}],"version-history":[{"count":4,"href":"https:\/\/esamksupport.samk.fi\/ohje\/wp-json\/wp\/v2\/pages\/91\/revisions"}],"predecessor-version":[{"id":2397,"href":"https:\/\/esamksupport.samk.fi\/ohje\/wp-json\/wp\/v2\/pages\/91\/revisions\/2397"}],"wp:attachment":[{"href":"https:\/\/esamksupport.samk.fi\/ohje\/wp-json\/wp\/v2\/media?parent=91"}],"curies":[{"name":"wp","href":"https:\/\/api.w.org\/{rel}","templated":true}]}}