{"id":1949,"date":"2021-01-19T12:08:17","date_gmt":"2021-01-19T10:08:17","guid":{"rendered":"https:\/\/esamksupport.samk.fi\/opiskelija\/?page_id=1949"},"modified":"2024-12-04T14:48:47","modified_gmt":"2024-12-04T12:48:47","slug":"ristiin-opiskelun-opiskelija","status":"publish","type":"page","link":"https:\/\/esamksupport.samk.fi\/opiskelija\/ristiin-opiskelun-opiskelija\/","title":{"rendered":"Ristiinopiskelun opiskelija"},"content":{"rendered":"\n<p>Lis\u00e4tietoja ristiinopiskelusta l\u00f6ytyy alla olevista linkeist\u00e4:<\/p>\n\n\n\n<ul class=\"wp-block-list\">\n<li><a href=\"https:\/\/www.samk.fi\/opiskelijalle\/ristiinopiskelu\/\">https:\/\/www.samk.fi\/opiskelijalle\/ristiinopiskelu\/<\/a><\/li>\n\n\n\n<li><a href=\"https:\/\/www.samk.fi\/opiskelijalle\/ristiinopiskelijat\/\">https:\/\/www.samk.fi\/opiskelijalle\/ristiinopiskelijat\/<\/a><\/li>\n<\/ul>\n\n\n\n<p>Ristiinopiskeluun liittyv\u00e4t kysymykset voi l\u00e4hett\u00e4\u00e4 osoitteeseen <a href=\"mailto:ristiinopiskelu@samk.fi\">ristiinopiskelu@samk.fi<\/a><\/p>\n\n\n\n<h3 class=\"wp-block-heading\">K\u00e4ytt\u00f6oikeus ja SAMK-ID<\/h3>\n\n\n\n<ul class=\"wp-block-list\">\n<li>SAMK-ID:n aktivointiin tarvitset verkkopankkitunnukset, s\u00e4hk\u00f6isen henkil\u00f6kortin TAI mobiilivarmenteen.<\/li>\n\n\n\n<li><a href=\"https:\/\/www.samk.fi\/opiskelijalle\/samk-id\/\" target=\"_blank\" rel=\"noreferrer noopener\">Ohje<\/a>\u00a0SAMK-ID:n aktivointiin<\/li>\n\n\n\n<li>SAMK-ID:t\u00e4 tarvitset kirjautuessasi SAMKin\u00a0verkkoon ja j\u00e4rjestelmiin, esim. Moodleen, Lokiin, Examiin ja\u00a0Tuudoon.<\/li>\n\n\n\n<li>SAMKin\u00a0s\u00e4hk\u00f6postiin (M365-palvelut) k\u00e4ytet\u00e4\u00e4n s\u00e4hk\u00f6postiosoitetta ja SAMK-ID:n salasanaa.<\/li>\n<\/ul>\n\n\n\n<h3 class=\"wp-block-heading\">Opintoneuvonta<\/h3>\n\n\n\n<ul class=\"wp-block-list\">\n<li>Opintojen suorittamiseen ja sis\u00e4lt\u00f6ihin liittyviin kysymyksiin vastaa opintojakson opettaja.<\/li>\n\n\n\n<li>Tukea opinnoissa hy\u00f6dynnett\u00e4viin j\u00e4rjestelmiin saa eSAMKilta,&nbsp;<a href=\"mailto:esamk.support@samk.fi\">esamk.support@samk.fi<\/a>.<\/li>\n\n\n\n<li>Tietoteknisiss\u00e4 ongelmissa auttaa SAMKin IT Support, p. 02 479 2000.<\/li>\n<\/ul>\n","protected":false},"excerpt":{"rendered":"<p>Lis\u00e4tietoja ristiinopiskelusta l\u00f6ytyy alla olevista linkeist\u00e4: Ristiinopiskeluun liittyv\u00e4t kysymykset voi l\u00e4hett\u00e4\u00e4 osoitteeseen ristiinopiskelu@samk.fi K\u00e4ytt\u00f6oikeus ja SAMK-ID Opintoneuvonta<\/p>\n","protected":false},"author":13,"featured_media":0,"parent":0,"menu_order":0,"comment_status":"closed","ping_status":"open","template":"","meta":{"footnotes":""},"class_list":["post-1949","page","type-page","status-publish"],"_links":{"self":[{"href":"https:\/\/esamksupport.samk.fi\/opiskelija\/wp-json\/wp\/v2\/pages\/1949","targetHints":{"allow":["GET"]}}],"collection":[{"href":"https:\/\/esamksupport.samk.fi\/opiskelija\/wp-json\/wp\/v2\/pages"}],"about":[{"href":"https:\/\/esamksupport.samk.fi\/opiskelija\/wp-json\/wp\/v2\/types\/page"}],"author":[{"embeddable":true,"href":"https:\/\/esamksupport.samk.fi\/opiskelija\/wp-json\/wp\/v2\/users\/13"}],"replies":[{"embeddable":true,"href":"https:\/\/esamksupport.samk.fi\/opiskelija\/wp-json\/wp\/v2\/comments?post=1949"}],"version-history":[{"count":11,"href":"https:\/\/esamksupport.samk.fi\/opiskelija\/wp-json\/wp\/v2\/pages\/1949\/revisions"}],"predecessor-version":[{"id":2199,"href":"https:\/\/esamksupport.samk.fi\/opiskelija\/wp-json\/wp\/v2\/pages\/1949\/revisions\/2199"}],"wp:attachment":[{"href":"https:\/\/esamksupport.samk.fi\/opiskelija\/wp-json\/wp\/v2\/media?parent=1949"}],"curies":[{"name":"wp","href":"https:\/\/api.w.org\/{rel}","templated":true}]}}