{"id":1951,"date":"2021-01-19T12:08:48","date_gmt":"2021-01-19T10:08:48","guid":{"rendered":"https:\/\/esamksupport.samk.fi\/opiskelija\/?page_id=1951"},"modified":"2024-12-04T14:51:31","modified_gmt":"2024-12-04T12:51:31","slug":"polkuopiskelija","status":"publish","type":"page","link":"https:\/\/esamksupport.samk.fi\/opiskelija\/polkuopiskelija\/","title":{"rendered":"Polkuopiskelija"},"content":{"rendered":"\n<h3 class=\"wp-block-heading\">Hakeutuminen polkuopintoihin<\/h3>\n\n\n\n<ul class=\"wp-block-list\">\n<li>Polkuopintoihin j\u00e4rjestet\u00e4\u00e4n polkuopintohakuja yleens\u00e4 kaksi kertaa vuodessa kev\u00e4\u00e4n ja syksyn korkeakoulujen yhteishakuvalintojen j\u00e4lkeen.<\/li>\n\n\n\n<li>Polkuopintohaussa mukana olevat tutkinto-ohjelmat julkaistaan <a href=\"https:\/\/www.samk.fi\/hae-opiskelemaan\/avoin-amk\/polkuopinnot\/\" target=\"_blank\" rel=\"noreferrer noopener\">SAMKin avoimen AMKin polkuopinnot -verkkosivulla<\/a>.<\/li>\n\n\n\n<li>Syksyll\u00e4 alkavien polkuopintojen hakukohteet julkaistaan toukokuussa ja tammikuussa alkavien polkuopintojen hakukohteet marraskuussa.<\/li>\n<\/ul>\n\n\n\n<h3 class=\"wp-block-heading\">Opintoneuvonta&nbsp;<\/h3>\n\n\n\n<ul class=\"wp-block-list\">\n<li>Polkuopintoihin liittyv\u00e4\u00e4 neuvontaa ja ohjausta saa SAMKin avoimen ammattikorkeakoulun henkil\u00f6kunnalta. S\u00e4hk\u00f6posti: <a href=\"mailto:avoinamk@samk.fi\">avoinamk@samk.fi<\/a><\/li>\n\n\n\n<li>Polkuopintojen suorittamiseen ja sis\u00e4lt\u00f6ihin liittyviin kysymyksiin vastaa kunkin ryhm\u00e4n opettajatutor.<\/li>\n\n\n\n<li>Tukea opinnoissa hy\u00f6dynnett\u00e4viin j\u00e4rjestelmiin saa eSAMKilta <a href=\"mailto:esamk.support@samk.fi\">esamk.support@samk.fi<\/a>.<\/li>\n\n\n\n<li>Tietoteknisiss\u00e4 ongelmissa auttaa SAMKin IT Support, p. 02 479 2000.<\/li>\n\n\n\n<li><a href=\"https:\/\/www.samk.fi\/hae-opiskelemaan\/avoin-amk\/\">Lis\u00e4tietoa<\/a> avoimen AMKin opiskelusta ja opintoneuvonnasta.<\/li>\n<\/ul>\n\n\n\n<h3 class=\"wp-block-heading\">Opetuksen toteuttaminen&nbsp;<\/h3>\n\n\n\n<ul class=\"wp-block-list\">\n<li><a href=\"https:\/\/samk.opinto-opas.fi\/home\" target=\"_blank\" rel=\"noreferrer noopener\">Opinto-oppaalla<\/a> l\u00f6yd\u00e4t opintojaksojen toteutussuunnitelmat.&nbsp;<\/li>\n<\/ul>\n\n\n\n<h3 class=\"wp-block-heading\">SAMK-ID<\/h3>\n\n\n\n<ul class=\"wp-block-list\">\n<li>SAMK-ID:n aktivointiin tarvitset verkkopankkitunnukset, s\u00e4hk\u00f6isen henkil\u00f6kortin TAI mobiilivarmenteen.<\/li>\n\n\n\n<li><a href=\"https:\/\/www.samk.fi\/opiskelijalle\/samk-id\/\" target=\"_blank\" rel=\"noreferrer noopener\">Ohje<\/a> SAMK-ID:n aktivointiin<\/li>\n\n\n\n<li>SAMK-ID:t\u00e4si tarvitset kirjautuessasi SAMKin&nbsp;verkkoon ja j\u00e4rjestelmiin, esim. Moodleen, Lokiin, Examiin ja&nbsp;Tuudoon.<\/li>\n\n\n\n<li>SAMKin\u00a0s\u00e4hk\u00f6postiin (M365-palvelut) k\u00e4ytet\u00e4\u00e4n s\u00e4hk\u00f6postiosoitetta ja SAMK-ID:n salasanaa.<\/li>\n<\/ul>\n\n\n\n<h3 class=\"wp-block-heading\">Oppimateriaali ja s\u00e4hk\u00f6iset oppimisymp\u00e4rist\u00f6t&nbsp;<\/h3>\n\n\n\n<ul class=\"wp-block-list\">\n<li>Opintojakson <a href=\"https:\/\/samk.opinto-opas.fi\/coursedescriptions\" target=\"_blank\" rel=\"noreferrer noopener\">toteutussuunnitelmassa<\/a> kerrotaan oppimateriaali ja tarvittavat ohjelmistot.&nbsp;<\/li>\n\n\n\n<li><a href=\"https:\/\/moodle.samk.fi\/\" target=\"_blank\" rel=\"noreferrer noopener\">Moodle<\/a>&nbsp;<\/li>\n\n\n\n<li><a href=\"https:\/\/hill.samk.fi\/\" target=\"_blank\" rel=\"noreferrer noopener\">HILL<\/a><\/li>\n\n\n\n<li><a href=\"https:\/\/exam.samk.fi\/\" target=\"_blank\" rel=\"noreferrer noopener\">Exam<\/a><\/li>\n\n\n\n<li><a href=\"https:\/\/loki.samk.fi\" target=\"_blank\" rel=\"noreferrer noopener\">Loki<\/a><\/li>\n\n\n\n<li>Tuudo&nbsp;mobiilisovellus<\/li>\n<\/ul>\n\n\n\n<h3 class=\"wp-block-heading\">Tutkinto-opiskelijaksi siirtyminen<\/h3>\n\n\n\n<ul class=\"wp-block-list\">\n<li>Jatkuvan erillishaun kautta voi hakeutua tutkinto-opintoihin, kun on suoritettuna 45 op AMK-opintoja tai 30 op YAMK-opintoja (+ ty\u00f6kokemus). Suoritetut opinnot voivat olla joko lukuvuoden aikana tehdyt polkuopinnot tai yksitt\u00e4isist\u00e4 avoimen AMKin opintojaksoista ker\u00e4ttyj\u00e4 opintopisteit\u00e4.<\/li>\n\n\n\n<li><a href=\"https:\/\/www.samk.fi\/hae-opiskelemaan\/hakeminen\/erillishaku-aiempien-opintojen-perusteella\/\" target=\"_blank\" rel=\"noreferrer noopener\">Lis\u00e4tiedot<\/a><\/li>\n<\/ul>\n","protected":false},"excerpt":{"rendered":"<p>Hakeutuminen polkuopintoihin Opintoneuvonta&nbsp; Opetuksen toteuttaminen&nbsp; SAMK-ID Oppimateriaali ja s\u00e4hk\u00f6iset oppimisymp\u00e4rist\u00f6t&nbsp; Tutkinto-opiskelijaksi siirtyminen<\/p>\n","protected":false},"author":13,"featured_media":0,"parent":0,"menu_order":0,"comment_status":"closed","ping_status":"open","template":"","meta":{"footnotes":""},"class_list":["post-1951","page","type-page","status-publish"],"_links":{"self":[{"href":"https:\/\/esamksupport.samk.fi\/opiskelija\/wp-json\/wp\/v2\/pages\/1951","targetHints":{"allow":["GET"]}}],"collection":[{"href":"https:\/\/esamksupport.samk.fi\/opiskelija\/wp-json\/wp\/v2\/pages"}],"about":[{"href":"https:\/\/esamksupport.samk.fi\/opiskelija\/wp-json\/wp\/v2\/types\/page"}],"author":[{"embeddable":true,"href":"https:\/\/esamksupport.samk.fi\/opiskelija\/wp-json\/wp\/v2\/users\/13"}],"replies":[{"embeddable":true,"href":"https:\/\/esamksupport.samk.fi\/opiskelija\/wp-json\/wp\/v2\/comments?post=1951"}],"version-history":[{"count":12,"href":"https:\/\/esamksupport.samk.fi\/opiskelija\/wp-json\/wp\/v2\/pages\/1951\/revisions"}],"predecessor-version":[{"id":2201,"href":"https:\/\/esamksupport.samk.fi\/opiskelija\/wp-json\/wp\/v2\/pages\/1951\/revisions\/2201"}],"wp:attachment":[{"href":"https:\/\/esamksupport.samk.fi\/opiskelija\/wp-json\/wp\/v2\/media?parent=1951"}],"curies":[{"name":"wp","href":"https:\/\/api.w.org\/{rel}","templated":true}]}}